{"id":18214,"date":"2025-06-20T19:28:42","date_gmt":"2025-06-20T23:28:42","guid":{"rendered":"https:\/\/www.multicasa.com.br\/inicio\/?post_type=product&#038;p=18214"},"modified":"2025-06-20T19:29:11","modified_gmt":"2025-06-20T23:29:11","slug":"mangueira-para-gas-120m-plasbohn","status":"publish","type":"product","link":"https:\/\/www.multicasa.com.br\/inicio\/produto\/mangueira-para-gas-120m-plasbohn\/","title":{"rendered":"Mangueira para G\u00e1s 1,20m Plasbohn"},"content":{"rendered":"<p>A Mangueira para G\u00e1s Plasbohn \u00e9 produzida em PVC flex\u00edvel e duas camadas de malha de poli\u00e9ster com 1,2 metros de comprimento, sendo indicada para uso dom\u00e9stico em g\u00e1s, promovendo seguran\u00e7a e qualidade. Desenvolvida seguindo as especifica\u00e7\u00f5es e padr\u00f5es estabelecidos.<\/p>\n","protected":false},"excerpt":{"rendered":"<h4 style=\"margin: 0px;padding: 0px 0px 16px;font-family: Lato, sans-serif;font-weight: bold;line-height: 3rem;color: var(--dark-grey3);font-size: 22px;font-style: normal;letter-spacing: normal;text-align: start;text-indent: 0px;text-transform: none\">Informa\u00e7\u00f5es t\u00e9cnicas<\/h4>\n<p><span style=\"margin: 0px;padding: 0px;font-weight: 450;font-size: 14px;line-height: 21px;color: var(--dark-grey2);font-family: Lato, sans-serif;font-style: normal;letter-spacing: normal;text-align: start;text-indent: 0px;text-transform: none\">Produto: Mangueira para G\u00e1s<br \/>\nMarca: Plasbohn<br \/>\nMaterial: Borracha<br \/>\nPVC<br \/>\nDuas camadas de malha de poli\u00e9ster<br \/>\nCor: Amarelo e incolor<br \/>\nCaracter\u00edsticas: Transparente<br \/>\nFlex\u00edvel<br \/>\nItens inclusos: 1 mangueira para G\u00e1s<br \/>\nDimens\u00f5es do produto (C): 1,20m<br \/>\n<\/span><\/p>\n","protected":false},"featured_media":18259,"template":"","meta":{"_joinchat":[]},"product_brand":[],"product_cat":[94],"product_tag":[],"class_list":{"0":"post-18214","1":"product","2":"type-product","3":"status-publish","4":"has-post-thumbnail","6":"product_cat-gas","8":"first","9":"outofstock","10":"shipping-taxable","11":"product-type-simple"},"_links":{"self":[{"href":"https:\/\/www.multicasa.com.br\/inicio\/wp-json\/wp\/v2\/product\/18214","targetHints":{"allow":["GET"]}}],"collection":[{"href":"https:\/\/www.multicasa.com.br\/inicio\/wp-json\/wp\/v2\/product"}],"about":[{"href":"https:\/\/www.multicasa.com.br\/inicio\/wp-json\/wp\/v2\/types\/product"}],"wp:featuredmedia":[{"embeddable":true,"href":"https:\/\/www.multicasa.com.br\/inicio\/wp-json\/wp\/v2\/media\/18259"}],"wp:attachment":[{"href":"https:\/\/www.multicasa.com.br\/inicio\/wp-json\/wp\/v2\/media?parent=18214"}],"wp:term":[{"taxonomy":"product_brand","embeddable":true,"href":"https:\/\/www.multicasa.com.br\/inicio\/wp-json\/wp\/v2\/product_brand?post=18214"},{"taxonomy":"product_cat","embeddable":true,"href":"https:\/\/www.multicasa.com.br\/inicio\/wp-json\/wp\/v2\/product_cat?post=18214"},{"taxonomy":"product_tag","embeddable":true,"href":"https:\/\/www.multicasa.com.br\/inicio\/wp-json\/wp\/v2\/product_tag?post=18214"}],"curies":[{"name":"wp","href":"https:\/\/api.w.org\/{rel}","templated":true}]}}