{"id":18222,"date":"2025-06-20T19:28:43","date_gmt":"2025-06-20T23:28:43","guid":{"rendered":"https:\/\/www.multicasa.com.br\/inicio\/?post_type=product&#038;p=18222"},"modified":"2025-06-20T19:29:28","modified_gmt":"2025-06-20T23:29:28","slug":"torno-giratorio-mtx-70mm","status":"publish","type":"product","link":"https:\/\/www.multicasa.com.br\/inicio\/produto\/torno-giratorio-mtx-70mm\/","title":{"rendered":"Torno Girat\u00f3rio MTX 70mm"},"content":{"rendered":"<p>O Torno Girat\u00f3rio de bancada da MTX 70mm \u00e9 multifuncional, possui bra\u00e7adeira da broca mut\u00e1vel tipo girat\u00f3ria, com mecanismo girat\u00f3rio que permite girar e fixar conforme desejar. \u00c9 indicado para o uso em ferramentarias, oficinas, serralherias, etc. \u00c9 ideal para segurar pe\u00e7as e equipamentos em geral na constru\u00e7\u00e3o civil e tamb\u00e9m na montagem e desmontagem de componentes. Na parte superior tem uma base que pode mudar o \u00e2ngulo entre 0 e 360 graus e a parte do mordente tem borracha macia para que n\u00e3o danifique as pe\u00e7as mais fr\u00e1geis.<\/p>\n","protected":false},"excerpt":{"rendered":"<h4 style=\"margin: 0px;padding: 0px 0px 16px;font-family: Lato, sans-serif;font-weight: bold;line-height: 3rem;color: var(--dark-grey3);font-size: 22px;font-style: normal;letter-spacing: normal;text-align: start;text-indent: 0px;text-transform: none\">Informa\u00e7\u00f5es t\u00e9cnicas<\/h4>\n<p><span style=\"margin: 0px;padding: 0px;font-weight: 450;font-size: 14px;line-height: 21px;color: var(--dark-grey2);font-family: Lato, sans-serif;font-style: normal;letter-spacing: normal;text-align: start;text-indent: 0px;text-transform: none\">Produto: Torno girat\u00f3rio<br \/>\nMarca: MTX<br \/>\nMaterial: A\u00e7o forjado<br \/>\nCaracter\u00edsticas: grampo de montagem, cabe\u00e7a girat\u00f3ria de 360\u00b0                                                                                           Dimens\u00f5es do produto (A x L x C): 8 x 13 x 24cm                                                                                                                Peso: 0,991kg<\/span><\/p>\n","protected":false},"featured_media":18270,"template":"","meta":{"_joinchat":[]},"product_brand":[],"product_cat":[137],"product_tag":[],"class_list":{"0":"post-18222","1":"product","2":"type-product","3":"status-publish","4":"has-post-thumbnail","6":"product_cat-ferramentas-manuais","8":"first","9":"outofstock","10":"shipping-taxable","11":"product-type-simple"},"_links":{"self":[{"href":"https:\/\/www.multicasa.com.br\/inicio\/wp-json\/wp\/v2\/product\/18222","targetHints":{"allow":["GET"]}}],"collection":[{"href":"https:\/\/www.multicasa.com.br\/inicio\/wp-json\/wp\/v2\/product"}],"about":[{"href":"https:\/\/www.multicasa.com.br\/inicio\/wp-json\/wp\/v2\/types\/product"}],"wp:featuredmedia":[{"embeddable":true,"href":"https:\/\/www.multicasa.com.br\/inicio\/wp-json\/wp\/v2\/media\/18270"}],"wp:attachment":[{"href":"https:\/\/www.multicasa.com.br\/inicio\/wp-json\/wp\/v2\/media?parent=18222"}],"wp:term":[{"taxonomy":"product_brand","embeddable":true,"href":"https:\/\/www.multicasa.com.br\/inicio\/wp-json\/wp\/v2\/product_brand?post=18222"},{"taxonomy":"product_cat","embeddable":true,"href":"https:\/\/www.multicasa.com.br\/inicio\/wp-json\/wp\/v2\/product_cat?post=18222"},{"taxonomy":"product_tag","embeddable":true,"href":"https:\/\/www.multicasa.com.br\/inicio\/wp-json\/wp\/v2\/product_tag?post=18222"}],"curies":[{"name":"wp","href":"https:\/\/api.w.org\/{rel}","templated":true}]}}