{"id":18253,"date":"2025-06-20T19:29:06","date_gmt":"2025-06-20T23:29:06","guid":{"rendered":"https:\/\/www.multicasa.com.br\/inicio\/?post_type=product&#038;p=18253"},"modified":"2026-01-05T15:50:38","modified_gmt":"2026-01-05T19:50:38","slug":"fixador-de-objetos-silicone-b2smile","status":"publish","type":"product","link":"https:\/\/www.multicasa.com.br\/inicio\/produto\/fixador-de-objetos-silicone-b2smile\/","title":{"rendered":"Fixador de Objetos Silicone B2Smile"},"content":{"rendered":"<p>O Fixador de Objetos B2Smile \u00e9 um poderoso gel aderente onde \u00e9 poss\u00edvel fix\u00e1-lo em qualquer superf\u00edcie lisa, servindo de suporte para qualquer objeto de at\u00e9 500g. Confeccionado em silicone\/gel, a almofada antiderrapante \u00e9 transparente, pr\u00e1tica e vers\u00e1til para usar onde quiser, pendurando suas chaves, celular e o que mais precisar!<br \/>\nCaso o mesmo acumule muita poeira, lave-o com \u00e1gua e j\u00e1 \u00e9 o suficiente para o tornar novinho em folha de novo.<\/p>\n","protected":false},"excerpt":{"rendered":"<h4 style=\"margin: 0px;padding: 0px 0px 16px;font-family: Lato, sans-serif;font-weight: bold;line-height: 3rem;color: var(--dark-grey3);font-size: 22px;font-style: normal;letter-spacing: normal;text-align: start;text-indent: 0px;text-transform: none\">Informa\u00e7\u00f5es t\u00e9cnicas<\/h4>\n<p><span style=\"margin: 0px;padding: 0px;font-weight: 450;font-size: 14px;line-height: 21px;color: var(--dark-grey2);font-family: Lato, sans-serif;font-style: normal;letter-spacing: normal;text-align: start;text-indent: 0px;text-transform: none\">Produto: Fixador de Objetos<br \/>\nMarca: B2 Smile<br \/>\nMaterial: Silicone<br \/>\nGel<br \/>\nCaracter\u00edsticas: Transparente<br \/>\nAlmofada antiderrapante<br \/>\nSuporta at\u00e9 500g<br \/>\nItens Inclusos: 1 Fixador de Objetos<br \/>\nDimens\u00f5es do produto (A X L X P): 9 x 8 x 6cm<br \/>\n<\/span><\/p>\n","protected":false},"featured_media":18324,"template":"","meta":{"_joinchat":[]},"product_brand":[],"product_cat":[96],"product_tag":[],"class_list":{"0":"post-18253","1":"product","2":"type-product","3":"status-publish","4":"has-post-thumbnail","6":"product_cat-limpeza-e-cia","8":"first","9":"outofstock","10":"shipping-taxable","11":"purchasable","12":"product-type-simple"},"_links":{"self":[{"href":"https:\/\/www.multicasa.com.br\/inicio\/wp-json\/wp\/v2\/product\/18253","targetHints":{"allow":["GET"]}}],"collection":[{"href":"https:\/\/www.multicasa.com.br\/inicio\/wp-json\/wp\/v2\/product"}],"about":[{"href":"https:\/\/www.multicasa.com.br\/inicio\/wp-json\/wp\/v2\/types\/product"}],"wp:featuredmedia":[{"embeddable":true,"href":"https:\/\/www.multicasa.com.br\/inicio\/wp-json\/wp\/v2\/media\/18324"}],"wp:attachment":[{"href":"https:\/\/www.multicasa.com.br\/inicio\/wp-json\/wp\/v2\/media?parent=18253"}],"wp:term":[{"taxonomy":"product_brand","embeddable":true,"href":"https:\/\/www.multicasa.com.br\/inicio\/wp-json\/wp\/v2\/product_brand?post=18253"},{"taxonomy":"product_cat","embeddable":true,"href":"https:\/\/www.multicasa.com.br\/inicio\/wp-json\/wp\/v2\/product_cat?post=18253"},{"taxonomy":"product_tag","embeddable":true,"href":"https:\/\/www.multicasa.com.br\/inicio\/wp-json\/wp\/v2\/product_tag?post=18253"}],"curies":[{"name":"wp","href":"https:\/\/api.w.org\/{rel}","templated":true}]}}