{"id":18281,"date":"2025-06-20T19:29:30","date_gmt":"2025-06-20T23:29:30","guid":{"rendered":"https:\/\/www.multicasa.com.br\/inicio\/?post_type=product&#038;p=18281"},"modified":"2025-11-24T13:14:26","modified_gmt":"2025-11-24T17:14:26","slug":"cabide-de-plastico-para-roupa-dasplast-leve-6-pague-5","status":"publish","type":"product","link":"https:\/\/www.multicasa.com.br\/inicio\/produto\/cabide-de-plastico-para-roupa-dasplast-leve-6-pague-5\/","title":{"rendered":"Cabide de Pl\u00e1stico para Roupa Das&#8217;Plast Leve 6 Pague 5"},"content":{"rendered":"<p>Use o Cabide de Pl\u00e1stico para Roupas Das&#8217;Plast e organize roupas em geral. S\u00e3o 6 unidades feitas em pl\u00e1stico resistente para manter a ordem e praticidade do seu arm\u00e1rio. S\u00e3o 6 unidades que disp\u00f5em de engates internos para que pe\u00e7as de al\u00e7a, vestidos, e roupas mais leves n\u00e3o escorreguem e amassem. O cabide de roupas em geral mede 39, 5 x 18, 5 x 0,7 cm e, nesta embalagem promocional, leve 6 pague 5.<\/p>\n","protected":false},"excerpt":{"rendered":"<h4 style=\"margin: 0px;padding: 0px 0px 16px;font-family: Lato, sans-serif;font-weight: bold;line-height: 3rem;color: var(--dark-grey3);font-size: 22px;font-style: normal;letter-spacing: normal;text-align: start;text-indent: 0px;text-transform: none\">Informa\u00e7\u00f5es t\u00e9cnicas<\/h4>\n<p><span style=\"margin: 0px;padding: 0px;font-weight: 450;font-size: 14px;line-height: 21px;color: var(--dark-grey2);font-family: Lato, sans-serif;font-style: normal;letter-spacing: normal;text-align: start;text-indent: 0px;text-transform: none\">Produto: Cabide para Roupas<br \/>\nMarca: Das&#8217;plast<br \/>\nMaterial: Pl\u00e1stico<br \/>\nCor: sortidos<br \/>\nItens Inclusos: 5 Cabides para roupas<br \/>\nDimens\u00f5es do produto (A x L x P): 40,8 x 19 x 8 cm<\/span><\/p>\n","protected":false},"featured_media":18371,"template":"","meta":{"_joinchat":[]},"product_brand":[],"product_cat":[95],"product_tag":[],"class_list":{"0":"post-18281","1":"product","2":"type-product","3":"status-publish","4":"has-post-thumbnail","6":"product_cat-lavanderia","8":"first","9":"instock","10":"shipping-taxable","11":"purchasable","12":"product-type-simple"},"_links":{"self":[{"href":"https:\/\/www.multicasa.com.br\/inicio\/wp-json\/wp\/v2\/product\/18281","targetHints":{"allow":["GET"]}}],"collection":[{"href":"https:\/\/www.multicasa.com.br\/inicio\/wp-json\/wp\/v2\/product"}],"about":[{"href":"https:\/\/www.multicasa.com.br\/inicio\/wp-json\/wp\/v2\/types\/product"}],"wp:featuredmedia":[{"embeddable":true,"href":"https:\/\/www.multicasa.com.br\/inicio\/wp-json\/wp\/v2\/media\/18371"}],"wp:attachment":[{"href":"https:\/\/www.multicasa.com.br\/inicio\/wp-json\/wp\/v2\/media?parent=18281"}],"wp:term":[{"taxonomy":"product_brand","embeddable":true,"href":"https:\/\/www.multicasa.com.br\/inicio\/wp-json\/wp\/v2\/product_brand?post=18281"},{"taxonomy":"product_cat","embeddable":true,"href":"https:\/\/www.multicasa.com.br\/inicio\/wp-json\/wp\/v2\/product_cat?post=18281"},{"taxonomy":"product_tag","embeddable":true,"href":"https:\/\/www.multicasa.com.br\/inicio\/wp-json\/wp\/v2\/product_tag?post=18281"}],"curies":[{"name":"wp","href":"https:\/\/api.w.org\/{rel}","templated":true}]}}