{"id":18307,"date":"2025-06-20T19:29:55","date_gmt":"2025-06-20T23:29:55","guid":{"rendered":"https:\/\/www.multicasa.com.br\/inicio\/?post_type=product&#038;p=18307"},"modified":"2025-06-20T19:31:11","modified_gmt":"2025-06-20T23:31:11","slug":"bicarbonato-de-sodio-tio-bonato-500g","status":"publish","type":"product","link":"https:\/\/www.multicasa.com.br\/inicio\/produto\/bicarbonato-de-sodio-tio-bonato-500g\/","title":{"rendered":"Bicarbonato de S\u00f3dio Tio Bonato 500g"},"content":{"rendered":"<p>O Bicarbonato de S\u00f3dio do Tio Bonato \u00e9 um produto vers\u00e1til, desenvolvido para qualquer utilidade. Sua granulometria permite uma excelente qualidade para o uso. Um produto biodegrad\u00e1vel, se decomp\u00f5e com facilidade n\u00e3o poluindo o meio ambiente.<\/p>\n","protected":false},"excerpt":{"rendered":"<h4 style=\"margin: 0px;padding: 0px 0px 16px;font-family: Lato, sans-serif;font-weight: bold;line-height: 3rem;color: var(--dark-grey3);font-size: 22px;font-style: normal;letter-spacing: normal;text-align: start;text-indent: 0px;text-transform: none\">Informa\u00e7\u00f5es t\u00e9cnicas<\/h4>\n<p><span style=\"margin: 0px;padding: 0px;font-weight: 450;font-size: 14px;line-height: 21px;color: var(--dark-grey2);font-family: Lato, sans-serif;font-style: normal;letter-spacing: normal;text-align: start;text-indent: 0px;text-transform: none\">Produto: Bicarbonato de S\u00f3dio                                                                                                                                            Tipo: Multiuso<br \/>\nMarca: Tio Bonato                                                                                                                                                             Caracter\u00edsticas : Hipoalerg\u00eanico e testado dermatologicamente                                                                                             Itens Inclusos: 1 bicarbonato de s\u00f3dio                                                                                                                                Peso: 500g<\/span><\/p>\n","protected":false},"featured_media":18383,"template":"","meta":{"_joinchat":[]},"product_brand":[],"product_cat":[96],"product_tag":[],"class_list":{"0":"post-18307","1":"product","2":"type-product","3":"status-publish","4":"has-post-thumbnail","6":"product_cat-limpeza-e-cia","8":"first","9":"outofstock","10":"shipping-taxable","11":"product-type-simple"},"_links":{"self":[{"href":"https:\/\/www.multicasa.com.br\/inicio\/wp-json\/wp\/v2\/product\/18307","targetHints":{"allow":["GET"]}}],"collection":[{"href":"https:\/\/www.multicasa.com.br\/inicio\/wp-json\/wp\/v2\/product"}],"about":[{"href":"https:\/\/www.multicasa.com.br\/inicio\/wp-json\/wp\/v2\/types\/product"}],"wp:featuredmedia":[{"embeddable":true,"href":"https:\/\/www.multicasa.com.br\/inicio\/wp-json\/wp\/v2\/media\/18383"}],"wp:attachment":[{"href":"https:\/\/www.multicasa.com.br\/inicio\/wp-json\/wp\/v2\/media?parent=18307"}],"wp:term":[{"taxonomy":"product_brand","embeddable":true,"href":"https:\/\/www.multicasa.com.br\/inicio\/wp-json\/wp\/v2\/product_brand?post=18307"},{"taxonomy":"product_cat","embeddable":true,"href":"https:\/\/www.multicasa.com.br\/inicio\/wp-json\/wp\/v2\/product_cat?post=18307"},{"taxonomy":"product_tag","embeddable":true,"href":"https:\/\/www.multicasa.com.br\/inicio\/wp-json\/wp\/v2\/product_tag?post=18307"}],"curies":[{"name":"wp","href":"https:\/\/api.w.org\/{rel}","templated":true}]}}