{"id":18310,"date":"2025-06-20T19:29:55","date_gmt":"2025-06-20T23:29:55","guid":{"rendered":"https:\/\/www.multicasa.com.br\/inicio\/?post_type=product&#038;p=18310"},"modified":"2025-08-17T19:04:46","modified_gmt":"2025-08-17T23:04:46","slug":"pincel-para-quadro-branco-preto-kaz","status":"publish","type":"product","link":"https:\/\/www.multicasa.com.br\/inicio\/produto\/pincel-para-quadro-branco-preto-kaz\/","title":{"rendered":"Pincel para Quadro Branco Preto Kaz"},"content":{"rendered":"<p>O Pincel Marcador para Quadro Branco da Kaz vem na cor preto, com ponta sint\u00e9tica e redonda de 4,0mm e sua secagem \u00e9 r\u00e1pida. Seu corpo \u00e9 feito em resina termopl\u00e1stica. Produto at\u00f3xico.<\/p>\n","protected":false},"excerpt":{"rendered":"<h4 style=\"margin: 0px;padding: 0px 0px 16px;font-family: Lato, sans-serif;font-weight: bold;line-height: 3rem;color: var(--dark-grey3);font-size: 22px;font-style: normal;letter-spacing: normal;text-align: start;text-indent: 0px;text-transform: none\">Informa\u00e7\u00f5es t\u00e9cnicas<\/h4>\n<p><span style=\"margin: 0px;padding: 0px;font-weight: 450;font-size: 14px;line-height: 21px;color: var(--dark-grey2);font-family: Lato, sans-serif;font-style: normal;letter-spacing: normal;text-align: start;text-indent: 0px;text-transform: none\">Produto: Marcador para Quadro Branco<br \/>\nMarca: Kaz<br \/>\nMaterial: Corpo em resina termopl\u00e1stica, tinta \u00e0 base de \u00e1lcool, solventes e corantes org\u00e2nicos, ponta sint\u00e9tica<br \/>\nCor: Preto<br \/>\nCaracter\u00edsticas: Ponta redonda de 4mm, secagem r\u00e1pida, at\u00f3xico                                                                                    Cuidados: Armazenar em lugar seco e sem umidade<br \/>\nItens Inclusos: 1 marcador para quadro branco<br \/>\nDimens\u00f5es do produto (A x L x P): 13,2 x 1,7 x 2 cm<\/span><\/p>\n","protected":false},"featured_media":18396,"template":"","meta":{"_joinchat":[]},"product_brand":[],"product_cat":[97],"product_tag":[],"class_list":{"0":"post-18310","1":"product","2":"type-product","3":"status-publish","4":"has-post-thumbnail","6":"product_cat-papelaria","8":"first","9":"outofstock","10":"shipping-taxable","11":"purchasable","12":"product-type-simple"},"_links":{"self":[{"href":"https:\/\/www.multicasa.com.br\/inicio\/wp-json\/wp\/v2\/product\/18310","targetHints":{"allow":["GET"]}}],"collection":[{"href":"https:\/\/www.multicasa.com.br\/inicio\/wp-json\/wp\/v2\/product"}],"about":[{"href":"https:\/\/www.multicasa.com.br\/inicio\/wp-json\/wp\/v2\/types\/product"}],"wp:featuredmedia":[{"embeddable":true,"href":"https:\/\/www.multicasa.com.br\/inicio\/wp-json\/wp\/v2\/media\/18396"}],"wp:attachment":[{"href":"https:\/\/www.multicasa.com.br\/inicio\/wp-json\/wp\/v2\/media?parent=18310"}],"wp:term":[{"taxonomy":"product_brand","embeddable":true,"href":"https:\/\/www.multicasa.com.br\/inicio\/wp-json\/wp\/v2\/product_brand?post=18310"},{"taxonomy":"product_cat","embeddable":true,"href":"https:\/\/www.multicasa.com.br\/inicio\/wp-json\/wp\/v2\/product_cat?post=18310"},{"taxonomy":"product_tag","embeddable":true,"href":"https:\/\/www.multicasa.com.br\/inicio\/wp-json\/wp\/v2\/product_tag?post=18310"}],"curies":[{"name":"wp","href":"https:\/\/api.w.org\/{rel}","templated":true}]}}