{"id":18338,"date":"2025-06-20T19:30:25","date_gmt":"2025-06-20T23:30:25","guid":{"rendered":"https:\/\/www.multicasa.com.br\/inicio\/?post_type=product&#038;p=18338"},"modified":"2025-06-20T19:31:30","modified_gmt":"2025-06-20T23:31:30","slug":"lysoform-aerosol-spray-original-55ml","status":"publish","type":"product","link":"https:\/\/www.multicasa.com.br\/inicio\/produto\/lysoform-aerosol-spray-original-55ml\/","title":{"rendered":"Lysoform Aerosol Spray Original 55ml"},"content":{"rendered":"<p>O Lysoform Aerosol Spray com frag\u00e2ncia Original de 55ml, \u00e9 um produto vers\u00e1til que mata 99,9% dos v\u00edrus, bact\u00e9rias e fungos. Combate odores desagrad\u00e1veis de v\u00e1rias superf\u00edcies, para que voc\u00ea possa aproveitar todos os momentos.<\/p>\n","protected":false},"excerpt":{"rendered":"<h4 style=\"margin: 0px;padding: 0px 0px 16px;font-family: Lato, sans-serif;font-weight: bold;line-height: 3rem;color: var(--dark-grey3);font-size: 22px;font-style: normal;letter-spacing: normal;text-align: start;text-indent: 0px;text-transform: none\">Informa\u00e7\u00f5es t\u00e9cnicas<\/h4>\n<p><span style=\"margin: 0px;padding: 0px;font-weight: 450;font-size: 14px;line-height: 21px;color: var(--dark-grey2);font-family: Lato, sans-serif;font-style: normal;letter-spacing: normal;text-align: start;text-indent: 0px;text-transform: none\">Produto: Desinfetante para superf\u00edcies<br \/>\nMarca: Lysoform<br \/>\nConte\u00fado: 55ml<br \/>\nCaracter\u00edsticas: Fragr\u00e2ncia Original; Mata 99,9% dos germes e bact\u00e9rias; Spray.<br \/>\nItens Inclusos: 1 desinfetante spray<br \/>\nDimens\u00f5es do produto (A x L): 10,8 x 3,5 x 3,5cm<br \/>\nPeso: 63g<\/span><\/p>\n","protected":false},"featured_media":18406,"template":"","meta":{"_joinchat":[]},"product_brand":[],"product_cat":[96],"product_tag":[],"class_list":{"0":"post-18338","1":"product","2":"type-product","3":"status-publish","4":"has-post-thumbnail","6":"product_cat-limpeza-e-cia","8":"first","9":"outofstock","10":"shipping-taxable","11":"product-type-simple"},"_links":{"self":[{"href":"https:\/\/www.multicasa.com.br\/inicio\/wp-json\/wp\/v2\/product\/18338","targetHints":{"allow":["GET"]}}],"collection":[{"href":"https:\/\/www.multicasa.com.br\/inicio\/wp-json\/wp\/v2\/product"}],"about":[{"href":"https:\/\/www.multicasa.com.br\/inicio\/wp-json\/wp\/v2\/types\/product"}],"wp:featuredmedia":[{"embeddable":true,"href":"https:\/\/www.multicasa.com.br\/inicio\/wp-json\/wp\/v2\/media\/18406"}],"wp:attachment":[{"href":"https:\/\/www.multicasa.com.br\/inicio\/wp-json\/wp\/v2\/media?parent=18338"}],"wp:term":[{"taxonomy":"product_brand","embeddable":true,"href":"https:\/\/www.multicasa.com.br\/inicio\/wp-json\/wp\/v2\/product_brand?post=18338"},{"taxonomy":"product_cat","embeddable":true,"href":"https:\/\/www.multicasa.com.br\/inicio\/wp-json\/wp\/v2\/product_cat?post=18338"},{"taxonomy":"product_tag","embeddable":true,"href":"https:\/\/www.multicasa.com.br\/inicio\/wp-json\/wp\/v2\/product_tag?post=18338"}],"curies":[{"name":"wp","href":"https:\/\/api.w.org\/{rel}","templated":true}]}}