{"id":18389,"date":"2025-06-20T19:31:13","date_gmt":"2025-06-20T23:31:13","guid":{"rendered":"https:\/\/www.multicasa.com.br\/inicio\/?post_type=product&#038;p=18389"},"modified":"2025-06-20T19:32:00","modified_gmt":"2025-06-20T23:32:00","slug":"adaptador-de-tomada-redondo-para-chato-2p-daneva-10a","status":"publish","type":"product","link":"https:\/\/www.multicasa.com.br\/inicio\/produto\/adaptador-de-tomada-redondo-para-chato-2p-daneva-10a\/","title":{"rendered":"Adaptador de Tomada Redondo para Chato 2P Daneva 10A"},"content":{"rendered":"<p>Use o adaptador de tomada Daneva que transforma plugues redondos em chatos e conecte dispositivos e aparelhos sem dificuldades. O plug adaptador \u00e9 feito de pl\u00e1stico, tem seus terminais em lat\u00e3o e amperagem de 10a.<\/p>\n","protected":false},"excerpt":{"rendered":"<h4 style=\"margin: 0px;padding: 0px 0px 16px;font-family: Lato, sans-serif;font-weight: bold;line-height: 3rem;color: var(--dark-grey3);font-size: 22px;font-style: normal;letter-spacing: normal;text-align: start;text-indent: 0px;text-transform: none\">Informa\u00e7\u00f5es t\u00e9cnicas<\/h4>\n<p><span style=\"margin: 0px;padding: 0px;font-weight: 450;font-size: 14px;line-height: 21px;color: var(--dark-grey2);font-family: Lato, sans-serif;font-style: normal;letter-spacing: normal;text-align: start;text-indent: 0px;text-transform: none\">Produto: Adaptador de Tomada Redondo<br \/>\nMarca: Daneva<br \/>\nMaterial: Polipropileno<br \/>\nTerminais de lat\u00e3o<br \/>\nCor: Sortido<br \/>\nCaracter\u00edsticas: Transforma pino redondo em chato<br \/>\nCorrente nominal 15 A<br \/>\nTens\u00e3o m\u00e1xima 250 V<br \/>\nItens inclusos: 1 Adaptador de Tomada Redondo<br \/>\nDimens\u00f5es do produto (A X L X P): 6,6 x 2,7 x 4,4cm<\/span><\/p>\n","protected":false},"featured_media":18437,"template":"","meta":{"_joinchat":[]},"product_brand":[],"product_cat":[120],"product_tag":[],"class_list":{"0":"post-18389","1":"product","2":"type-product","3":"status-publish","4":"has-post-thumbnail","6":"product_cat-extencoes-e-cia","8":"first","9":"outofstock","10":"shipping-taxable","11":"product-type-simple"},"_links":{"self":[{"href":"https:\/\/www.multicasa.com.br\/inicio\/wp-json\/wp\/v2\/product\/18389","targetHints":{"allow":["GET"]}}],"collection":[{"href":"https:\/\/www.multicasa.com.br\/inicio\/wp-json\/wp\/v2\/product"}],"about":[{"href":"https:\/\/www.multicasa.com.br\/inicio\/wp-json\/wp\/v2\/types\/product"}],"wp:featuredmedia":[{"embeddable":true,"href":"https:\/\/www.multicasa.com.br\/inicio\/wp-json\/wp\/v2\/media\/18437"}],"wp:attachment":[{"href":"https:\/\/www.multicasa.com.br\/inicio\/wp-json\/wp\/v2\/media?parent=18389"}],"wp:term":[{"taxonomy":"product_brand","embeddable":true,"href":"https:\/\/www.multicasa.com.br\/inicio\/wp-json\/wp\/v2\/product_brand?post=18389"},{"taxonomy":"product_cat","embeddable":true,"href":"https:\/\/www.multicasa.com.br\/inicio\/wp-json\/wp\/v2\/product_cat?post=18389"},{"taxonomy":"product_tag","embeddable":true,"href":"https:\/\/www.multicasa.com.br\/inicio\/wp-json\/wp\/v2\/product_tag?post=18389"}],"curies":[{"name":"wp","href":"https:\/\/api.w.org\/{rel}","templated":true}]}}