{"id":18450,"date":"2025-06-20T19:32:03","date_gmt":"2025-06-20T23:32:03","guid":{"rendered":"https:\/\/www.multicasa.com.br\/inicio\/?post_type=product&#038;p=18450"},"modified":"2026-02-26T11:21:45","modified_gmt":"2026-02-26T15:21:45","slug":"suporte-fixo-para-tv-lcd-led-plasma-ultra-slim-de-32-a-70-brasforma","status":"publish","type":"product","link":"https:\/\/www.multicasa.com.br\/inicio\/produto\/suporte-fixo-para-tv-lcd-led-plasma-ultra-slim-de-32-a-70-brasforma\/","title":{"rendered":"Suporte Fixo para TV LCD\/LED\/Plasma Ultra Slim de 32&#8243; a 70&#8243; Brasforma"},"content":{"rendered":"<p>O Suporte Fixo Brasforma para TVs de LCD\/LED\/Plasma de 32&#8243; a 70&#8243; \u00e9 ultra slim e vai deixar sua tv bem pr\u00f3xima a parede como se fosse um quadro! A dist\u00e2ncia da sua tv para a parede ser\u00e1 de apenas 2,5cm, ainda vem com organizador de cabos, com n\u00edvel de bolha e \u00e9 ideal para TVs de at\u00e9 30 kg. Produzido em a\u00e7o carbono com tratamento anticorrosivo e pintura eletrost\u00e1tica preta, possui exclusivo sistema de inclina\u00e7\u00e3o de servi\u00e7o para manuseio dos cabos sem precisar tirar a tv da parede, \u00e9 de f\u00e1cil instala\u00e7\u00e3o (com vesa m\u00e1ximo de 600 x 400mm), al\u00e9m de parafuso trava de seguran\u00e7a e 4 pontos de fixa\u00e7\u00e3o.<\/p>\n","protected":false},"excerpt":{"rendered":"<h4 style=\"margin: 0px;padding: 0px 0px 16px;font-family: Lato, sans-serif;font-weight: bold;line-height: 3rem;color: var(--dark-grey3);font-size: 22px;font-style: normal;letter-spacing: normal;text-align: start;text-indent: 0px;text-transform: none\">Informa\u00e7\u00f5es t\u00e9cnicas<\/h4>\n<p><span style=\"margin: 0px;padding: 0px;font-weight: 450;font-size: 14px;line-height: 21px;color: var(--dark-grey2);font-family: Lato, sans-serif;font-style: normal;letter-spacing: normal;text-align: start;text-indent: 0px;text-transform: none\">Produto: Suporte para TV<br \/>\nTipo: Fixo<br \/>\nMarca: Brasforma<br \/>\nMaterial: A\u00e7o<br \/>\nCor: Preto<br \/>\nUso indicado: Fixar TV?s de 32 a 70 polegadas<br \/>\nCaracter\u00edsticas: Suporta at\u00e9 30kg<br \/>\nAcompanha n\u00edvel bolha<br \/>\nParafusos m5x20, m6x20 e m8x25m<br \/>\n4 Pontos de fixa\u00e7\u00e3o<br \/>\nParafuso trava de seguran\u00e7a<br \/>\nQuantidade de pe\u00e7as: 3<br \/>\nItens Inclusos:1 suporte para tv<br \/>\n1 kit de parafusos<br \/>\n1 n\u00edvel de bolha<br \/>\nDimens\u00f5es do produto (A X L X P): 70 x 10 x 3,5cm<br \/>\nGarantia: 5 anos<br \/>\n<\/span><\/p>\n","protected":false},"featured_media":18517,"template":"","meta":{"_joinchat":[]},"product_brand":[],"product_cat":[150],"product_tag":[],"class_list":{"0":"post-18450","1":"product","2":"type-product","3":"status-publish","4":"has-post-thumbnail","6":"product_cat-antenas-e-cia","8":"first","9":"outofstock","10":"shipping-taxable","11":"purchasable","12":"product-type-simple"},"_links":{"self":[{"href":"https:\/\/www.multicasa.com.br\/inicio\/wp-json\/wp\/v2\/product\/18450","targetHints":{"allow":["GET"]}}],"collection":[{"href":"https:\/\/www.multicasa.com.br\/inicio\/wp-json\/wp\/v2\/product"}],"about":[{"href":"https:\/\/www.multicasa.com.br\/inicio\/wp-json\/wp\/v2\/types\/product"}],"wp:featuredmedia":[{"embeddable":true,"href":"https:\/\/www.multicasa.com.br\/inicio\/wp-json\/wp\/v2\/media\/18517"}],"wp:attachment":[{"href":"https:\/\/www.multicasa.com.br\/inicio\/wp-json\/wp\/v2\/media?parent=18450"}],"wp:term":[{"taxonomy":"product_brand","embeddable":true,"href":"https:\/\/www.multicasa.com.br\/inicio\/wp-json\/wp\/v2\/product_brand?post=18450"},{"taxonomy":"product_cat","embeddable":true,"href":"https:\/\/www.multicasa.com.br\/inicio\/wp-json\/wp\/v2\/product_cat?post=18450"},{"taxonomy":"product_tag","embeddable":true,"href":"https:\/\/www.multicasa.com.br\/inicio\/wp-json\/wp\/v2\/product_tag?post=18450"}],"curies":[{"name":"wp","href":"https:\/\/api.w.org\/{rel}","templated":true}]}}