{"id":18504,"date":"2025-06-20T19:32:53","date_gmt":"2025-06-20T23:32:53","guid":{"rendered":"https:\/\/www.multicasa.com.br\/inicio\/?post_type=product&#038;p=18504"},"modified":"2025-06-20T19:33:49","modified_gmt":"2025-06-20T23:33:49","slug":"refil-mop-novica-twister-bettanin","status":"publish","type":"product","link":"https:\/\/www.multicasa.com.br\/inicio\/produto\/refil-mop-novica-twister-bettanin\/","title":{"rendered":"Refil Mop Novi\u00e7a Twister Bettanin"},"content":{"rendered":"<p>Com o Refil Mop Novi\u00e7a Twister Bettanin, voc\u00ea poder\u00e1 fazer a limpeza de pisos amadeirados, frios e sint\u00e9ticos com muita praticidade. Com fios desenvolvidos em microfibra com alto desempenho, garantem m\u00e1xima Absor\u00e7\u00e3o com uma limpeza profunda, sem danificar o piso. Na cor branca, possui sistema anti respingo e garante m\u00e1xima Absor\u00e7\u00e3o alcan\u00e7ando inclusive os lugares mais dif\u00edceis.<\/p>\n","protected":false},"excerpt":{"rendered":"<h4 style=\"margin: 0px;padding: 0px 0px 16px;font-family: Lato, sans-serif;font-weight: bold;line-height: 3rem;color: var(--dark-grey3);font-size: 22px;font-style: normal;letter-spacing: normal;text-align: start;text-indent: 0px;text-transform: none\">Informa\u00e7\u00f5es t\u00e9cnicas<\/h4>\n<p><span style=\"margin: 0px;padding: 0px;font-weight: 450;font-size: 14px;line-height: 21px;color: var(--dark-grey2);font-family: Lato, sans-serif;font-style: normal;letter-spacing: normal;text-align: start;text-indent: 0px;text-transform: none\">Produto: Refil mop<br \/>\nMarca: Bettanin<br \/>\nMaterial: Microfibra<br \/>\nCor: Branco<br \/>\nCaracter\u00edsticas: Sistema anti respingo<br \/>\nPara Twister Mop girat\u00f3rio Bettanin<br \/>\nItens Inclusos: 1 refil de mop<br \/>\nDimens\u00f5es do produto (A x L x P): 3 x 28 x 28cm<\/span><\/p>\n","protected":false},"featured_media":18567,"template":"","meta":{"_joinchat":[]},"product_brand":[],"product_cat":[96],"product_tag":[],"class_list":{"0":"post-18504","1":"product","2":"type-product","3":"status-publish","4":"has-post-thumbnail","6":"product_cat-limpeza-e-cia","8":"first","9":"outofstock","10":"shipping-taxable","11":"product-type-simple"},"_links":{"self":[{"href":"https:\/\/www.multicasa.com.br\/inicio\/wp-json\/wp\/v2\/product\/18504","targetHints":{"allow":["GET"]}}],"collection":[{"href":"https:\/\/www.multicasa.com.br\/inicio\/wp-json\/wp\/v2\/product"}],"about":[{"href":"https:\/\/www.multicasa.com.br\/inicio\/wp-json\/wp\/v2\/types\/product"}],"wp:featuredmedia":[{"embeddable":true,"href":"https:\/\/www.multicasa.com.br\/inicio\/wp-json\/wp\/v2\/media\/18567"}],"wp:attachment":[{"href":"https:\/\/www.multicasa.com.br\/inicio\/wp-json\/wp\/v2\/media?parent=18504"}],"wp:term":[{"taxonomy":"product_brand","embeddable":true,"href":"https:\/\/www.multicasa.com.br\/inicio\/wp-json\/wp\/v2\/product_brand?post=18504"},{"taxonomy":"product_cat","embeddable":true,"href":"https:\/\/www.multicasa.com.br\/inicio\/wp-json\/wp\/v2\/product_cat?post=18504"},{"taxonomy":"product_tag","embeddable":true,"href":"https:\/\/www.multicasa.com.br\/inicio\/wp-json\/wp\/v2\/product_tag?post=18504"}],"curies":[{"name":"wp","href":"https:\/\/api.w.org\/{rel}","templated":true}]}}