{"id":18530,"date":"2025-06-20T19:33:17","date_gmt":"2025-06-20T23:33:17","guid":{"rendered":"https:\/\/www.multicasa.com.br\/inicio\/?post_type=product&#038;p=18530"},"modified":"2026-04-23T17:00:25","modified_gmt":"2026-04-23T21:00:25","slug":"cabo-hdmi-2-0-ultra-hd-pix-chipsce-5m","status":"publish","type":"product","link":"https:\/\/www.multicasa.com.br\/inicio\/produto\/cabo-hdmi-2-0-ultra-hd-pix-chipsce-5m\/","title":{"rendered":"Cabo HDMI 2.0 Ultra HD Pix ChipSCE 5m"},"content":{"rendered":"<p>Use o cabo HDMI 2.0 Ultra HD Pix ChipSCE para garantir transmiss\u00f5es de excelente qualidade. Com 19 pinos e 5m de comprimento, possui tecnologia que garante fidelidade do \u00e1udio com frequ\u00eancia m\u00e1xima da amostragem de at\u00e9 1536khz. Com frequ\u00eancia de at\u00e9 60 quadros, o cabo HDMI ChipSCE entrega maior gama de cores, proporcionando experi\u00eancias ainda mais incr\u00edveis com jogos e filmes e suporta propor\u00e7\u00e3o superwide (de cinema) com 21:9, 4K de 50 a 60hz. Al\u00e9m disso, possui fun\u00e7\u00e3o CEC que permite controlar todos os aparelhos compat\u00edveis que estejam com a fun\u00e7\u00e3o habilitada e conectados via HDMI por um \u00fanico controle remoto. Nesta vers\u00e3o, h\u00e1 32 canais de \u00e1udio digital n\u00e3o compromidos e largura de banda de 18gbits.<\/p>\n","protected":false},"excerpt":{"rendered":"<h4 style=\"margin: 0px;padding: 0px 0px 16px;font-family: Lato, sans-serif;font-weight: bold;line-height: 3rem;color: var(--dark-grey3);font-size: 22px;font-style: normal;letter-spacing: normal;text-align: start;text-indent: 0px;text-transform: none\">Informa\u00e7\u00f5es t\u00e9cnicas<\/h4>\n<p><span style=\"margin: 0px;padding: 0px;font-weight: 450;font-size: 14px;line-height: 21px;color: var(--dark-grey2);font-family: Lato, sans-serif;font-style: normal;letter-spacing: normal;text-align: start;text-indent: 0px;text-transform: none\">Produto: Cabo HDMI<br \/>\nMarca: ChipSCE<br \/>\nCor: Preto<br \/>\nUso indicado: TV, led, lcd, plasma, monitores digitais, v\u00eddeo games, notebook, projetores e etc<br \/>\nVers\u00f5es compat\u00edveis: 2.0<br \/>\nCaracter\u00edsticas: 19 pinos<br \/>\nFrequ\u00eancia de 60 quadros (60HZ)<br \/>\n32 canais de \u00e1udio digital n\u00e3o comprimido<br \/>\nSuporta propor\u00e7\u00e3o Superwide cinema 21:9 com resolu\u00e7\u00e3o 4K a 50\/60HZ<br \/>\nLargura da banda de 18gb por segundo<br \/>\nFun\u00e7\u00e3o CEC e filtro<br \/>\nSuporta e transmite HDR<br \/>\nItens inclusos: 1 Cabo HDMI<br \/>\nDimens\u00f5es do produto (C): 5m<br \/>\n<\/span><\/p>\n","protected":false},"featured_media":18592,"template":"","meta":{"_joinchat":[]},"product_brand":[],"product_cat":[130],"product_tag":[],"class_list":{"0":"post-18530","1":"product","2":"type-product","3":"status-publish","4":"has-post-thumbnail","6":"product_cat-informatica","8":"first","9":"instock","10":"shipping-taxable","11":"purchasable","12":"product-type-simple"},"_links":{"self":[{"href":"https:\/\/www.multicasa.com.br\/inicio\/wp-json\/wp\/v2\/product\/18530","targetHints":{"allow":["GET"]}}],"collection":[{"href":"https:\/\/www.multicasa.com.br\/inicio\/wp-json\/wp\/v2\/product"}],"about":[{"href":"https:\/\/www.multicasa.com.br\/inicio\/wp-json\/wp\/v2\/types\/product"}],"wp:featuredmedia":[{"embeddable":true,"href":"https:\/\/www.multicasa.com.br\/inicio\/wp-json\/wp\/v2\/media\/18592"}],"wp:attachment":[{"href":"https:\/\/www.multicasa.com.br\/inicio\/wp-json\/wp\/v2\/media?parent=18530"}],"wp:term":[{"taxonomy":"product_brand","embeddable":true,"href":"https:\/\/www.multicasa.com.br\/inicio\/wp-json\/wp\/v2\/product_brand?post=18530"},{"taxonomy":"product_cat","embeddable":true,"href":"https:\/\/www.multicasa.com.br\/inicio\/wp-json\/wp\/v2\/product_cat?post=18530"},{"taxonomy":"product_tag","embeddable":true,"href":"https:\/\/www.multicasa.com.br\/inicio\/wp-json\/wp\/v2\/product_tag?post=18530"}],"curies":[{"name":"wp","href":"https:\/\/api.w.org\/{rel}","templated":true}]}}