{"id":18536,"date":"2025-06-20T19:33:18","date_gmt":"2025-06-20T23:33:18","guid":{"rendered":"https:\/\/www.multicasa.com.br\/inicio\/?post_type=product&#038;p=18536"},"modified":"2025-06-20T19:34:40","modified_gmt":"2025-06-20T23:34:40","slug":"porta-oculos-para-carro-western","status":"publish","type":"product","link":"https:\/\/www.multicasa.com.br\/inicio\/produto\/porta-oculos-para-carro-western\/","title":{"rendered":"Porta \u00d3culos para Carro Western"},"content":{"rendered":"<p>O Porta \u00d3culos para Carro Western \u00e9 produzido em abs cinza e preto e \u00e9 feito para ser encaixado no quebra sol do seu ve\u00edculo. Discreto e compacto, mantenha sempre seus \u00f3culos em m\u00e3os, protegendo de riscos e de rachaduras no interior do carro. N\u00e3o tira sua aten\u00e7\u00e3o enquanto dirige.<\/p>\n","protected":false},"excerpt":{"rendered":"<h4 style=\"margin: 0px;padding: 0px 0px 16px;font-family: Lato, sans-serif;font-weight: bold;line-height: 3rem;color: var(--dark-grey3);font-size: 22px;font-style: normal;letter-spacing: normal;text-align: start;text-indent: 0px;text-transform: none\">Informa\u00e7\u00f5es t\u00e9cnicas<\/h4>\n<p><span style=\"margin: 0px;padding: 0px;font-weight: 450;font-size: 14px;line-height: 21px;color: var(--dark-grey2);font-family: Lato, sans-serif;font-style: normal;letter-spacing: normal;text-align: start;text-indent: 0px;text-transform: none\">Produto: Porta \u00f3culos para carro<br \/>\nMarca: Western<br \/>\nMaterial: ABS<br \/>\nCor: Prata e preto<br \/>\nCaracter\u00edsticas: Para encaixar no quebra sol<br \/>\nCompacto<br \/>\nItens Inclusos: 1 Porta \u00f3culos para carro<br \/>\nDimens\u00f5es do produto (A): 7,5cm<br \/>\n<\/span><\/p>\n","protected":false},"featured_media":18613,"template":"","meta":{"_joinchat":[]},"product_brand":[],"product_cat":[142],"product_tag":[],"class_list":{"0":"post-18536","1":"product","2":"type-product","3":"status-publish","4":"has-post-thumbnail","6":"product_cat-utilidades-para-automoveis","8":"first","9":"outofstock","10":"shipping-taxable","11":"product-type-simple"},"_links":{"self":[{"href":"https:\/\/www.multicasa.com.br\/inicio\/wp-json\/wp\/v2\/product\/18536","targetHints":{"allow":["GET"]}}],"collection":[{"href":"https:\/\/www.multicasa.com.br\/inicio\/wp-json\/wp\/v2\/product"}],"about":[{"href":"https:\/\/www.multicasa.com.br\/inicio\/wp-json\/wp\/v2\/types\/product"}],"wp:featuredmedia":[{"embeddable":true,"href":"https:\/\/www.multicasa.com.br\/inicio\/wp-json\/wp\/v2\/media\/18613"}],"wp:attachment":[{"href":"https:\/\/www.multicasa.com.br\/inicio\/wp-json\/wp\/v2\/media?parent=18536"}],"wp:term":[{"taxonomy":"product_brand","embeddable":true,"href":"https:\/\/www.multicasa.com.br\/inicio\/wp-json\/wp\/v2\/product_brand?post=18536"},{"taxonomy":"product_cat","embeddable":true,"href":"https:\/\/www.multicasa.com.br\/inicio\/wp-json\/wp\/v2\/product_cat?post=18536"},{"taxonomy":"product_tag","embeddable":true,"href":"https:\/\/www.multicasa.com.br\/inicio\/wp-json\/wp\/v2\/product_tag?post=18536"}],"curies":[{"name":"wp","href":"https:\/\/api.w.org\/{rel}","templated":true}]}}

Porta Óculos para Carro Western

<p>O Porta Óculos para Carro Western é produzido em abs cinza e preto e é feito para ser encaixado no quebra sol do seu veículo. Discreto e compacto, mantenha sempre seus óculos em mãos, protegendo de riscos e de rachaduras no interior do carro. Não tira sua atenção enquanto dirige.</p>

<h4 style="margin: 0px;padding: 0px 0px 16px;font-family: Lato, sans-serif;font-weight: bold;line-height: 3rem;color: var(--dark-grey3);font-size: 22px;font-style: normal;letter-spacing: normal;text-align: start;text-indent: 0px;text-transform: none">Informações técnicas</h4>
<p><span style="margin: 0px;padding: 0px;font-weight: 450;font-size: 14px;line-height: 21px;color: var(--dark-grey2);font-family: Lato, sans-serif;font-style: normal;letter-spacing: normal;text-align: start;text-indent: 0px;text-transform: none">Produto: Porta óculos para carro<br />
Marca: Western<br />
Material: ABS<br />
Cor: Prata e preto<br />
Características: Para encaixar no quebra sol<br />
Compacto<br />
Itens Inclusos: 1 Porta óculos para carro<br />
Dimensões do produto (A): 7,5cm<br />
</span></p>
