{"id":18587,"date":"2025-06-20T19:34:05","date_gmt":"2025-06-20T23:34:05","guid":{"rendered":"https:\/\/www.multicasa.com.br\/inicio\/?post_type=product&#038;p=18587"},"modified":"2025-06-20T19:35:55","modified_gmt":"2025-06-20T23:35:55","slug":"espatula-desenforma-bolo-nylon-decor-util","status":"publish","type":"product","link":"https:\/\/www.multicasa.com.br\/inicio\/produto\/espatula-desenforma-bolo-nylon-decor-util\/","title":{"rendered":"Esp\u00e1tula Desenforma Bolo Nylon Decor-\u00datil"},"content":{"rendered":"<p>A Esp\u00e1tula para desenformar bolo Decor-\u00fatil foi desenvolvida para alcan\u00e7ar a base de bolos e tortas para solt\u00e1-los com mais facilidade e sem quebrar. Em nylon, ela \u00e9 male\u00e1vel e antiaderente. Pode ser utilizada em temperaturas altas.<\/p>\n","protected":false},"excerpt":{"rendered":"<h4 style=\"margin: 0px;padding: 0px 0px 16px;font-family: Lato, sans-serif;font-weight: bold;line-height: 3rem;color: var(--dark-grey3);font-size: 22px;font-style: normal;letter-spacing: normal;text-align: start;text-indent: 0px;text-transform: none\">Informa\u00e7\u00f5es t\u00e9cnicas<\/h4>\n<p><span style=\"margin: 0px;padding: 0px;font-weight: 450;font-size: 14px;line-height: 21px;color: var(--dark-grey2);font-family: Lato, sans-serif;font-style: normal;letter-spacing: normal;text-align: start;text-indent: 0px;text-transform: none\">Produto: Esp\u00e1tula para desenformar<br \/>\nMarca: Decor-\u00datil<br \/>\nMaterial: Nylon<br \/>\nCor: sortidas<br \/>\nUso indicado: Desenformar bolo<br \/>\nItens Inclusos: 1 esp\u00e1tula para desenformar<br \/>\nDimens\u00f5es do produto (A x L): 2,5 x 23,5cm<\/span><\/p>\n","protected":false},"featured_media":18665,"template":"","meta":{"_joinchat":[]},"product_brand":[],"product_cat":[143],"product_tag":[],"class_list":{"0":"post-18587","1":"product","2":"type-product","3":"status-publish","4":"has-post-thumbnail","6":"product_cat-tintas-e-cia","8":"first","9":"outofstock","10":"shipping-taxable","11":"product-type-simple"},"_links":{"self":[{"href":"https:\/\/www.multicasa.com.br\/inicio\/wp-json\/wp\/v2\/product\/18587","targetHints":{"allow":["GET"]}}],"collection":[{"href":"https:\/\/www.multicasa.com.br\/inicio\/wp-json\/wp\/v2\/product"}],"about":[{"href":"https:\/\/www.multicasa.com.br\/inicio\/wp-json\/wp\/v2\/types\/product"}],"wp:featuredmedia":[{"embeddable":true,"href":"https:\/\/www.multicasa.com.br\/inicio\/wp-json\/wp\/v2\/media\/18665"}],"wp:attachment":[{"href":"https:\/\/www.multicasa.com.br\/inicio\/wp-json\/wp\/v2\/media?parent=18587"}],"wp:term":[{"taxonomy":"product_brand","embeddable":true,"href":"https:\/\/www.multicasa.com.br\/inicio\/wp-json\/wp\/v2\/product_brand?post=18587"},{"taxonomy":"product_cat","embeddable":true,"href":"https:\/\/www.multicasa.com.br\/inicio\/wp-json\/wp\/v2\/product_cat?post=18587"},{"taxonomy":"product_tag","embeddable":true,"href":"https:\/\/www.multicasa.com.br\/inicio\/wp-json\/wp\/v2\/product_tag?post=18587"}],"curies":[{"name":"wp","href":"https:\/\/api.w.org\/{rel}","templated":true}]}}