{"id":18622,"date":"2025-06-20T19:34:52","date_gmt":"2025-06-20T23:34:52","guid":{"rendered":"https:\/\/www.multicasa.com.br\/inicio\/?post_type=product&#038;p=18622"},"modified":"2026-03-17T16:51:47","modified_gmt":"2026-03-17T20:51:47","slug":"raticida-isca-mata-ratos-premium-straik","status":"publish","type":"product","link":"https:\/\/www.multicasa.com.br\/inicio\/produto\/raticida-isca-mata-ratos-premium-straik\/","title":{"rendered":"Raticida Isca Mata-Ratos Premium Straik"},"content":{"rendered":"<p>O Raticida Isca Mata-Ratos Premium Straik \u00e9 um anticoagulante de dose \u00fanica (segunda gera\u00e7\u00e3o), indicado para o controle de ratos, ratazanas e camundongos. Com sua formula\u00e7\u00e3o exclusiva, contendo v\u00e1rios tipos de gr\u00e3os, desde cereais nobres a sementes oleaginosas, o Straik apresenta uma atratividade superior \u00e0s iscas convencionais, por isso \u00e9 recomendado tamb\u00e9m para \u00e1reas onde a oferta de alimentos \u00e9 abundante.<br \/>\nCont\u00e9m 4 sach\u00eas de 25g cada.<\/p>\n","protected":false},"excerpt":{"rendered":"<h4 style=\"margin: 0px;padding: 0px 0px 16px;font-family: Lato, sans-serif;font-weight: bold;line-height: 3rem;color: var(--dark-grey3);font-size: 22px;font-style: normal;letter-spacing: normal;text-align: start;text-indent: 0px;text-transform: none\">Informa\u00e7\u00f5es t\u00e9cnicas<\/h4>\n<p><span style=\"margin: 0px;padding: 0px;font-weight: 450;font-size: 14px;line-height: 21px;color: var(--dark-grey2);font-family: Lato, sans-serif;font-style: normal;letter-spacing: normal;text-align: start;text-indent: 0px;text-transform: none\">Produto: Raticida<br \/>\nMarca: Straik<br \/>\nConte\u00fado: 25g cada sach\u00ea<br \/>\nCaracter\u00edsticas: Raticida anticoagulante de dose \u00fanica<br \/>\nItens Inclusos: 4 Sach\u00eas de raticida<br \/>\n<\/span><\/p>\n","protected":false},"featured_media":18696,"template":"","meta":{"_joinchat":[]},"product_brand":[],"product_cat":[132],"product_tag":[],"class_list":{"0":"post-18622","1":"product","2":"type-product","3":"status-publish","4":"has-post-thumbnail","6":"product_cat-inseticidas","8":"first","9":"instock","10":"shipping-taxable","11":"purchasable","12":"product-type-simple"},"_links":{"self":[{"href":"https:\/\/www.multicasa.com.br\/inicio\/wp-json\/wp\/v2\/product\/18622","targetHints":{"allow":["GET"]}}],"collection":[{"href":"https:\/\/www.multicasa.com.br\/inicio\/wp-json\/wp\/v2\/product"}],"about":[{"href":"https:\/\/www.multicasa.com.br\/inicio\/wp-json\/wp\/v2\/types\/product"}],"wp:featuredmedia":[{"embeddable":true,"href":"https:\/\/www.multicasa.com.br\/inicio\/wp-json\/wp\/v2\/media\/18696"}],"wp:attachment":[{"href":"https:\/\/www.multicasa.com.br\/inicio\/wp-json\/wp\/v2\/media?parent=18622"}],"wp:term":[{"taxonomy":"product_brand","embeddable":true,"href":"https:\/\/www.multicasa.com.br\/inicio\/wp-json\/wp\/v2\/product_brand?post=18622"},{"taxonomy":"product_cat","embeddable":true,"href":"https:\/\/www.multicasa.com.br\/inicio\/wp-json\/wp\/v2\/product_cat?post=18622"},{"taxonomy":"product_tag","embeddable":true,"href":"https:\/\/www.multicasa.com.br\/inicio\/wp-json\/wp\/v2\/product_tag?post=18622"}],"curies":[{"name":"wp","href":"https:\/\/api.w.org\/{rel}","templated":true}]}}