{"id":18640,"date":"2025-06-20T19:35:18","date_gmt":"2025-06-20T23:35:18","guid":{"rendered":"https:\/\/www.multicasa.com.br\/inicio\/?post_type=product&#038;p=18640"},"modified":"2025-06-20T19:36:44","modified_gmt":"2025-06-20T23:36:44","slug":"gancho-de-pressao-cromado-com-ventosa-daivak","status":"publish","type":"product","link":"https:\/\/www.multicasa.com.br\/inicio\/produto\/gancho-de-pressao-cromado-com-ventosa-daivak\/","title":{"rendered":"Gancho de Press\u00e3o Cromado com Ventosa Daivak"},"content":{"rendered":"<p>O Gancho de Press\u00e3o com Ventosa Daivak \u00e9 desenvolvido com material de alta qualidade, pr\u00e1tico e f\u00e1cil de usar, pois n\u00e3o precisa furar a parede, \u00e9 indispens\u00e1vel para pendurar panos de prato, toalhas e roupas em geral. Com acabamento cromado, possui grande resist\u00eancia e seguran\u00e7a e \u00e9 indicado para azulejos e paredes bem lisas.<br \/>\nOrganize sua casa e otimize os espa\u00e7os!<\/p>\n","protected":false},"excerpt":{"rendered":"<h4 style=\"margin: 0px;padding: 0px 0px 16px;font-family: Lato, sans-serif;font-weight: bold;line-height: 3rem;color: var(--dark-grey3);font-size: 22px;font-style: normal;letter-spacing: normal;text-align: start;text-indent: 0px;text-transform: none\">Informa\u00e7\u00f5es t\u00e9cnicas<\/h4>\n<p><span style=\"margin: 0px;padding: 0px;font-weight: 450;font-size: 14px;line-height: 21px;color: var(--dark-grey2);font-family: Lato, sans-serif;font-style: normal;letter-spacing: normal;text-align: start;text-indent: 0px;text-transform: none\">Produto: Gancho de Press\u00e3o<br \/>\nMarca: Daivak<br \/>\nMaterial: Pl\u00e1stico<br \/>\nAcabamento: Cromado<br \/>\nCor: Prata<br \/>\nCaracter\u00edsticas: Fixa\u00e7\u00e3o por ventosas<br \/>\nItens inclusos: 1 Gancho de press\u00e3o<br \/>\nDimens\u00f5es do produto (A x L): 7 x 6,3cm<br \/>\n<\/span><\/p>\n","protected":false},"featured_media":18718,"template":"","meta":{"_joinchat":[]},"product_brand":[],"product_cat":[95],"product_tag":[],"class_list":{"0":"post-18640","1":"product","2":"type-product","3":"status-publish","4":"has-post-thumbnail","6":"product_cat-lavanderia","8":"first","9":"outofstock","10":"shipping-taxable","11":"product-type-simple"},"_links":{"self":[{"href":"https:\/\/www.multicasa.com.br\/inicio\/wp-json\/wp\/v2\/product\/18640","targetHints":{"allow":["GET"]}}],"collection":[{"href":"https:\/\/www.multicasa.com.br\/inicio\/wp-json\/wp\/v2\/product"}],"about":[{"href":"https:\/\/www.multicasa.com.br\/inicio\/wp-json\/wp\/v2\/types\/product"}],"wp:featuredmedia":[{"embeddable":true,"href":"https:\/\/www.multicasa.com.br\/inicio\/wp-json\/wp\/v2\/media\/18718"}],"wp:attachment":[{"href":"https:\/\/www.multicasa.com.br\/inicio\/wp-json\/wp\/v2\/media?parent=18640"}],"wp:term":[{"taxonomy":"product_brand","embeddable":true,"href":"https:\/\/www.multicasa.com.br\/inicio\/wp-json\/wp\/v2\/product_brand?post=18640"},{"taxonomy":"product_cat","embeddable":true,"href":"https:\/\/www.multicasa.com.br\/inicio\/wp-json\/wp\/v2\/product_cat?post=18640"},{"taxonomy":"product_tag","embeddable":true,"href":"https:\/\/www.multicasa.com.br\/inicio\/wp-json\/wp\/v2\/product_tag?post=18640"}],"curies":[{"name":"wp","href":"https:\/\/api.w.org\/{rel}","templated":true}]}}