{"id":18654,"date":"2025-06-20T19:35:40","date_gmt":"2025-06-20T23:35:40","guid":{"rendered":"https:\/\/www.multicasa.com.br\/inicio\/?post_type=product&#038;p=18654"},"modified":"2026-03-23T09:30:42","modified_gmt":"2026-03-23T13:30:42","slug":"filtro-de-linha-bivolt-preto-force-line-5-tomadas","status":"publish","type":"product","link":"https:\/\/www.multicasa.com.br\/inicio\/produto\/filtro-de-linha-bivolt-preto-force-line-5-tomadas\/","title":{"rendered":"Filtro de Linha Bivolt Preto Force Line 5 Tomadas"},"content":{"rendered":"<p>O Filtro de Linha Bivolt Preto Force Line possui 5 tomadas, promovendo o desarme durante a queda ou pico de energia e rearme autom\u00e1tico ap\u00f3s o retorno da energia. Ideal para computadores, impressoras, televisores e eletro eletr\u00f4nicos em geral. Seu comprimento de 3 metros \u00e9 ideal para ligar, at\u00e9 mesmo aparelhos distantes da tomada principal. <\/p>\n","protected":false},"excerpt":{"rendered":"<h4 style=\"margin: 0px;padding: 0px 0px 16px;font-family: Lato, sans-serif;font-weight: bold;line-height: 3rem;color: var(--dark-grey3);font-size: 22px;font-style: normal;letter-spacing: normal;text-align: start;text-indent: 0px;text-transform: none\">Informa\u00e7\u00f5es t\u00e9cnicas<\/h4>\n<p><span style=\"margin: 0px;padding: 0px;font-weight: 450;font-size: 14px;line-height: 21px;color: var(--dark-grey2);font-family: Lato, sans-serif;font-style: normal;letter-spacing: normal;text-align: start;text-indent: 0px;text-transform: none\">Produto: Filtro de linha<br \/>\nMarca: Force Line<br \/>\nMaterial: Gabinete em pl\u00e1stico ABS<br \/>\nCor: Preto<br \/>\nTens\u00e3o El\u00e9trica: 127v &#8211; 220v (1270VA~2200VA)<br \/>\nCaracter\u00edsticas: Possui 5 tomadas<br \/>\nIndicador luminoso de funcionamento<br \/>\nFus\u00edvel 10A<br \/>\nChave liga\/desliga embutida<br \/>\nCompat\u00edvel com a nova norma NBR 14136<br \/>\nCertificado pelo Inmetro<br \/>\nItens Inclusos: 1 Filtro de linha<br \/>\nDimens\u00f5es do produto (C): Cabo &#8211; 3m<\/span><\/p>\n","protected":false},"featured_media":18723,"template":"","meta":{"_joinchat":[]},"product_brand":[],"product_cat":[120],"product_tag":[],"class_list":{"0":"post-18654","1":"product","2":"type-product","3":"status-publish","4":"has-post-thumbnail","6":"product_cat-extencoes-e-cia","8":"first","9":"instock","10":"shipping-taxable","11":"purchasable","12":"product-type-simple"},"_links":{"self":[{"href":"https:\/\/www.multicasa.com.br\/inicio\/wp-json\/wp\/v2\/product\/18654","targetHints":{"allow":["GET"]}}],"collection":[{"href":"https:\/\/www.multicasa.com.br\/inicio\/wp-json\/wp\/v2\/product"}],"about":[{"href":"https:\/\/www.multicasa.com.br\/inicio\/wp-json\/wp\/v2\/types\/product"}],"wp:featuredmedia":[{"embeddable":true,"href":"https:\/\/www.multicasa.com.br\/inicio\/wp-json\/wp\/v2\/media\/18723"}],"wp:attachment":[{"href":"https:\/\/www.multicasa.com.br\/inicio\/wp-json\/wp\/v2\/media?parent=18654"}],"wp:term":[{"taxonomy":"product_brand","embeddable":true,"href":"https:\/\/www.multicasa.com.br\/inicio\/wp-json\/wp\/v2\/product_brand?post=18654"},{"taxonomy":"product_cat","embeddable":true,"href":"https:\/\/www.multicasa.com.br\/inicio\/wp-json\/wp\/v2\/product_cat?post=18654"},{"taxonomy":"product_tag","embeddable":true,"href":"https:\/\/www.multicasa.com.br\/inicio\/wp-json\/wp\/v2\/product_tag?post=18654"}],"curies":[{"name":"wp","href":"https:\/\/api.w.org\/{rel}","templated":true}]}}