{"id":18681,"date":"2025-06-20T19:36:07","date_gmt":"2025-06-20T23:36:07","guid":{"rendered":"https:\/\/www.multicasa.com.br\/inicio\/?post_type=product&#038;p=18681"},"modified":"2025-06-20T19:37:01","modified_gmt":"2025-06-20T23:37:01","slug":"amassador-de-latas-western-350ml","status":"publish","type":"product","link":"https:\/\/www.multicasa.com.br\/inicio\/produto\/amassador-de-latas-western-350ml\/","title":{"rendered":"Amassador de Latas Western 350ml"},"content":{"rendered":"<p>Com o amassador de latas Western voc\u00ea reduz o tamanho das latas de 350ml, deixando-as com aproximadamente 80% do tamanho original. Feito de a\u00e7o com cabo anat\u00f4mico, voc\u00ea pode prend\u00ea-lo na parede para facilitar o uso. Vem com kit de parafusos e possui abridor de latas.<\/p>\n","protected":false},"excerpt":{"rendered":"<h4 style=\"margin: 0px;padding: 0px 0px 16px;font-family: Lato, sans-serif;font-weight: bold;line-height: 3rem;color: var(--dark-grey3);font-size: 22px;font-style: normal;letter-spacing: normal;text-align: start;text-indent: 0px;text-transform: none\">Informa\u00e7\u00f5es t\u00e9cnicas<\/h4>\n<p><span style=\"margin: 0px;padding: 0px;font-weight: 450;font-size: 14px;line-height: 21px;color: var(--dark-grey2);font-family: Lato, sans-serif;font-style: normal;letter-spacing: normal;text-align: start;text-indent: 0px;text-transform: none\">Produto: Amassador de Latas<br \/>\nMarca: Western<br \/>\nMaterial: A\u00e7o<br \/>\nCor: Cinza \/ Preto<br \/>\nCaracter\u00edsticas: Amassa latas de at\u00e9 350ml<br \/>\nCabo anat\u00f4mico<br \/>\nItens Inclusos: 1 Amassador de Latas<br \/>\nParafusos para fixar na parede<br \/>\nDimens\u00f5es do produto (A X L X P): 8,2 x 10,5 x 31,7cm<br \/>\n<\/span><\/p>\n","protected":false},"featured_media":18741,"template":"","meta":{"_joinchat":[]},"product_brand":[],"product_cat":[136],"product_tag":[],"class_list":{"0":"post-18681","1":"product","2":"type-product","3":"status-publish","4":"has-post-thumbnail","6":"product_cat-lazer","8":"first","9":"outofstock","10":"shipping-taxable","11":"product-type-simple"},"_links":{"self":[{"href":"https:\/\/www.multicasa.com.br\/inicio\/wp-json\/wp\/v2\/product\/18681","targetHints":{"allow":["GET"]}}],"collection":[{"href":"https:\/\/www.multicasa.com.br\/inicio\/wp-json\/wp\/v2\/product"}],"about":[{"href":"https:\/\/www.multicasa.com.br\/inicio\/wp-json\/wp\/v2\/types\/product"}],"wp:featuredmedia":[{"embeddable":true,"href":"https:\/\/www.multicasa.com.br\/inicio\/wp-json\/wp\/v2\/media\/18741"}],"wp:attachment":[{"href":"https:\/\/www.multicasa.com.br\/inicio\/wp-json\/wp\/v2\/media?parent=18681"}],"wp:term":[{"taxonomy":"product_brand","embeddable":true,"href":"https:\/\/www.multicasa.com.br\/inicio\/wp-json\/wp\/v2\/product_brand?post=18681"},{"taxonomy":"product_cat","embeddable":true,"href":"https:\/\/www.multicasa.com.br\/inicio\/wp-json\/wp\/v2\/product_cat?post=18681"},{"taxonomy":"product_tag","embeddable":true,"href":"https:\/\/www.multicasa.com.br\/inicio\/wp-json\/wp\/v2\/product_tag?post=18681"}],"curies":[{"name":"wp","href":"https:\/\/api.w.org\/{rel}","templated":true}]}}