{"id":18735,"date":"2025-06-20T19:36:53","date_gmt":"2025-06-20T23:36:53","guid":{"rendered":"https:\/\/www.multicasa.com.br\/inicio\/?post_type=product&#038;p=18735"},"modified":"2025-06-20T19:37:47","modified_gmt":"2025-06-20T23:37:47","slug":"luminaria-led-noturna-lampiao-key-west-127v","status":"publish","type":"product","link":"https:\/\/www.multicasa.com.br\/inicio\/produto\/luminaria-led-noturna-lampiao-key-west-127v\/","title":{"rendered":"Lumin\u00e1ria Led Noturna Lampi\u00e3o Key West 127V"},"content":{"rendered":"<p>A Lumin\u00e1ria Led Noturna Lampi\u00e3o Key West \u00e9 perfeita para ser usada em lugares com baixa luminosidade, sem precisar acender a luz principal. De f\u00e1cil manuseio, basta ligar na tomada e apertar o bot\u00e3o. Com pot\u00eancia de 5w e tens\u00e3o el\u00e9trica de 127v, \u00e9 produzida em termopl\u00e1stico em formato de lampi\u00e3o, que al\u00e9m de decorar traz praticidade e seguran\u00e7a todos os dias.<\/p>\n","protected":false},"excerpt":{"rendered":"<h4 style=\"margin: 0px;padding: 0px 0px 16px;font-family: Lato, sans-serif;font-weight: bold;line-height: 3rem;color: var(--dark-grey3);font-size: 22px;font-style: normal;letter-spacing: normal;text-align: start;text-indent: 0px;text-transform: none\">Informa\u00e7\u00f5es t\u00e9cnicas<\/h4>\n<p><span style=\"margin: 0px;padding: 0px;font-weight: 450;font-size: 14px;line-height: 21px;color: var(--dark-grey2);font-family: Lato, sans-serif;font-style: normal;letter-spacing: normal;text-align: start;text-indent: 0px;text-transform: none\">Produto: Lumin\u00e1ria Noturna<br \/>\nMarca: Keywest<br \/>\nMaterial: Termopl\u00e1stico<br \/>\nCor: Preto<br \/>\nPot\u00eancia: 5w<br \/>\nTens\u00e3o el\u00e9trica: 127V<br \/>\nCaracter\u00edsticas: Formato de Lampi\u00e3o<br \/>\nBaixo consumo<br \/>\nPossui interruptor<br \/>\nPode ficar acesa a noite toda<br \/>\nItens Inclusos: 1 Lumin\u00e1ria Noturna<br \/>\nDimens\u00f5es do produto (A X L X P): 12 x 5 x 4cm<br \/>\n<\/span><\/p>\n","protected":false},"featured_media":18796,"template":"","meta":{"_joinchat":[]},"product_brand":[],"product_cat":[79],"product_tag":[],"class_list":{"0":"post-18735","1":"product","2":"type-product","3":"status-publish","4":"has-post-thumbnail","6":"product_cat-iluminacao-decorativa","8":"first","9":"outofstock","10":"shipping-taxable","11":"product-type-simple"},"_links":{"self":[{"href":"https:\/\/www.multicasa.com.br\/inicio\/wp-json\/wp\/v2\/product\/18735","targetHints":{"allow":["GET"]}}],"collection":[{"href":"https:\/\/www.multicasa.com.br\/inicio\/wp-json\/wp\/v2\/product"}],"about":[{"href":"https:\/\/www.multicasa.com.br\/inicio\/wp-json\/wp\/v2\/types\/product"}],"wp:featuredmedia":[{"embeddable":true,"href":"https:\/\/www.multicasa.com.br\/inicio\/wp-json\/wp\/v2\/media\/18796"}],"wp:attachment":[{"href":"https:\/\/www.multicasa.com.br\/inicio\/wp-json\/wp\/v2\/media?parent=18735"}],"wp:term":[{"taxonomy":"product_brand","embeddable":true,"href":"https:\/\/www.multicasa.com.br\/inicio\/wp-json\/wp\/v2\/product_brand?post=18735"},{"taxonomy":"product_cat","embeddable":true,"href":"https:\/\/www.multicasa.com.br\/inicio\/wp-json\/wp\/v2\/product_cat?post=18735"},{"taxonomy":"product_tag","embeddable":true,"href":"https:\/\/www.multicasa.com.br\/inicio\/wp-json\/wp\/v2\/product_tag?post=18735"}],"curies":[{"name":"wp","href":"https:\/\/api.w.org\/{rel}","templated":true}]}}