{"id":18789,"date":"2025-06-20T19:37:42","date_gmt":"2025-06-20T23:37:42","guid":{"rendered":"https:\/\/www.multicasa.com.br\/inicio\/?post_type=product&#038;p=18789"},"modified":"2025-06-20T19:38:45","modified_gmt":"2025-06-20T23:38:45","slug":"baralho-de-papel-imporiente","status":"publish","type":"product","link":"https:\/\/www.multicasa.com.br\/inicio\/produto\/baralho-de-papel-imporiente\/","title":{"rendered":"Baralho de Papel Imporiente"},"content":{"rendered":"<p>Hora da jogatina! Use o baralho de papel Imporiente para exercitar a mente com jogos de racioc\u00ednio, l\u00f3gica e estimular suas habilidades. Ideal para jogos como buraco, tranca, paci\u00eancia, truco e outros. Embalagem com 54 cartas.<\/p>\n","protected":false},"excerpt":{"rendered":"<h4 style=\"margin: 0px;padding: 0px 0px 16px;font-family: Lato, sans-serif;font-weight: bold;line-height: 3rem;color: var(--dark-grey3);font-size: 22px;font-style: normal;letter-spacing: normal;text-align: start;text-indent: 0px;text-transform: none\">Informa\u00e7\u00f5es t\u00e9cnicas<\/h4>\n<p><span style=\"margin: 0px;padding: 0px;font-weight: 450;font-size: 14px;line-height: 21px;color: var(--dark-grey2);font-family: Lato, sans-serif;font-style: normal;letter-spacing: normal;text-align: start;text-indent: 0px;text-transform: none\">Produto: Baralho<br \/>\nMarca: Imporiente<br \/>\nMaterial: Papel<br \/>\nCor: sortidas<br \/>\nCaracter\u00edsticas: Para jogar buraco, paci\u00eancia, tranca, truco e etc<br \/>\nDe 2 ou mais jogadores<br \/>\nItens inclusos: 54 cartas<br \/>\nDimens\u00f5es do produto (A X L): 8,6 x 5,6cm<\/p>\n<p><\/span><\/p>\n","protected":false},"featured_media":18857,"template":"","meta":{"_joinchat":[]},"product_brand":[],"product_cat":[136],"product_tag":[],"class_list":{"0":"post-18789","1":"product","2":"type-product","3":"status-publish","4":"has-post-thumbnail","6":"product_cat-lazer","8":"first","9":"outofstock","10":"shipping-taxable","11":"product-type-simple"},"_links":{"self":[{"href":"https:\/\/www.multicasa.com.br\/inicio\/wp-json\/wp\/v2\/product\/18789","targetHints":{"allow":["GET"]}}],"collection":[{"href":"https:\/\/www.multicasa.com.br\/inicio\/wp-json\/wp\/v2\/product"}],"about":[{"href":"https:\/\/www.multicasa.com.br\/inicio\/wp-json\/wp\/v2\/types\/product"}],"wp:featuredmedia":[{"embeddable":true,"href":"https:\/\/www.multicasa.com.br\/inicio\/wp-json\/wp\/v2\/media\/18857"}],"wp:attachment":[{"href":"https:\/\/www.multicasa.com.br\/inicio\/wp-json\/wp\/v2\/media?parent=18789"}],"wp:term":[{"taxonomy":"product_brand","embeddable":true,"href":"https:\/\/www.multicasa.com.br\/inicio\/wp-json\/wp\/v2\/product_brand?post=18789"},{"taxonomy":"product_cat","embeddable":true,"href":"https:\/\/www.multicasa.com.br\/inicio\/wp-json\/wp\/v2\/product_cat?post=18789"},{"taxonomy":"product_tag","embeddable":true,"href":"https:\/\/www.multicasa.com.br\/inicio\/wp-json\/wp\/v2\/product_tag?post=18789"}],"curies":[{"name":"wp","href":"https:\/\/api.w.org\/{rel}","templated":true}]}}