{"id":18839,"date":"2025-06-20T19:38:30","date_gmt":"2025-06-20T23:38:30","guid":{"rendered":"https:\/\/www.multicasa.com.br\/inicio\/?post_type=product&#038;p=18839"},"modified":"2025-08-17T19:15:30","modified_gmt":"2025-08-17T23:15:30","slug":"tanque-simp-inox-c-valv-50x40-27l-t","status":"publish","type":"product","link":"https:\/\/www.multicasa.com.br\/inicio\/produto\/tanque-simp-inox-c-valv-50x40-27l-t\/","title":{"rendered":"Tanque Simp.Inox C\/Valv.50X40 27L T"},"content":{"rendered":"<p>O Tanque de Encaixe Tramontina Hera 30 L em A\u00e7o Inox Acetinado 50&#215;40 cm \u00e9 essencial para a hora de lavar, enxaguar e deixar roupas e sapatos de molho? e tamb\u00e9m pode auxiliar na limpeza do quintal e da \u00e1rea externa da casa.<\/p>\n<p>Voc\u00ea pode escolher o modelo de tanque ideal para a sua casa de acordo com a sua necessidade e o espa\u00e7o que tiver dispon\u00edvel. O Tanque de Encaixe Tramontina Tanques em A\u00e7o Inox Acetinado 50&#215;40 cm \u00e9 produzido em a\u00e7o inox aisi 304, o que torna o produto mais higi\u00eanico e dur\u00e1vel. Fabricado no sistema monobloco, ou seja, sem solda, o tanque tamb\u00e9m apresenta borda de sobrepor e esfregador inclinado, com frisos arredondados, que auxiliam na lavagem de roupas. A pe\u00e7a acompanha v\u00e1lvula de alta qualidade, possui excelente veda\u00e7\u00e3o e \u00e9 de f\u00e1cil montagem. Tramontina e voc\u00ea aliando beleza e praticidade na sua casa!<\/p>\n","protected":false},"excerpt":{"rendered":"<h4 style=\"margin: 0px;padding: 0px 0px 16px;font-family: Lato, sans-serif;font-weight: bold;line-height: 3rem;color: var(--dark-grey3);font-size: 22px;font-style: normal;letter-spacing: normal;text-align: start;text-indent: 0px;text-transform: none\">Informa\u00e7\u00f5es t\u00e9cnicas<\/h4>\n<p><span style=\"margin: 0px;padding: 0px;font-weight: 450;font-size: 14px;line-height: 21px;color: var(--dark-grey2);font-family: Lato, sans-serif;font-style: normal;letter-spacing: normal;text-align: start;text-indent: 0px;text-transform: none\">Produto: TANQUE SIMP.INOX C\/VALV.50X40 27L T<br \/>\nMarca: TRAMONTINA<\/p>\n<p>&#8211; Marca: Tramontina;<br \/>\n&#8211; Cor: Inox;<br \/>\n&#8211; Estilo: Basico;<br \/>\n&#8211; Peso do produto: 2600 Gramas.<\/p>\n<p>Sobre este item<br \/>\n&#8211; A pe\u00e7a acompanha v\u00e1lvula de alta qualidade, possui excelente veda\u00e7\u00e3o e \u00e9 de f\u00e1cil montagem;<br \/>\n&#8211; Fabricado no sistema monobloco, ou seja, sem solda, o tanque tamb\u00e9m apresenta borda de sobrepor e esfregador inclinado, com frisos arredondados, que auxiliam na lavagem de roupas;<br \/>\n&#8211; Para um perfeito funcionamento da cuba, montar inicialmente a v\u00e1lvula. Remover a etiqueta colada na pia. Limpar a cuba com detergentes normais neutros.<\/span><\/p>\n","protected":false},"featured_media":26059,"template":"","meta":{"_joinchat":[]},"product_brand":[],"product_cat":[159],"product_tag":[],"class_list":{"0":"post-18839","1":"product","2":"type-product","3":"status-publish","4":"has-post-thumbnail","6":"product_cat-inox-e-cia","8":"first","9":"outofstock","10":"shipping-taxable","11":"purchasable","12":"product-type-simple"},"_links":{"self":[{"href":"https:\/\/www.multicasa.com.br\/inicio\/wp-json\/wp\/v2\/product\/18839","targetHints":{"allow":["GET"]}}],"collection":[{"href":"https:\/\/www.multicasa.com.br\/inicio\/wp-json\/wp\/v2\/product"}],"about":[{"href":"https:\/\/www.multicasa.com.br\/inicio\/wp-json\/wp\/v2\/types\/product"}],"wp:featuredmedia":[{"embeddable":true,"href":"https:\/\/www.multicasa.com.br\/inicio\/wp-json\/wp\/v2\/media\/26059"}],"wp:attachment":[{"href":"https:\/\/www.multicasa.com.br\/inicio\/wp-json\/wp\/v2\/media?parent=18839"}],"wp:term":[{"taxonomy":"product_brand","embeddable":true,"href":"https:\/\/www.multicasa.com.br\/inicio\/wp-json\/wp\/v2\/product_brand?post=18839"},{"taxonomy":"product_cat","embeddable":true,"href":"https:\/\/www.multicasa.com.br\/inicio\/wp-json\/wp\/v2\/product_cat?post=18839"},{"taxonomy":"product_tag","embeddable":true,"href":"https:\/\/www.multicasa.com.br\/inicio\/wp-json\/wp\/v2\/product_tag?post=18839"}],"curies":[{"name":"wp","href":"https:\/\/api.w.org\/{rel}","templated":true}]}}