{"id":18844,"date":"2025-06-20T19:38:31","date_gmt":"2025-06-20T23:38:31","guid":{"rendered":"https:\/\/www.multicasa.com.br\/inicio\/?post_type=product&#038;p=18844"},"modified":"2026-03-12T00:30:50","modified_gmt":"2026-03-12T04:30:50","slug":"bloqueador-de-ar-para-registro-aquamax","status":"publish","type":"product","link":"https:\/\/www.multicasa.com.br\/inicio\/produto\/bloqueador-de-ar-para-registro-aquamax\/","title":{"rendered":"Bloqueador de ar para registro Aquamax"},"content":{"rendered":"<p>Aquamax\u00ae \u00e9 uma v\u00e1lvula que bloqueia a entrada de ar que chega no hidr\u00f4metro. Sua tecnologia faz com que o ar retorne a tubula\u00e7\u00e3o da rua sem ser contabilizado, ou seja, voc\u00ea vai pagar somente pela \u00e1gua consumida e n\u00e3o mais pelo volume de ar. F\u00e1cil de instalar, o Aquamax\u00ae pode ser usado em resid\u00eancias, condom\u00ednios, ind\u00fastrias, etc.<\/p>\n","protected":false},"excerpt":{"rendered":"<h4 style=\"margin: 0px;padding: 0px 0px 16px;font-family: Lato, sans-serif;font-weight: bold;line-height: 3rem;color: var(--dark-grey3);font-size: 22px;font-style: normal;letter-spacing: normal;text-align: start;text-indent: 0px;text-transform: none\">Informa\u00e7\u00f5es t\u00e9cnicas<\/h4>\n<p><span style=\"margin: 0px;padding: 0px;font-weight: 450;font-size: 14px;line-height: 21px;color: var(--dark-grey2);font-family: Lato, sans-serif;font-style: normal;letter-spacing: normal;text-align: start;text-indent: 0px;text-transform: none\">&#8211; Redu\u00e7\u00e3o de at\u00e9 50% do valor da conta de \u00e1gua<br \/>\n&#8211; Satisfa\u00e7\u00e3o garantida ou seu dinheiro de volta<br \/>\n&#8211; 5 anos de garantia<br \/>\n&#8211; F\u00e1cil instala\u00e7\u00e3o<br \/>\n&#8211; Legalizado em todo Brasil<br \/>\n&#8211; Sem manuten\u00e7\u00e3o<br \/>\n&#8211; Excelente investimento (custo-benef\u00edcio)<br \/>\n&#8211; N\u00e3o enferruja<br \/>\n&#8211; N\u00e3o contamina a \u00e1gua<br \/>\n&#8211; Vida \u00fatil de aprox. 20 anos<br \/>\n&#8211; Economia em dobro nas cidades onde \u00e9 cobrada a taxa de esgoto<br \/>\n&#8211; Voc\u00ea paga somente pelo que consome<\/span><\/p>\n","protected":false},"featured_media":24691,"template":"","meta":{"_joinchat":[]},"product_brand":[],"product_cat":[73],"product_tag":[],"class_list":{"0":"post-18844","1":"product","2":"type-product","3":"status-publish","4":"has-post-thumbnail","6":"product_cat-tubos-e-conexoes","8":"first","9":"instock","10":"shipping-taxable","11":"purchasable","12":"product-type-simple"},"_links":{"self":[{"href":"https:\/\/www.multicasa.com.br\/inicio\/wp-json\/wp\/v2\/product\/18844","targetHints":{"allow":["GET"]}}],"collection":[{"href":"https:\/\/www.multicasa.com.br\/inicio\/wp-json\/wp\/v2\/product"}],"about":[{"href":"https:\/\/www.multicasa.com.br\/inicio\/wp-json\/wp\/v2\/types\/product"}],"wp:featuredmedia":[{"embeddable":true,"href":"https:\/\/www.multicasa.com.br\/inicio\/wp-json\/wp\/v2\/media\/24691"}],"wp:attachment":[{"href":"https:\/\/www.multicasa.com.br\/inicio\/wp-json\/wp\/v2\/media?parent=18844"}],"wp:term":[{"taxonomy":"product_brand","embeddable":true,"href":"https:\/\/www.multicasa.com.br\/inicio\/wp-json\/wp\/v2\/product_brand?post=18844"},{"taxonomy":"product_cat","embeddable":true,"href":"https:\/\/www.multicasa.com.br\/inicio\/wp-json\/wp\/v2\/product_cat?post=18844"},{"taxonomy":"product_tag","embeddable":true,"href":"https:\/\/www.multicasa.com.br\/inicio\/wp-json\/wp\/v2\/product_tag?post=18844"}],"curies":[{"name":"wp","href":"https:\/\/api.w.org\/{rel}","templated":true}]}}