{"id":18870,"date":"2025-06-20T19:38:57","date_gmt":"2025-06-20T23:38:57","guid":{"rendered":"https:\/\/www.multicasa.com.br\/inicio\/?post_type=product&#038;p=18870"},"modified":"2026-03-19T14:20:42","modified_gmt":"2026-03-19T18:20:42","slug":"engate-flex-inox-agua-q-f-1-2x40cm","status":"publish","type":"product","link":"https:\/\/www.multicasa.com.br\/inicio\/produto\/engate-flex-inox-agua-q-f-1-2x40cm\/","title":{"rendered":"Engate Flex.Inox Agua Q\/F 1\/2X40Cm"},"content":{"rendered":"<p>Engate flexivel aco inox agua m x f 1\/2 0,40m.Aplica\u00e7\u00e3o:.Instala\u00e7\u00f5es hidr\u00e1ulicas como bacias sanit\u00e1rias, torneiras, duchas higi\u00eanicas.Temperatura &#8211; Engate suporta at\u00e9 70\u00bac.Potabilidade &#8211; N\u00e3o altera a qualidade da \u00e1gua.Material &#8211; Liga de cobre, elast\u00f4meros e a\u00e7o inoxid\u00e1vel aisi 304.Rosca &#8211; \/2 (dn15) x 1\/2 (dn15) (mxf).Comprimento &#8211; 0,4 m<\/p>\n","protected":false},"excerpt":{"rendered":"<h4 style=\"margin: 0px;padding: 0px 0px 16px;font-family: Lato, sans-serif;font-weight: bold;line-height: 3rem;color: var(--dark-grey3);font-size: 22px;font-style: normal;letter-spacing: normal;text-align: start;text-indent: 0px;text-transform: none\">Informa\u00e7\u00f5es t\u00e9cnicas<\/h4>\n<p><span style=\"margin: 0px;padding: 0px;font-weight: 450;font-size: 14px;line-height: 21px;color: var(--dark-grey2);font-family: Lato, sans-serif;font-style: normal;letter-spacing: normal;text-align: start;text-indent: 0px;text-transform: none\">Produto: ENGATE FLEX.INOX AGUA Q\/F 1\/2X40CM<br \/>\nMarca: CENSI<br \/>\nCor: INOX<\/p>\n<p>Caracteristicas:<br \/>\n&#8211; Engate Flex\u00edvel Rabicho Alta Vaz\u00e3o 40cm Macho 1\/2 x F\u00eamea 3\/4&#8243;;<br \/>\n&#8211; Rosca macho 1\/2&#8243;;<br \/>\n&#8211; Rosca f\u00eamea 3\/4&#8243;.<\/span><\/p>\n","protected":false},"featured_media":25107,"template":"","meta":{"_joinchat":[]},"product_brand":[],"product_cat":[74],"product_tag":[],"class_list":{"0":"post-18870","1":"product","2":"type-product","3":"status-publish","4":"has-post-thumbnail","6":"product_cat-reparos-hidraulicos","8":"first","9":"instock","10":"shipping-taxable","11":"purchasable","12":"product-type-simple"},"_links":{"self":[{"href":"https:\/\/www.multicasa.com.br\/inicio\/wp-json\/wp\/v2\/product\/18870","targetHints":{"allow":["GET"]}}],"collection":[{"href":"https:\/\/www.multicasa.com.br\/inicio\/wp-json\/wp\/v2\/product"}],"about":[{"href":"https:\/\/www.multicasa.com.br\/inicio\/wp-json\/wp\/v2\/types\/product"}],"wp:featuredmedia":[{"embeddable":true,"href":"https:\/\/www.multicasa.com.br\/inicio\/wp-json\/wp\/v2\/media\/25107"}],"wp:attachment":[{"href":"https:\/\/www.multicasa.com.br\/inicio\/wp-json\/wp\/v2\/media?parent=18870"}],"wp:term":[{"taxonomy":"product_brand","embeddable":true,"href":"https:\/\/www.multicasa.com.br\/inicio\/wp-json\/wp\/v2\/product_brand?post=18870"},{"taxonomy":"product_cat","embeddable":true,"href":"https:\/\/www.multicasa.com.br\/inicio\/wp-json\/wp\/v2\/product_cat?post=18870"},{"taxonomy":"product_tag","embeddable":true,"href":"https:\/\/www.multicasa.com.br\/inicio\/wp-json\/wp\/v2\/product_tag?post=18870"}],"curies":[{"name":"wp","href":"https:\/\/api.w.org\/{rel}","templated":true}]}}