{"id":18895,"date":"2025-06-20T19:39:20","date_gmt":"2025-06-20T23:39:20","guid":{"rendered":"https:\/\/www.multicasa.com.br\/inicio\/?post_type=product&#038;p=18895"},"modified":"2025-06-20T19:39:29","modified_gmt":"2025-06-20T23:39:29","slug":"chaleira-inox-com-apito-2l-hauskraft","status":"publish","type":"product","link":"https:\/\/www.multicasa.com.br\/inicio\/produto\/chaleira-inox-com-apito-2l-hauskraft\/","title":{"rendered":"Chaleira Inox com Apito 2L Hauskraft"},"content":{"rendered":"<p>A Chaleira Inox com Apito Hauskraft auxilia na prepara\u00e7\u00e3o de alimentos e bebidas facilitando a rotina na cozinha. Possui corpo em a\u00e7o inoxid\u00e1vel, que garante maior durabilidade, n\u00e3o altera a cor, o aroma e o sabor dos l\u00edquidos, preservando seus nutrientes. Possui sistema inteligente, que emite um sinal sonoro quando a \u00e1gua est\u00e1 fervendo, evitando que voc\u00ea precise verificar a temperatura a todo momento ou esque\u00e7a a chaleira no fogo.<\/p>\n","protected":false},"excerpt":{"rendered":"<h4 style=\"margin: 0px;padding: 0px 0px 16px;font-family: Lato, sans-serif;font-weight: bold;line-height: 3rem;color: var(--dark-grey3);font-size: 22px;font-style: normal;letter-spacing: normal;text-align: start;text-indent: 0px;text-transform: none\">Informa\u00e7\u00f5es t\u00e9cnicas<\/h4>\n<p><span style=\"margin: 0px;padding: 0px;font-weight: 450;font-size: 14px;line-height: 21px;color: var(--dark-grey2);font-family: Lato, sans-serif;font-style: normal;letter-spacing: normal;text-align: start;text-indent: 0px;text-transform: none\">Produto: Chaleira                                                                                                                                                              Marca: Hauskraft                                                                                                                                                               Material: A\u00e7o inox                                                                                                                                                              Cor: Prata                                                                                                                                                                        Capacidade: 2 litros<br \/>\nCaracter\u00edsticas : Possui apito                                                                                                                                              Itens Inclusos: 1 chaleira                                                                                                                                                   Dimens\u00f5es do produto (A x L x C): 18 x 20 x 20cm                                                                                                              Peso: 0,375kg<\/span><\/p>\n","protected":false},"featured_media":18923,"template":"","meta":{"_joinchat":[]},"product_brand":[],"product_cat":[63],"product_tag":[],"class_list":{"0":"post-18895","1":"product","2":"type-product","3":"status-publish","4":"has-post-thumbnail","6":"product_cat-utilidades-do-lar","8":"first","9":"outofstock","10":"shipping-taxable","11":"product-type-simple"},"_links":{"self":[{"href":"https:\/\/www.multicasa.com.br\/inicio\/wp-json\/wp\/v2\/product\/18895","targetHints":{"allow":["GET"]}}],"collection":[{"href":"https:\/\/www.multicasa.com.br\/inicio\/wp-json\/wp\/v2\/product"}],"about":[{"href":"https:\/\/www.multicasa.com.br\/inicio\/wp-json\/wp\/v2\/types\/product"}],"wp:featuredmedia":[{"embeddable":true,"href":"https:\/\/www.multicasa.com.br\/inicio\/wp-json\/wp\/v2\/media\/18923"}],"wp:attachment":[{"href":"https:\/\/www.multicasa.com.br\/inicio\/wp-json\/wp\/v2\/media?parent=18895"}],"wp:term":[{"taxonomy":"product_brand","embeddable":true,"href":"https:\/\/www.multicasa.com.br\/inicio\/wp-json\/wp\/v2\/product_brand?post=18895"},{"taxonomy":"product_cat","embeddable":true,"href":"https:\/\/www.multicasa.com.br\/inicio\/wp-json\/wp\/v2\/product_cat?post=18895"},{"taxonomy":"product_tag","embeddable":true,"href":"https:\/\/www.multicasa.com.br\/inicio\/wp-json\/wp\/v2\/product_tag?post=18895"}],"curies":[{"name":"wp","href":"https:\/\/api.w.org\/{rel}","templated":true}]}}

<p>A Chaleira Inox com Apito Hauskraft auxilia na preparação de alimentos e bebidas facilitando a rotina na cozinha. Possui corpo em aço inoxidável, que garante maior durabilidade, não altera a cor, o aroma e o sabor dos líquidos, preservando seus nutrientes. Possui sistema inteligente, que emite um sinal sonoro quando a água está fervendo, evitando que você precise verificar a temperatura a todo momento ou esqueça a chaleira no fogo.</p>

<h4 style="margin: 0px;padding: 0px 0px 16px;font-family: Lato, sans-serif;font-weight: bold;line-height: 3rem;color: var(--dark-grey3);font-size: 22px;font-style: normal;letter-spacing: normal;text-align: start;text-indent: 0px;text-transform: none">Informações técnicas</h4>
<p><span style="margin: 0px;padding: 0px;font-weight: 450;font-size: 14px;line-height: 21px;color: var(--dark-grey2);font-family: Lato, sans-serif;font-style: normal;letter-spacing: normal;text-align: start;text-indent: 0px;text-transform: none">Produto: Chaleira                                                                                                                                                              Marca: Hauskraft                                                                                                                                                               Material: Aço inox                                                                                                                                                              Cor: Prata                                                                                                                                                                        Capacidade: 2 litros<br />
Características : Possui apito                                                                                                                                              Itens Inclusos: 1 chaleira                                                                                                                                                   Dimensões do produto (A x L x C): 18 x 20 x 20cm                                                                                                              Peso: 0,375kg</span></p>
