{"id":18897,"date":"2025-06-20T19:39:21","date_gmt":"2025-06-20T23:39:21","guid":{"rendered":"https:\/\/www.multicasa.com.br\/inicio\/?post_type=product&#038;p=18897"},"modified":"2025-06-20T19:39:32","modified_gmt":"2025-06-20T23:39:32","slug":"infusor-de-cha-de-aco-inox-western","status":"publish","type":"product","link":"https:\/\/www.multicasa.com.br\/inicio\/produto\/infusor-de-cha-de-aco-inox-western\/","title":{"rendered":"Infusor de Ch\u00e1 de A\u00e7o Inox Western"},"content":{"rendered":"<p>O Infusor de Ch\u00e1 de A\u00e7o Inox Western \u00e9 excelente para ser usado nas prepara\u00e7\u00f5es de ch\u00e1s. F\u00e1cil de usar, de limpar, com mecanismo de f\u00e1cil abertura e eficiente fechamento. Possui tela que possibilita que as ervas sejam depositadas seguramente, impedindo que part\u00edculas indesejadas cheguem at\u00e9 a x\u00edcara e com corrente para prender no cabo da x\u00edcara.<\/p>\n","protected":false},"excerpt":{"rendered":"<h4 style=\"margin: 0px;padding: 0px 0px 16px;font-family: Lato, sans-serif;font-weight: bold;line-height: 3rem;color: var(--dark-grey3);font-size: 22px;font-style: normal;letter-spacing: normal;text-align: start;text-indent: 0px;text-transform: none\">Informa\u00e7\u00f5es t\u00e9cnicas<\/h4>\n<p><span style=\"margin: 0px;padding: 0px;font-weight: 450;font-size: 14px;line-height: 21px;color: var(--dark-grey2);font-family: Lato, sans-serif;font-style: normal;letter-spacing: normal;text-align: start;text-indent: 0px;text-transform: none\">Produto: Infusor de Ch\u00e1<br \/>\nMarca: Western<br \/>\nMaterial: A\u00e7o inox<br \/>\nCor: Prata<br \/>\nCaracter\u00edsticas: Possui corrente para prender no cabo da x\u00edcara<br \/>\nPode ir no lava lou\u00e7as<br \/>\nN\u00e3o pode ir no micro-ondas<br \/>\nModo de Uso: Para utiliz\u00e1-lo de forma eficaz, coloque a erva de sua prefer\u00eancia ou especiarias.<br \/>\nFeche a peneira e adicione na \u00e1gua fervendo para realizar a infus\u00e3o do ch\u00e1.<br \/>\nItens Inclusos: 1 infusor de ch\u00e1<br \/>\nDimens\u00f5es do produto (A x L x C): 16,5 x 5 x 5cm<br \/>\nPeso: 0,200kg<\/span><\/p>\n","protected":false},"featured_media":18925,"template":"","meta":{"_joinchat":[]},"product_brand":[],"product_cat":[63],"product_tag":[],"class_list":{"0":"post-18897","1":"product","2":"type-product","3":"status-publish","4":"has-post-thumbnail","6":"product_cat-utilidades-do-lar","8":"first","9":"outofstock","10":"shipping-taxable","11":"product-type-simple"},"_links":{"self":[{"href":"https:\/\/www.multicasa.com.br\/inicio\/wp-json\/wp\/v2\/product\/18897","targetHints":{"allow":["GET"]}}],"collection":[{"href":"https:\/\/www.multicasa.com.br\/inicio\/wp-json\/wp\/v2\/product"}],"about":[{"href":"https:\/\/www.multicasa.com.br\/inicio\/wp-json\/wp\/v2\/types\/product"}],"wp:featuredmedia":[{"embeddable":true,"href":"https:\/\/www.multicasa.com.br\/inicio\/wp-json\/wp\/v2\/media\/18925"}],"wp:attachment":[{"href":"https:\/\/www.multicasa.com.br\/inicio\/wp-json\/wp\/v2\/media?parent=18897"}],"wp:term":[{"taxonomy":"product_brand","embeddable":true,"href":"https:\/\/www.multicasa.com.br\/inicio\/wp-json\/wp\/v2\/product_brand?post=18897"},{"taxonomy":"product_cat","embeddable":true,"href":"https:\/\/www.multicasa.com.br\/inicio\/wp-json\/wp\/v2\/product_cat?post=18897"},{"taxonomy":"product_tag","embeddable":true,"href":"https:\/\/www.multicasa.com.br\/inicio\/wp-json\/wp\/v2\/product_tag?post=18897"}],"curies":[{"name":"wp","href":"https:\/\/api.w.org\/{rel}","templated":true}]}}