{"id":18919,"date":"2025-06-20T19:39:24","date_gmt":"2025-06-20T23:39:24","guid":{"rendered":"https:\/\/www.multicasa.com.br\/inicio\/?post_type=product&#038;p=18919"},"modified":"2025-06-23T10:08:00","modified_gmt":"2025-06-23T14:08:00","slug":"fita-adesiva-antiderrapante-preta-3m-5m","status":"publish","type":"product","link":"https:\/\/www.multicasa.com.br\/inicio\/produto\/fita-adesiva-antiderrapante-preta-3m-5m\/","title":{"rendered":"Fita Adesiva Antiderrapante Preta 3M 5m"},"content":{"rendered":"<p>A Fita Adesiva Antiderrapante Preta 3M \u00e9 perfeita para prevenir quedas em \u00e1reas \u00famidas e escorregadias, como pisos de banheiro. Adesivo com base acr\u00edlica na cor preta com 5 metros, possui resist\u00eancia a \u00e1gua, mofo e bolor. F\u00e1cil instala\u00e7\u00e3o e textura confort\u00e1vel para os p\u00e9s.<\/p>\n","protected":false},"excerpt":{"rendered":"<h4 style=\"margin: 0px;padding: 0px 0px 16px;font-family: Lato, sans-serif;font-weight: bold;line-height: 3rem;color: var(--dark-grey3);font-size: 22px;font-style: normal;letter-spacing: normal;text-align: start;text-indent: 0px;text-transform: none\">Informa\u00e7\u00f5es t\u00e9cnicas<\/h4>\n<p><span style=\"margin: 0px;padding: 0px;font-weight: 450;font-size: 14px;line-height: 21px;color: var(--dark-grey2);font-family: Lato, sans-serif;font-style: normal;letter-spacing: normal;text-align: start;text-indent: 0px;text-transform: none\">Produto: Fita antiderrapante<br \/>\nMarca: 3M<br \/>\nMaterial: PVC e acr\u00edlico<br \/>\nCor: Preto<br \/>\nCaracter\u00edsticas: F\u00e1cil instala\u00e7\u00e3o, ideal para pisos e escadas, resistente a \u00e1gua, mofo e bolor<br \/>\nItens Inclusos: 1 Fita antiderrapante<br \/>\nDimens\u00f5es do produto (L X C): 5cm x 5m<\/span><\/p>\n","protected":false},"featured_media":25196,"template":"","meta":{"_joinchat":[]},"product_brand":[],"product_cat":[162],"product_tag":[],"class_list":{"0":"post-18919","1":"product","2":"type-product","3":"status-publish","4":"has-post-thumbnail","6":"product_cat-colas-e-cia","8":"first","9":"outofstock","10":"shipping-taxable","11":"product-type-simple"},"_links":{"self":[{"href":"https:\/\/www.multicasa.com.br\/inicio\/wp-json\/wp\/v2\/product\/18919","targetHints":{"allow":["GET"]}}],"collection":[{"href":"https:\/\/www.multicasa.com.br\/inicio\/wp-json\/wp\/v2\/product"}],"about":[{"href":"https:\/\/www.multicasa.com.br\/inicio\/wp-json\/wp\/v2\/types\/product"}],"wp:featuredmedia":[{"embeddable":true,"href":"https:\/\/www.multicasa.com.br\/inicio\/wp-json\/wp\/v2\/media\/25196"}],"wp:attachment":[{"href":"https:\/\/www.multicasa.com.br\/inicio\/wp-json\/wp\/v2\/media?parent=18919"}],"wp:term":[{"taxonomy":"product_brand","embeddable":true,"href":"https:\/\/www.multicasa.com.br\/inicio\/wp-json\/wp\/v2\/product_brand?post=18919"},{"taxonomy":"product_cat","embeddable":true,"href":"https:\/\/www.multicasa.com.br\/inicio\/wp-json\/wp\/v2\/product_cat?post=18919"},{"taxonomy":"product_tag","embeddable":true,"href":"https:\/\/www.multicasa.com.br\/inicio\/wp-json\/wp\/v2\/product_tag?post=18919"}],"curies":[{"name":"wp","href":"https:\/\/api.w.org\/{rel}","templated":true}]}}