{"id":19019,"date":"2025-06-20T19:40:41","date_gmt":"2025-06-20T23:40:41","guid":{"rendered":"https:\/\/www.multicasa.com.br\/inicio\/?post_type=product&#038;p=19019"},"modified":"2025-06-20T19:41:35","modified_gmt":"2025-06-20T23:41:35","slug":"sanduicheira-grill-cadence-san231-vermelha-750w-127v","status":"publish","type":"product","link":"https:\/\/www.multicasa.com.br\/inicio\/produto\/sanduicheira-grill-cadence-san231-vermelha-750w-127v\/","title":{"rendered":"Sanduicheira Grill Cadence SAN231 Vermelha 750W &#8211; 127V"},"content":{"rendered":"<p>Com a Sanduicheira Cadence modelo SAN231 na cor vermelha voc\u00ea grelha de maneira uniforme ao mesmo tempo ambos os lados do alimento, garantindo qualidade e rapidez. Possui superf\u00edcies antiaderentes que n\u00e3o deixam o alimento grudar e que s\u00e3o f\u00e1ceis de limpar. Com pot\u00eancia de 750w e entrada do cabo de alimenta\u00e7\u00e3o de 127v, conta com porta fio na base. Possui indicadores luminosos que sinalizam quando est\u00e1 ligado e pronto para uso e al\u00e9m disso \u00e9 multifun\u00e7\u00e3o, permitindo assar, grelhar e tostar. Al\u00e7a isot\u00e9rmica e com presilha para fechamento permitindo um manuseio seguro. A linha Cadence color \u00e9 a melhor escolha para sua cozinha.<\/p>\n","protected":false},"excerpt":{"rendered":"<h4 style=\"margin: 0px;padding: 0px 0px 16px;font-family: Lato, sans-serif;font-weight: bold;line-height: 3rem;color: var(--dark-grey3);font-size: 22px;font-style: normal;letter-spacing: normal;text-align: start;text-indent: 0px;text-transform: none\">Informa\u00e7\u00f5es t\u00e9cnicas<\/h4>\n<p><span style=\"margin: 0px;padding: 0px;font-weight: 450;font-size: 14px;line-height: 21px;color: var(--dark-grey2);font-family: Lato, sans-serif;font-style: normal;letter-spacing: normal;text-align: start;text-indent: 0px;text-transform: none\">Produto: Sanduicheira<br \/>\nTipo: El\u00e9trica<br \/>\nMarca: Cadence<br \/>\nModelo: SAN231<br \/>\nMaterial: Alum\u00ednio<br \/>\nPl\u00e1stico<br \/>\nCor: Vermelha<br \/>\nPot\u00eancia: 750w<br \/>\nTens\u00e3o el\u00e9trica: 127v<br \/>\nConsumo: 0,75kwh<br \/>\nCaracter\u00edsticas: Assa<br \/>\nGrelha<br \/>\nTosta Antiaderente<br \/>\nItens Inclusos: 1 sanduicheira<br \/>\nDimens\u00f5es do produto (A x L x P): 8,5 x 21,5 x 22,2cm<br \/>\nGarantia: 6 meses<br \/>\nOCP: 0040<br \/>\n<\/span><\/p>\n","protected":false},"featured_media":19081,"template":"","meta":{"_joinchat":[]},"product_brand":[],"product_cat":[93],"product_tag":[],"class_list":{"0":"post-19019","1":"product","2":"type-product","3":"status-publish","4":"has-post-thumbnail","6":"product_cat-utensilios-para-cozinha","8":"first","9":"outofstock","10":"shipping-taxable","11":"product-type-simple"},"_links":{"self":[{"href":"https:\/\/www.multicasa.com.br\/inicio\/wp-json\/wp\/v2\/product\/19019","targetHints":{"allow":["GET"]}}],"collection":[{"href":"https:\/\/www.multicasa.com.br\/inicio\/wp-json\/wp\/v2\/product"}],"about":[{"href":"https:\/\/www.multicasa.com.br\/inicio\/wp-json\/wp\/v2\/types\/product"}],"wp:featuredmedia":[{"embeddable":true,"href":"https:\/\/www.multicasa.com.br\/inicio\/wp-json\/wp\/v2\/media\/19081"}],"wp:attachment":[{"href":"https:\/\/www.multicasa.com.br\/inicio\/wp-json\/wp\/v2\/media?parent=19019"}],"wp:term":[{"taxonomy":"product_brand","embeddable":true,"href":"https:\/\/www.multicasa.com.br\/inicio\/wp-json\/wp\/v2\/product_brand?post=19019"},{"taxonomy":"product_cat","embeddable":true,"href":"https:\/\/www.multicasa.com.br\/inicio\/wp-json\/wp\/v2\/product_cat?post=19019"},{"taxonomy":"product_tag","embeddable":true,"href":"https:\/\/www.multicasa.com.br\/inicio\/wp-json\/wp\/v2\/product_tag?post=19019"}],"curies":[{"name":"wp","href":"https:\/\/api.w.org\/{rel}","templated":true}]}}