{"id":19080,"date":"2025-06-20T19:41:28","date_gmt":"2025-06-20T23:41:28","guid":{"rendered":"https:\/\/www.multicasa.com.br\/inicio\/?post_type=product&#038;p=19080"},"modified":"2026-02-25T16:18:55","modified_gmt":"2026-02-25T20:18:55","slug":"peneira-de-inox-uny-home-18cm","status":"publish","type":"product","link":"https:\/\/www.multicasa.com.br\/inicio\/produto\/peneira-de-inox-uny-home-18cm\/","title":{"rendered":"Peneira de Inox Uny Home 18cm"},"content":{"rendered":"<p>A Peneira de Pl\u00e1stico da Sanremo \u00e9 indicada para separar l\u00edquidos e s\u00f3lidos com efici\u00eancia, por exemplo escorrer ervilhas, milhos e muitos outros alimentos. Confeccionada em inox de alta resist\u00eancia com trama fechada e com cabo longo emborrachado que permite o escorrimento de l\u00edquidos quentes sem a proximidade das m\u00e3os . Use-a para ter mais praticidade na sua rotina de casa.<\/p>\n","protected":false},"excerpt":{"rendered":"<h4 style=\"margin: 0px;padding: 0px 0px 16px;font-family: Lato, sans-serif;font-weight: bold;line-height: 3rem;color: var(--dark-grey3);font-size: 22px;font-style: normal;letter-spacing: normal;text-align: start;text-indent: 0px;text-transform: none\">Informa\u00e7\u00f5es t\u00e9cnicas<\/h4>\n<p><span style=\"margin: 0px;padding: 0px;font-weight: 450;font-size: 14px;line-height: 21px;color: var(--dark-grey2);font-family: Lato, sans-serif;font-style: normal;letter-spacing: normal;text-align: start;text-indent: 0px;text-transform: none\">Produto: Peneira<br \/>\nMarca: Uny Home<br \/>\nMaterial: Metal e Borracha<br \/>\nCor: Sortida<br \/>\nItens Inclusos: 1 Peneira<br \/>\nDimens\u00f5es do produto (L): 18cm<\/span><\/p>\n","protected":false},"featured_media":19211,"template":"","meta":{"_joinchat":[]},"product_brand":[],"product_cat":[93],"product_tag":[],"class_list":{"0":"post-19080","1":"product","2":"type-product","3":"status-publish","4":"has-post-thumbnail","6":"product_cat-utensilios-para-cozinha","8":"first","9":"outofstock","10":"shipping-taxable","11":"product-type-simple"},"_links":{"self":[{"href":"https:\/\/www.multicasa.com.br\/inicio\/wp-json\/wp\/v2\/product\/19080","targetHints":{"allow":["GET"]}}],"collection":[{"href":"https:\/\/www.multicasa.com.br\/inicio\/wp-json\/wp\/v2\/product"}],"about":[{"href":"https:\/\/www.multicasa.com.br\/inicio\/wp-json\/wp\/v2\/types\/product"}],"wp:featuredmedia":[{"embeddable":true,"href":"https:\/\/www.multicasa.com.br\/inicio\/wp-json\/wp\/v2\/media\/19211"}],"wp:attachment":[{"href":"https:\/\/www.multicasa.com.br\/inicio\/wp-json\/wp\/v2\/media?parent=19080"}],"wp:term":[{"taxonomy":"product_brand","embeddable":true,"href":"https:\/\/www.multicasa.com.br\/inicio\/wp-json\/wp\/v2\/product_brand?post=19080"},{"taxonomy":"product_cat","embeddable":true,"href":"https:\/\/www.multicasa.com.br\/inicio\/wp-json\/wp\/v2\/product_cat?post=19080"},{"taxonomy":"product_tag","embeddable":true,"href":"https:\/\/www.multicasa.com.br\/inicio\/wp-json\/wp\/v2\/product_tag?post=19080"}],"curies":[{"name":"wp","href":"https:\/\/api.w.org\/{rel}","templated":true}]}}