{"id":19136,"date":"2025-06-20T19:42:25","date_gmt":"2025-06-20T23:42:25","guid":{"rendered":"https:\/\/www.multicasa.com.br\/inicio\/?post_type=product&#038;p=19136"},"modified":"2025-08-18T00:05:48","modified_gmt":"2025-08-18T04:05:48","slug":"omeleteira-eletrica-cadence-egg-oml100-branca-1000w-127v","status":"publish","type":"product","link":"https:\/\/www.multicasa.com.br\/inicio\/produto\/omeleteira-eletrica-cadence-egg-oml100-branca-1000w-127v\/","title":{"rendered":"Omeleteira El\u00e9trica Cadence Egg OML100 Branca 1000W &#8211; 127V"},"content":{"rendered":"<p>Fa\u00e7a deliciosos e saud\u00e1veis omeletes com a Omeleteira El\u00e9trica Cadence Egg OML100. Basta bater os ovos, colocar os recheios da sua prefer\u00eancia e, em poucos minutos, a sua refei\u00e7\u00e3o estar\u00e1 pronta. Possui espa\u00e7o para dois omeletes que permitem que voc\u00ea use sua imagina\u00e7\u00e3o para criar diferentes combina\u00e7\u00f5es com carnes, frango, legumes, queijos e outros. Suas chapas s\u00e3o antiaderentes de alta qualidade que n\u00e3o deixam o alimento grudar. Sua tecnologia tamb\u00e9m facilita a limpeza e garante a durabilidade do produto. Tem LEDs indicadores de ligado e aquecimento, al\u00e7as que n\u00e3o esquentam, porta-fio e p\u00e9s antiderrapantes. Acompanha uma esp\u00e1tula pr\u00e1tica para servir e tem pot\u00eancia de 1000w e voltagem de 127v.<\/p>\n","protected":false},"excerpt":{"rendered":"<h4 style=\"margin: 0px;padding: 0px 0px 16px;font-family: Lato, sans-serif;font-weight: bold;line-height: 3rem;color: var(--dark-grey3);font-size: 22px;font-style: normal;letter-spacing: normal;text-align: start;text-indent: 0px;text-transform: none\">Informa\u00e7\u00f5es t\u00e9cnicas<\/h4>\n<p><span style=\"margin: 0px;padding: 0px;font-weight: 450;font-size: 14px;line-height: 21px;color: var(--dark-grey2);font-family: Lato, sans-serif;font-style: normal;letter-spacing: normal;text-align: start;text-indent: 0px;text-transform: none\">Produto: Omeleteira El\u00e9trica<br \/>\nMarca: Cadence<br \/>\nModelo: OML100<br \/>\nMaterial: Pl\u00e1stico<br \/>\nCor: Branco<br \/>\nUso indicado: Prepara\u00e7\u00e3o de omeletes, tortillas, calzones, pizzas fritas, ovos poch\u00e9 e mais<br \/>\nPot\u00eancia: 1000w<br \/>\nTens\u00e3o el\u00e9trica: 127v<br \/>\nConsumo: 1,00kwh<br \/>\nCaracter\u00edsticas: Chapas antiaderentes<br \/>\nPorta fio na base<br \/>\nP\u00e9s antiderrapantes<br \/>\nAl\u00e7as que n\u00e3o esquentam<br \/>\nItens Inclusos: 1 Omeleteira<br \/>\n1 Esp\u00e1tula para servir<br \/>\nDimens\u00f5es do produto (A x L x P): 13 x 22,5 x 25,5cm<br \/>\nGarantia:<br \/>\nOCP: 0040<\/span><\/p>\n","protected":false},"featured_media":19241,"template":"","meta":{"_joinchat":[]},"product_brand":[],"product_cat":[93],"product_tag":[],"class_list":{"0":"post-19136","1":"product","2":"type-product","3":"status-publish","4":"has-post-thumbnail","6":"product_cat-utensilios-para-cozinha","8":"first","9":"outofstock","10":"shipping-taxable","11":"purchasable","12":"product-type-simple"},"_links":{"self":[{"href":"https:\/\/www.multicasa.com.br\/inicio\/wp-json\/wp\/v2\/product\/19136","targetHints":{"allow":["GET"]}}],"collection":[{"href":"https:\/\/www.multicasa.com.br\/inicio\/wp-json\/wp\/v2\/product"}],"about":[{"href":"https:\/\/www.multicasa.com.br\/inicio\/wp-json\/wp\/v2\/types\/product"}],"wp:featuredmedia":[{"embeddable":true,"href":"https:\/\/www.multicasa.com.br\/inicio\/wp-json\/wp\/v2\/media\/19241"}],"wp:attachment":[{"href":"https:\/\/www.multicasa.com.br\/inicio\/wp-json\/wp\/v2\/media?parent=19136"}],"wp:term":[{"taxonomy":"product_brand","embeddable":true,"href":"https:\/\/www.multicasa.com.br\/inicio\/wp-json\/wp\/v2\/product_brand?post=19136"},{"taxonomy":"product_cat","embeddable":true,"href":"https:\/\/www.multicasa.com.br\/inicio\/wp-json\/wp\/v2\/product_cat?post=19136"},{"taxonomy":"product_tag","embeddable":true,"href":"https:\/\/www.multicasa.com.br\/inicio\/wp-json\/wp\/v2\/product_tag?post=19136"}],"curies":[{"name":"wp","href":"https:\/\/api.w.org\/{rel}","templated":true}]}}