{"id":19264,"date":"2025-06-20T19:44:32","date_gmt":"2025-06-20T23:44:32","guid":{"rendered":"https:\/\/www.multicasa.com.br\/inicio\/?post_type=product&#038;p=19264"},"modified":"2025-08-18T00:14:32","modified_gmt":"2025-08-18T04:14:32","slug":"pote-hermetico-de-vidro-retangular-sanremo-19l","status":"publish","type":"product","link":"https:\/\/www.multicasa.com.br\/inicio\/produto\/pote-hermetico-de-vidro-retangular-sanremo-19l\/","title":{"rendered":"Pote Herm\u00e9tico de Vidro Retangular Sanremo 1,9L"},"content":{"rendered":"<p>O Pote Herm\u00e9tico Retangular Sanremo \u00e9 produzido em vidro borossilicato que \u00e9 resistente ao calor e qu\u00edmica. Com capacidade de 1,9L, resistente a varia\u00e7\u00e3o de temperatura de 180\u00b0C. Resistente e moderno, n\u00e3o fica engordurado e possui tampa com veda\u00e7\u00e3o herm\u00e9tica remov\u00edvel, possuindo quatro travas na tampa. F\u00e1cil de higienizar!<\/p>\n","protected":false},"excerpt":{"rendered":"<h4 style=\"margin: 0px;padding: 0px 0px 16px;font-family: Lato, sans-serif;font-weight: bold;line-height: 3rem;color: var(--dark-grey3);font-size: 22px;font-style: normal;letter-spacing: normal;text-align: start;text-indent: 0px;text-transform: none\">Informa\u00e7\u00f5es t\u00e9cnicas<\/h4>\n<p><span style=\"margin: 0px;padding: 0px;font-weight: 450;font-size: 14px;line-height: 21px;color: var(--dark-grey2);font-family: Lato, sans-serif;font-style: normal;letter-spacing: normal;text-align: start;text-indent: 0px;text-transform: none\">Produto: Pote<br \/>\nMarca: Sanremo<br \/>\nMaterial: Vidro Borossilicato<br \/>\nCor: Incolor e vermelho<br \/>\nCapacidade: 1,9L<br \/>\nCaracter\u00edsticas: Resistente ao calor e qu\u00edmica<br \/>\nResistente a varia\u00e7\u00e3o de at\u00e9 180\u00b0C<br \/>\nQuatro travas na tampa<br \/>\nItens Inclusos: 1 pote<br \/>\nDimens\u00f5es do produto (A X L X P): 6 x 18,5 x 13,6cm<\/span><\/p>\n","protected":false},"featured_media":19329,"template":"","meta":{"_joinchat":[]},"product_brand":[],"product_cat":[93],"product_tag":[],"class_list":{"0":"post-19264","1":"product","2":"type-product","3":"status-publish","4":"has-post-thumbnail","6":"product_cat-utensilios-para-cozinha","8":"first","9":"outofstock","10":"shipping-taxable","11":"purchasable","12":"product-type-simple"},"_links":{"self":[{"href":"https:\/\/www.multicasa.com.br\/inicio\/wp-json\/wp\/v2\/product\/19264","targetHints":{"allow":["GET"]}}],"collection":[{"href":"https:\/\/www.multicasa.com.br\/inicio\/wp-json\/wp\/v2\/product"}],"about":[{"href":"https:\/\/www.multicasa.com.br\/inicio\/wp-json\/wp\/v2\/types\/product"}],"wp:featuredmedia":[{"embeddable":true,"href":"https:\/\/www.multicasa.com.br\/inicio\/wp-json\/wp\/v2\/media\/19329"}],"wp:attachment":[{"href":"https:\/\/www.multicasa.com.br\/inicio\/wp-json\/wp\/v2\/media?parent=19264"}],"wp:term":[{"taxonomy":"product_brand","embeddable":true,"href":"https:\/\/www.multicasa.com.br\/inicio\/wp-json\/wp\/v2\/product_brand?post=19264"},{"taxonomy":"product_cat","embeddable":true,"href":"https:\/\/www.multicasa.com.br\/inicio\/wp-json\/wp\/v2\/product_cat?post=19264"},{"taxonomy":"product_tag","embeddable":true,"href":"https:\/\/www.multicasa.com.br\/inicio\/wp-json\/wp\/v2\/product_tag?post=19264"}],"curies":[{"name":"wp","href":"https:\/\/api.w.org\/{rel}","templated":true}]}}