{"id":19343,"date":"2025-06-20T19:45:44","date_gmt":"2025-06-20T23:45:44","guid":{"rendered":"https:\/\/www.multicasa.com.br\/inicio\/?post_type=product&#038;p=19343"},"modified":"2025-06-20T19:46:56","modified_gmt":"2025-06-20T23:46:56","slug":"modelador-para-kafta-em-plastico-branco-tia-ajuda","status":"publish","type":"product","link":"https:\/\/www.multicasa.com.br\/inicio\/produto\/modelador-para-kafta-em-plastico-branco-tia-ajuda\/","title":{"rendered":"Modelador para Kafta em Pl\u00e1stico Branco Tia Ajuda"},"content":{"rendered":"<p>F\u00e1cil e econ\u00f4mico, o Modelador de Kafta da Tia Ajuda \u00e9 feito de pl\u00e1stico \u00e9 ideal para evitar desperd\u00edcio de carne e fazer espetinhos de kafta na medida certa. Tem 13cm de altura e est\u00e1 dispon\u00edvel na cor branca. Seu material permite f\u00e1cil higieniza\u00e7\u00e3o e seu formato permite que seja guardado em qualquer lugar da sua cozinha. Perfeito para quem zela por um bom churrasco feito com praticidade.<\/p>\n","protected":false},"excerpt":{"rendered":"<h4 style=\"margin: 0px;padding: 0px 0px 16px;font-family: Lato, sans-serif;font-weight: bold;line-height: 3rem;color: var(--dark-grey3);font-size: 22px;font-style: normal;letter-spacing: normal;text-align: start;text-indent: 0px;text-transform: none\">Informa\u00e7\u00f5es t\u00e9cnicas<\/h4>\n<p><span style=\"margin: 0px;padding: 0px;font-weight: 450;font-size: 14px;line-height: 21px;color: var(--dark-grey2);font-family: Lato, sans-serif;font-style: normal;letter-spacing: normal;text-align: start;text-indent: 0px;text-transform: none\">Produto: Modelador de Kafta<br \/>\nMarca: Tia Ajuda<br \/>\nMaterial: Polipropileno<br \/>\nCor: Branco<br \/>\nCaracter\u00edstica: At\u00f3xico<br \/>\nItens Inclusos: 1 modelador de Kafta<br \/>\nDimens\u00f5es do produto (A x L): 13 x 3,2cm<\/span><\/p>\n","protected":false},"featured_media":19421,"template":"","meta":{"_joinchat":[]},"product_brand":[],"product_cat":[93],"product_tag":[],"class_list":{"0":"post-19343","1":"product","2":"type-product","3":"status-publish","4":"has-post-thumbnail","6":"product_cat-utensilios-para-cozinha","8":"first","9":"outofstock","10":"shipping-taxable","11":"product-type-simple"},"_links":{"self":[{"href":"https:\/\/www.multicasa.com.br\/inicio\/wp-json\/wp\/v2\/product\/19343","targetHints":{"allow":["GET"]}}],"collection":[{"href":"https:\/\/www.multicasa.com.br\/inicio\/wp-json\/wp\/v2\/product"}],"about":[{"href":"https:\/\/www.multicasa.com.br\/inicio\/wp-json\/wp\/v2\/types\/product"}],"wp:featuredmedia":[{"embeddable":true,"href":"https:\/\/www.multicasa.com.br\/inicio\/wp-json\/wp\/v2\/media\/19421"}],"wp:attachment":[{"href":"https:\/\/www.multicasa.com.br\/inicio\/wp-json\/wp\/v2\/media?parent=19343"}],"wp:term":[{"taxonomy":"product_brand","embeddable":true,"href":"https:\/\/www.multicasa.com.br\/inicio\/wp-json\/wp\/v2\/product_brand?post=19343"},{"taxonomy":"product_cat","embeddable":true,"href":"https:\/\/www.multicasa.com.br\/inicio\/wp-json\/wp\/v2\/product_cat?post=19343"},{"taxonomy":"product_tag","embeddable":true,"href":"https:\/\/www.multicasa.com.br\/inicio\/wp-json\/wp\/v2\/product_tag?post=19343"}],"curies":[{"name":"wp","href":"https:\/\/api.w.org\/{rel}","templated":true}]}}