{"id":19364,"date":"2025-06-20T19:46:07","date_gmt":"2025-06-20T23:46:07","guid":{"rendered":"https:\/\/www.multicasa.com.br\/inicio\/?post_type=product&#038;p=19364"},"modified":"2026-01-09T13:21:04","modified_gmt":"2026-01-09T17:21:04","slug":"kit-formas-assadeiras-de-metal-com-fundo-removivel-uny-home-3-pecas","status":"publish","type":"product","link":"https:\/\/www.multicasa.com.br\/inicio\/produto\/kit-formas-assadeiras-de-metal-com-fundo-removivel-uny-home-3-pecas\/","title":{"rendered":"Kit Formas Assadeiras de Metal com Fundo Remov\u00edvel Uny Home 3 Pe\u00e7as"},"content":{"rendered":"<p>O Kit de Formas Assadeiras da Uny Home inspiram qualquer dona de de casa ou cozinheiro amador a se aventurar e desenvolver diversas receitas. Em metal, o kit conta com 3 pe\u00e7as redondas de 24cm, 26cm e 28cm de di\u00e2metro. As formas s\u00e3o antiaderentes na cor preta e possuem trava lateral que quando desbloqueadas soltam a base promovendo facilidade para desenformar suas receitas.<\/p>\n","protected":false},"excerpt":{"rendered":"<h4 style=\"margin: 0px;padding: 0px 0px 16px;font-family: Lato, sans-serif;font-weight: bold;line-height: 3rem;color: var(--dark-grey3);font-size: 22px;font-style: normal;letter-spacing: normal;text-align: start;text-indent: 0px;text-transform: none\">Informa\u00e7\u00f5es t\u00e9cnicas<\/h4>\n<p><span style=\"margin: 0px;padding: 0px;font-weight: 450;font-size: 14px;line-height: 21px;color: var(--dark-grey2);font-family: Lato, sans-serif;font-style: normal;letter-spacing: normal;text-align: start;text-indent: 0px;text-transform: none\">Produto: Kit formas<br \/>\nMarca: Uny Home<br \/>\nMaterial: Metal<br \/>\nCor: Preto<br \/>\nCaracter\u00edsticas: Antiaderente<br \/>\nPossui trava lateral<br \/>\nItens Inclusos: 3 formas<br \/>\nDi\u00e2metro: Forma 1: 24cm<br \/>\nForma 2: 26cm<br \/>\nForma 3: 28cm<br \/>\n<\/span><\/p>\n","protected":false},"featured_media":19444,"template":"","meta":{"_joinchat":[]},"product_brand":[],"product_cat":[93],"product_tag":[],"class_list":{"0":"post-19364","1":"product","2":"type-product","3":"status-publish","4":"has-post-thumbnail","6":"product_cat-utensilios-para-cozinha","8":"first","9":"outofstock","10":"shipping-taxable","11":"product-type-simple"},"_links":{"self":[{"href":"https:\/\/www.multicasa.com.br\/inicio\/wp-json\/wp\/v2\/product\/19364","targetHints":{"allow":["GET"]}}],"collection":[{"href":"https:\/\/www.multicasa.com.br\/inicio\/wp-json\/wp\/v2\/product"}],"about":[{"href":"https:\/\/www.multicasa.com.br\/inicio\/wp-json\/wp\/v2\/types\/product"}],"wp:featuredmedia":[{"embeddable":true,"href":"https:\/\/www.multicasa.com.br\/inicio\/wp-json\/wp\/v2\/media\/19444"}],"wp:attachment":[{"href":"https:\/\/www.multicasa.com.br\/inicio\/wp-json\/wp\/v2\/media?parent=19364"}],"wp:term":[{"taxonomy":"product_brand","embeddable":true,"href":"https:\/\/www.multicasa.com.br\/inicio\/wp-json\/wp\/v2\/product_brand?post=19364"},{"taxonomy":"product_cat","embeddable":true,"href":"https:\/\/www.multicasa.com.br\/inicio\/wp-json\/wp\/v2\/product_cat?post=19364"},{"taxonomy":"product_tag","embeddable":true,"href":"https:\/\/www.multicasa.com.br\/inicio\/wp-json\/wp\/v2\/product_tag?post=19364"}],"curies":[{"name":"wp","href":"https:\/\/api.w.org\/{rel}","templated":true}]}}