{"id":19439,"date":"2025-06-20T19:47:19","date_gmt":"2025-06-20T23:47:19","guid":{"rendered":"https:\/\/www.multicasa.com.br\/inicio\/?post_type=product&#038;p=19439"},"modified":"2025-06-20T19:48:10","modified_gmt":"2025-06-20T23:48:10","slug":"feltro-protetor-adesivo-quadrado-preto-betters-22x22mm-20-pecas","status":"publish","type":"product","link":"https:\/\/www.multicasa.com.br\/inicio\/produto\/feltro-protetor-adesivo-quadrado-preto-betters-22x22mm-20-pecas\/","title":{"rendered":"Feltro Protetor Adesivo Quadrado Preto Betters 22x22mm &#8211; 20 Pe\u00e7as"},"content":{"rendered":"<p>O Feltro Protetor Adesivo Betters protege superf\u00edcies e objetos contra riscos, batidas e deslizamentos. Modelo quadrado na cor preto com fixa\u00e7\u00e3o r\u00e1pida, pr\u00e1tica e super forte, ideal para portas, paredes, ma\u00e7anetas, gavetas, mesas, etc. Os os protetores n\u00e3o amarelam, n\u00e3o possuem resina e n\u00e3o riscam, al\u00e9m de serem totalmente resistentes com excelente ader\u00eancia.<br \/>\nEmbalagem com 20 pe\u00e7as no tamanho de 22 x 22mm cada.<\/p>\n","protected":false},"excerpt":{"rendered":"<h4 style=\"margin: 0px;padding: 0px 0px 16px;font-family: Lato, sans-serif;font-weight: bold;line-height: 3rem;color: var(--dark-grey3);font-size: 22px;font-style: normal;letter-spacing: normal;text-align: start;text-indent: 0px;text-transform: none\">Informa\u00e7\u00f5es t\u00e9cnicas<\/h4>\n<p><span style=\"margin: 0px;padding: 0px;font-weight: 450;font-size: 14px;line-height: 21px;color: var(--dark-grey2);font-family: Lato, sans-serif;font-style: normal;letter-spacing: normal;text-align: start;text-indent: 0px;text-transform: none\"><br \/>\nProduto: Feltro Protetor Adesivo<br \/>\nMarca: Betters<br \/>\nMaterial: 100% Feltro<br \/>\nCor: Preto<br \/>\nCaracter\u00edsticas: Formato quadrado<br \/>\nN\u00e3o amarelam<br \/>\nSem resina<br \/>\nN\u00e3o riscam<br \/>\nItens inclusos: 20 Protetores adesivos<br \/>\nDimens\u00f5es do produto (A X L X P): 22 x 22 x 4mm<\/span><\/p>\n","protected":false},"featured_media":19500,"template":"","meta":{"_joinchat":[]},"product_brand":[],"product_cat":[162],"product_tag":[],"class_list":{"0":"post-19439","1":"product","2":"type-product","3":"status-publish","4":"has-post-thumbnail","6":"product_cat-colas-e-cia","8":"first","9":"outofstock","10":"shipping-taxable","11":"product-type-simple"},"_links":{"self":[{"href":"https:\/\/www.multicasa.com.br\/inicio\/wp-json\/wp\/v2\/product\/19439","targetHints":{"allow":["GET"]}}],"collection":[{"href":"https:\/\/www.multicasa.com.br\/inicio\/wp-json\/wp\/v2\/product"}],"about":[{"href":"https:\/\/www.multicasa.com.br\/inicio\/wp-json\/wp\/v2\/types\/product"}],"wp:featuredmedia":[{"embeddable":true,"href":"https:\/\/www.multicasa.com.br\/inicio\/wp-json\/wp\/v2\/media\/19500"}],"wp:attachment":[{"href":"https:\/\/www.multicasa.com.br\/inicio\/wp-json\/wp\/v2\/media?parent=19439"}],"wp:term":[{"taxonomy":"product_brand","embeddable":true,"href":"https:\/\/www.multicasa.com.br\/inicio\/wp-json\/wp\/v2\/product_brand?post=19439"},{"taxonomy":"product_cat","embeddable":true,"href":"https:\/\/www.multicasa.com.br\/inicio\/wp-json\/wp\/v2\/product_cat?post=19439"},{"taxonomy":"product_tag","embeddable":true,"href":"https:\/\/www.multicasa.com.br\/inicio\/wp-json\/wp\/v2\/product_tag?post=19439"}],"curies":[{"name":"wp","href":"https:\/\/api.w.org\/{rel}","templated":true}]}}