{"id":19470,"date":"2025-06-20T19:47:44","date_gmt":"2025-06-20T23:47:44","guid":{"rendered":"https:\/\/www.multicasa.com.br\/inicio\/?post_type=product&#038;p=19470"},"modified":"2025-06-20T19:48:38","modified_gmt":"2025-06-20T23:48:38","slug":"cadeado-de-latao-land-25mm","status":"publish","type":"product","link":"https:\/\/www.multicasa.com.br\/inicio\/produto\/cadeado-de-latao-land-25mm\/","title":{"rendered":"Cadeado de Lat\u00e3o Land 25mm"},"content":{"rendered":"<p>Trave portas, port\u00f5es, arm\u00e1rios e correntes usando o cadeado de lat\u00e3o de 25mm Land. Sua haste em a\u00e7o cromado e o disco interno anti-micha garantem resist\u00eancia e qualidade na hora de proporcionar seguran\u00e7a e confian\u00e7a. Al\u00e9m disso, conta com molas em a\u00e7o inoxid\u00e1vel resiste \u00e0 corros\u00e3o e acompanha 2 chaves de lat\u00e3o niqueladas.<\/p>\n","protected":false},"excerpt":{"rendered":"<h4 style=\"margin: 0px;padding: 0px 0px 16px;font-family: Lato, sans-serif;font-weight: bold;line-height: 3rem;color: var(--dark-grey3);font-size: 22px;font-style: normal;letter-spacing: normal;text-align: start;text-indent: 0px;text-transform: none\">Informa\u00e7\u00f5es t\u00e9cnicas<\/h4>\n<p><span style=\"margin: 0px;padding: 0px;font-weight: 450;font-size: 14px;line-height: 21px;color: var(--dark-grey2);font-family: Lato, sans-serif;font-style: normal;letter-spacing: normal;text-align: start;text-indent: 0px;text-transform: none\">Produto: Cadeado<br \/>\nMarca: Land<br \/>\nMaterial: Lat\u00e3o Maci\u00e7o<br \/>\nCaracter\u00edsticas: Corpo robusto de lat\u00e3o maci\u00e7o<br \/>\nHaste em a\u00e7o cromado<br \/>\nTrava simples de seguran\u00e7a<br \/>\nDisco ant-gazua<br \/>\nCilindro em lat\u00e3o trefilado<br \/>\nMola em a\u00e7o inoxid\u00e1vel<br \/>\nQuantidade de Pe\u00e7as: 3<br \/>\nItens Inclusos: 1 Cadeado<br \/>\n2 chaves<br \/>\nDimens\u00f5es (A): 2,5cm<\/p>\n<p><\/span><\/p>\n","protected":false},"featured_media":19531,"template":"","meta":{"_joinchat":[]},"product_brand":[],"product_cat":[161],"product_tag":[],"class_list":{"0":"post-19470","1":"product","2":"type-product","3":"status-publish","4":"has-post-thumbnail","6":"product_cat-seguranca","8":"first","9":"outofstock","10":"shipping-taxable","11":"product-type-simple"},"_links":{"self":[{"href":"https:\/\/www.multicasa.com.br\/inicio\/wp-json\/wp\/v2\/product\/19470","targetHints":{"allow":["GET"]}}],"collection":[{"href":"https:\/\/www.multicasa.com.br\/inicio\/wp-json\/wp\/v2\/product"}],"about":[{"href":"https:\/\/www.multicasa.com.br\/inicio\/wp-json\/wp\/v2\/types\/product"}],"wp:featuredmedia":[{"embeddable":true,"href":"https:\/\/www.multicasa.com.br\/inicio\/wp-json\/wp\/v2\/media\/19531"}],"wp:attachment":[{"href":"https:\/\/www.multicasa.com.br\/inicio\/wp-json\/wp\/v2\/media?parent=19470"}],"wp:term":[{"taxonomy":"product_brand","embeddable":true,"href":"https:\/\/www.multicasa.com.br\/inicio\/wp-json\/wp\/v2\/product_brand?post=19470"},{"taxonomy":"product_cat","embeddable":true,"href":"https:\/\/www.multicasa.com.br\/inicio\/wp-json\/wp\/v2\/product_cat?post=19470"},{"taxonomy":"product_tag","embeddable":true,"href":"https:\/\/www.multicasa.com.br\/inicio\/wp-json\/wp\/v2\/product_tag?post=19470"}],"curies":[{"name":"wp","href":"https:\/\/api.w.org\/{rel}","templated":true}]}}