{"id":19518,"date":"2025-06-20T19:48:31","date_gmt":"2025-06-20T23:48:31","guid":{"rendered":"https:\/\/www.multicasa.com.br\/inicio\/?post_type=product&#038;p=19518"},"modified":"2025-06-20T19:49:22","modified_gmt":"2025-06-20T23:49:22","slug":"marmita-de-plastico-com-talher-incolor-nitronplast-780ml","status":"publish","type":"product","link":"https:\/\/www.multicasa.com.br\/inicio\/produto\/marmita-de-plastico-com-talher-incolor-nitronplast-780ml\/","title":{"rendered":"Marmita de Pl\u00e1stico com Talher Incolor Nitronplast 780ml"},"content":{"rendered":"<p>A Marmita de Pl\u00e1stico da Nitronplast foi feita para voc\u00ea levar refei\u00e7\u00f5es e lanches onde quiser. Possui compartimento superior para guardar os talheres, companha garfo, faca e colher. Pode ser aquecida no micro-ondas e reservada no freezer ou geladeira com seguran\u00e7a. Com capacidade para at\u00e9 780ml, sua higieniza\u00e7\u00e3o pode ser feita na lava-lou\u00e7as. Indicada para quem precisa se alimentar fora de casa, mas n\u00e3o abre m\u00e3o de qualidade e sa\u00fade.<\/p>\n","protected":false},"excerpt":{"rendered":"<h4 style=\"margin: 0px;padding: 0px 0px 16px;font-family: Lato, sans-serif;font-weight: bold;line-height: 3rem;color: var(--dark-grey3);font-size: 22px;font-style: normal;letter-spacing: normal;text-align: start;text-indent: 0px;text-transform: none\">Informa\u00e7\u00f5es t\u00e9cnicas<\/h4>\n<p><span style=\"margin: 0px;padding: 0px;font-weight: 450;font-size: 14px;line-height: 21px;color: var(--dark-grey2);font-family: Lato, sans-serif;font-style: normal;letter-spacing: normal;text-align: start;text-indent: 0px;text-transform: none\">Produto: Marmita de Pl\u00e1stico<br \/>\nMarca: Nitronplastplast<br \/>\nMaterial: Pl\u00e1stico<br \/>\nCor: Incolor e Verde<br \/>\nCapacidade: 780ml<br \/>\nItens Inclusos: 1 marmita de pl\u00e1stico<br \/>\n3 Talheres<br \/>\nDimens\u00f5es do produto (L X P): 12,5 x 6cm<\/span><\/p>\n","protected":false},"featured_media":19574,"template":"","meta":{"_joinchat":[]},"product_brand":[],"product_cat":[93],"product_tag":[],"class_list":{"0":"post-19518","1":"product","2":"type-product","3":"status-publish","4":"has-post-thumbnail","6":"product_cat-utensilios-para-cozinha","8":"first","9":"outofstock","10":"shipping-taxable","11":"product-type-simple"},"_links":{"self":[{"href":"https:\/\/www.multicasa.com.br\/inicio\/wp-json\/wp\/v2\/product\/19518","targetHints":{"allow":["GET"]}}],"collection":[{"href":"https:\/\/www.multicasa.com.br\/inicio\/wp-json\/wp\/v2\/product"}],"about":[{"href":"https:\/\/www.multicasa.com.br\/inicio\/wp-json\/wp\/v2\/types\/product"}],"wp:featuredmedia":[{"embeddable":true,"href":"https:\/\/www.multicasa.com.br\/inicio\/wp-json\/wp\/v2\/media\/19574"}],"wp:attachment":[{"href":"https:\/\/www.multicasa.com.br\/inicio\/wp-json\/wp\/v2\/media?parent=19518"}],"wp:term":[{"taxonomy":"product_brand","embeddable":true,"href":"https:\/\/www.multicasa.com.br\/inicio\/wp-json\/wp\/v2\/product_brand?post=19518"},{"taxonomy":"product_cat","embeddable":true,"href":"https:\/\/www.multicasa.com.br\/inicio\/wp-json\/wp\/v2\/product_cat?post=19518"},{"taxonomy":"product_tag","embeddable":true,"href":"https:\/\/www.multicasa.com.br\/inicio\/wp-json\/wp\/v2\/product_tag?post=19518"}],"curies":[{"name":"wp","href":"https:\/\/api.w.org\/{rel}","templated":true}]}}