{"id":19527,"date":"2025-06-20T19:48:32","date_gmt":"2025-06-20T23:48:32","guid":{"rendered":"https:\/\/www.multicasa.com.br\/inicio\/?post_type=product&#038;p=19527"},"modified":"2025-12-16T18:31:23","modified_gmt":"2025-12-16T22:31:23","slug":"xicara-de-cafe-expresso-americano-nadir-figueiredo-90ml","status":"publish","type":"product","link":"https:\/\/www.multicasa.com.br\/inicio\/produto\/xicara-de-cafe-expresso-americano-nadir-figueiredo-90ml\/","title":{"rendered":"X\u00edcara de Caf\u00e9 Expresso Americano Nadir Figueiredo 90ml"},"content":{"rendered":"<p>A X\u00edcara de Caf\u00e9 Expresso Americano da Nadir Figueiredo \u00e9 ideal para servir \u00e0s visitas aquele caf\u00e9 quente e saboroso. Feita de vidro altamente dur\u00e1vel e com capacidade m\u00e1xima para 90ml, possui resist\u00eancia para micro-ondas, lava lou\u00e7as e freezer. Com design elegante, vai deixar a hora do caf\u00e9 ainda mais agrad\u00e1vel e sofisticada.<\/p>\n","protected":false},"excerpt":{"rendered":"<h4 style=\"margin: 0px;padding: 0px 0px 16px;font-family: Lato, sans-serif;font-weight: bold;line-height: 3rem;color: var(--dark-grey3);font-size: 22px;font-style: normal;letter-spacing: normal;text-align: start;text-indent: 0px;text-transform: none\">Informa\u00e7\u00f5es t\u00e9cnicas<\/h4>\n<p><span style=\"margin: 0px;padding: 0px;font-weight: 450;font-size: 14px;line-height: 21px;color: var(--dark-grey2);font-family: Lato, sans-serif;font-style: normal;letter-spacing: normal;text-align: start;text-indent: 0px;text-transform: none\">Produto: X\u00edcara<br \/>\nMarca: Nadir Figueiredo<br \/>\nModelo: Americano<br \/>\nMaterial: Vidro<br \/>\nCor: Incolor<br \/>\nCapacidade: 90ml<br \/>\nItens Inclusos: 1 x\u00edcara<br \/>\nDimens\u00f5es do produto (A X L X P): 25,7 x 19,2 x 8cm<\/span><\/p>\n","protected":false},"featured_media":26290,"template":"","meta":{"_joinchat":[]},"product_brand":[],"product_cat":[93],"product_tag":[],"class_list":{"0":"post-19527","1":"product","2":"type-product","3":"status-publish","4":"has-post-thumbnail","6":"product_cat-utensilios-para-cozinha","8":"first","9":"outofstock","10":"shipping-taxable","11":"product-type-simple"},"_links":{"self":[{"href":"https:\/\/www.multicasa.com.br\/inicio\/wp-json\/wp\/v2\/product\/19527","targetHints":{"allow":["GET"]}}],"collection":[{"href":"https:\/\/www.multicasa.com.br\/inicio\/wp-json\/wp\/v2\/product"}],"about":[{"href":"https:\/\/www.multicasa.com.br\/inicio\/wp-json\/wp\/v2\/types\/product"}],"wp:featuredmedia":[{"embeddable":true,"href":"https:\/\/www.multicasa.com.br\/inicio\/wp-json\/wp\/v2\/media\/26290"}],"wp:attachment":[{"href":"https:\/\/www.multicasa.com.br\/inicio\/wp-json\/wp\/v2\/media?parent=19527"}],"wp:term":[{"taxonomy":"product_brand","embeddable":true,"href":"https:\/\/www.multicasa.com.br\/inicio\/wp-json\/wp\/v2\/product_brand?post=19527"},{"taxonomy":"product_cat","embeddable":true,"href":"https:\/\/www.multicasa.com.br\/inicio\/wp-json\/wp\/v2\/product_cat?post=19527"},{"taxonomy":"product_tag","embeddable":true,"href":"https:\/\/www.multicasa.com.br\/inicio\/wp-json\/wp\/v2\/product_tag?post=19527"}],"curies":[{"name":"wp","href":"https:\/\/api.w.org\/{rel}","templated":true}]}}