{"id":19565,"date":"2025-06-20T19:49:18","date_gmt":"2025-06-20T23:49:18","guid":{"rendered":"https:\/\/www.multicasa.com.br\/inicio\/?post_type=product&#038;p=19565"},"modified":"2025-06-20T19:50:40","modified_gmt":"2025-06-20T23:50:40","slug":"kit-necessaire-para-mala-viagem-com-bolsa-interna-uny-gift","status":"publish","type":"product","link":"https:\/\/www.multicasa.com.br\/inicio\/produto\/kit-necessaire-para-mala-viagem-com-bolsa-interna-uny-gift\/","title":{"rendered":"Kit Necessaire para Mala\/Viagem com Bolsa Interna Uny Gift"},"content":{"rendered":"<p>Com o Kit Necessaire para Mala\/Viagem Uny Gift voc\u00ea poder\u00e1 arrumar mochilas e bolsas e planejar suas viagens com mais calma. Produzido em nylon e com bolsa interna \u00e9 perfeito para separar maquiagens, pequenos objetos, produtos de beleza e outros. Facilite sua vida ao chegar no seu destino!<\/p>\n","protected":false},"excerpt":{"rendered":"<h4 style=\"margin: 0px;padding: 0px 0px 16px;font-family: Lato, sans-serif;font-weight: bold;line-height: 3rem;color: var(--dark-grey3);font-size: 22px;font-style: normal;letter-spacing: normal;text-align: start;text-indent: 0px;text-transform: none\">Informa\u00e7\u00f5es t\u00e9cnicas<\/h4>\n<p><span style=\"margin: 0px;padding: 0px;font-weight: 450;font-size: 14px;line-height: 21px;color: var(--dark-grey2);font-family: Lato, sans-serif;font-style: normal;letter-spacing: normal;text-align: start;text-indent: 0px;text-transform: none\">Produto: Necessaire<br \/>\nMarca: Uny Gift<br \/>\nMaterial: Nylon<br \/>\nCor:<br \/>\nCaracter\u00edsticas: Com necessaire interna<br \/>\nItens Inclusos: 1 Necessaire<br \/>\nDimens\u00f5es do produto (A X L X P): 14 x 26 x 14cm<br \/>\n<\/span><\/p>\n","protected":false},"featured_media":19646,"template":"","meta":{"_joinchat":[]},"product_brand":[],"product_cat":[93],"product_tag":[],"class_list":{"0":"post-19565","1":"product","2":"type-product","3":"status-publish","4":"has-post-thumbnail","6":"product_cat-utensilios-para-cozinha","8":"first","9":"outofstock","10":"shipping-taxable","11":"product-type-simple"},"_links":{"self":[{"href":"https:\/\/www.multicasa.com.br\/inicio\/wp-json\/wp\/v2\/product\/19565","targetHints":{"allow":["GET"]}}],"collection":[{"href":"https:\/\/www.multicasa.com.br\/inicio\/wp-json\/wp\/v2\/product"}],"about":[{"href":"https:\/\/www.multicasa.com.br\/inicio\/wp-json\/wp\/v2\/types\/product"}],"wp:featuredmedia":[{"embeddable":true,"href":"https:\/\/www.multicasa.com.br\/inicio\/wp-json\/wp\/v2\/media\/19646"}],"wp:attachment":[{"href":"https:\/\/www.multicasa.com.br\/inicio\/wp-json\/wp\/v2\/media?parent=19565"}],"wp:term":[{"taxonomy":"product_brand","embeddable":true,"href":"https:\/\/www.multicasa.com.br\/inicio\/wp-json\/wp\/v2\/product_brand?post=19565"},{"taxonomy":"product_cat","embeddable":true,"href":"https:\/\/www.multicasa.com.br\/inicio\/wp-json\/wp\/v2\/product_cat?post=19565"},{"taxonomy":"product_tag","embeddable":true,"href":"https:\/\/www.multicasa.com.br\/inicio\/wp-json\/wp\/v2\/product_tag?post=19565"}],"curies":[{"name":"wp","href":"https:\/\/api.w.org\/{rel}","templated":true}]}}