{"id":19620,"date":"2025-06-20T19:50:09","date_gmt":"2025-06-20T23:50:09","guid":{"rendered":"https:\/\/www.multicasa.com.br\/inicio\/?post_type=product&#038;p=19620"},"modified":"2026-04-30T10:00:16","modified_gmt":"2026-04-30T14:00:16","slug":"dispositivo-dr-80a-4polos-steck","status":"publish","type":"product","link":"https:\/\/www.multicasa.com.br\/inicio\/produto\/dispositivo-dr-80a-4polos-steck\/","title":{"rendered":"Dispositivo Dr 80A 4Polos Steck"},"content":{"rendered":"<p>A linha de Disjuntores Steck s\u00e3o equipamentos de alta tecnologia que protegem fios e cabos el\u00e9tricos contra curto-circuitos e sobrecargas de energia, proporcionando aplica\u00e7\u00f5es seguras e econ\u00f4micas em instala\u00e7\u00f5es el\u00e9tricas residencias, comerciais e industriais. O dispositivo DR 80A 4P da Steck \u00e9 um dispositivo de seguran\u00e7a utilizado em instala\u00e7\u00f5es el\u00e9tricas. Sua principal fun\u00e7\u00e3o \u00e9 detectar pequenas fugas de corrente em ciruitos el\u00e9tricos, acionando o desligamento imediato da alimenta\u00e7\u00e3o e evitando que ocorram acidentes.<\/p>\n","protected":false},"excerpt":{"rendered":"<h4 style=\"margin: 0px;padding: 0px 0px 16px;font-family: Lato, sans-serif;font-weight: bold;line-height: 3rem;color: var(--dark-grey3);font-size: 22px;font-style: normal;letter-spacing: normal;text-align: start;text-indent: 0px;text-transform: none\">Informa\u00e7\u00f5es t\u00e9cnicas<\/h4>\n<p><span style=\"margin: 0px;padding: 0px;font-weight: 450;font-size: 14px;line-height: 21px;color: var(--dark-grey2);font-family: Lato, sans-serif;font-style: normal;letter-spacing: normal;text-align: start;text-indent: 0px;text-transform: none\">Produto: DISPOSITIVO DR 80A 4P<br \/>\nMarca: STECK<br \/>\nMaterial: A\u00e7o<br \/>\nCor: BRANCO<br \/>\nCaracter\u00edsticas: detectar pequenas fugas de corrente em ciruitos el\u00e9tricos, acionando o desligamento imediato da alimenta\u00e7\u00e3o.<br \/>\nDimens\u00f5es:<br \/>\nAltura:\t2 mm<br \/>\nLargura: 2 mm<br \/>\nProfundidade: 2 mm<br \/>\nComprimento: 2 mm<br \/>\nDi\u00e2metro: 2 mm<br \/>\nDimens\u00e3o: 2 mm<\/span><\/p>\n","protected":false},"featured_media":25071,"template":"","meta":{"_joinchat":[]},"product_brand":[],"product_cat":[119],"product_tag":[],"class_list":{"0":"post-19620","1":"product","2":"type-product","3":"status-publish","4":"has-post-thumbnail","6":"product_cat-materiais-eletricos","8":"first","9":"instock","10":"shipping-taxable","11":"purchasable","12":"product-type-simple"},"_links":{"self":[{"href":"https:\/\/www.multicasa.com.br\/inicio\/wp-json\/wp\/v2\/product\/19620","targetHints":{"allow":["GET"]}}],"collection":[{"href":"https:\/\/www.multicasa.com.br\/inicio\/wp-json\/wp\/v2\/product"}],"about":[{"href":"https:\/\/www.multicasa.com.br\/inicio\/wp-json\/wp\/v2\/types\/product"}],"wp:featuredmedia":[{"embeddable":true,"href":"https:\/\/www.multicasa.com.br\/inicio\/wp-json\/wp\/v2\/media\/25071"}],"wp:attachment":[{"href":"https:\/\/www.multicasa.com.br\/inicio\/wp-json\/wp\/v2\/media?parent=19620"}],"wp:term":[{"taxonomy":"product_brand","embeddable":true,"href":"https:\/\/www.multicasa.com.br\/inicio\/wp-json\/wp\/v2\/product_brand?post=19620"},{"taxonomy":"product_cat","embeddable":true,"href":"https:\/\/www.multicasa.com.br\/inicio\/wp-json\/wp\/v2\/product_cat?post=19620"},{"taxonomy":"product_tag","embeddable":true,"href":"https:\/\/www.multicasa.com.br\/inicio\/wp-json\/wp\/v2\/product_tag?post=19620"}],"curies":[{"name":"wp","href":"https:\/\/api.w.org\/{rel}","templated":true}]}}