{"id":19694,"date":"2025-06-20T19:51:20","date_gmt":"2025-06-20T23:51:20","guid":{"rendered":"https:\/\/www.multicasa.com.br\/inicio\/?post_type=product&#038;p=19694"},"modified":"2025-08-17T18:59:46","modified_gmt":"2025-08-17T22:59:46","slug":"fita-fixa-forte-dupla-face-para-banheiro-scotch-3m-24mmx1m","status":"publish","type":"product","link":"https:\/\/www.multicasa.com.br\/inicio\/produto\/fita-fixa-forte-dupla-face-para-banheiro-scotch-3m-24mmx1m\/","title":{"rendered":"Fita Fixa Forte Dupla Face para Banheiro Scotch 3M &#8211; 24mmx1m"},"content":{"rendered":"<p>Fita Fixa Forte Dupla Face para Banheiro Scotch 3M, \u00e9 a \u00fanica indicada para fixar de forma permanente espelhos, quadros, objetos decorativos e acess\u00f3rios em banheiros, devido a umidade do ambiente. Sua aplica\u00e7\u00e3o \u00e9 f\u00e1cil e segura, evitando a perfura\u00e7\u00e3o de superf\u00edcies e canos. Proporciona tamb\u00e9m fixa\u00e7\u00e3o permanente de qualidade profissional em ambientes \u00famidos, sua aplica\u00e7\u00e3o limpa e sem barulho dispensa o uso de pregos e parafusos, prevenindo dores de cabe\u00e7a com canos furados e revestimentos quebrados.<br \/>\nA fita fixa \u00e9 perfeita para fixa\u00e7\u00e3o de objetos em qualquer superf\u00edcie lisa, como paredes, acri\u00edicos, vidros, pl\u00e1sticos, metais, madeiras com verniz ou pintadas e revestimentos em ambientes internos.<\/p>\n","protected":false},"excerpt":{"rendered":"<h4 style=\"margin: 0px;padding: 0px 0px 16px;font-family: Lato, sans-serif;font-weight: bold;line-height: 3rem;color: var(--dark-grey3);font-size: 22px;font-style: normal;letter-spacing: normal;text-align: start;text-indent: 0px;text-transform: none\">Informa\u00e7\u00f5es t\u00e9cnicas<\/h4>\n<p><span style=\"margin: 0px;padding: 0px;font-weight: 450;font-size: 14px;line-height: 21px;color: var(--dark-grey2);font-family: Lato, sans-serif;font-style: normal;letter-spacing: normal;text-align: start;text-indent: 0px;text-transform: none\">Produto: Fita Dupla Face<br \/>\nMarca: 3M<br \/>\nCor: Branco e verde<br \/>\nUso indicado: Para fixar objetos no banheiro<br \/>\nCaracter\u00edsticas: Forte<br \/>\nExcelente fixa\u00e7\u00e3o<br \/>\n15cm suporta at\u00e9 500g<br \/>\nResistente a umidade<br \/>\nSubstitui pregos e parafusos<br \/>\nItens Inclusos: 1 Fita Dupla Face<br \/>\nDimens\u00f5es do produto (A X C): 24mm x 1m<br \/>\n<\/span><\/p>\n","protected":false},"featured_media":19763,"template":"","meta":{"_joinchat":[]},"product_brand":[],"product_cat":[162],"product_tag":[],"class_list":{"0":"post-19694","1":"product","2":"type-product","3":"status-publish","4":"has-post-thumbnail","6":"product_cat-colas-e-cia","8":"first","9":"outofstock","10":"shipping-taxable","11":"purchasable","12":"product-type-simple"},"_links":{"self":[{"href":"https:\/\/www.multicasa.com.br\/inicio\/wp-json\/wp\/v2\/product\/19694","targetHints":{"allow":["GET"]}}],"collection":[{"href":"https:\/\/www.multicasa.com.br\/inicio\/wp-json\/wp\/v2\/product"}],"about":[{"href":"https:\/\/www.multicasa.com.br\/inicio\/wp-json\/wp\/v2\/types\/product"}],"wp:featuredmedia":[{"embeddable":true,"href":"https:\/\/www.multicasa.com.br\/inicio\/wp-json\/wp\/v2\/media\/19763"}],"wp:attachment":[{"href":"https:\/\/www.multicasa.com.br\/inicio\/wp-json\/wp\/v2\/media?parent=19694"}],"wp:term":[{"taxonomy":"product_brand","embeddable":true,"href":"https:\/\/www.multicasa.com.br\/inicio\/wp-json\/wp\/v2\/product_brand?post=19694"},{"taxonomy":"product_cat","embeddable":true,"href":"https:\/\/www.multicasa.com.br\/inicio\/wp-json\/wp\/v2\/product_cat?post=19694"},{"taxonomy":"product_tag","embeddable":true,"href":"https:\/\/www.multicasa.com.br\/inicio\/wp-json\/wp\/v2\/product_tag?post=19694"}],"curies":[{"name":"wp","href":"https:\/\/api.w.org\/{rel}","templated":true}]}}