{"id":19726,"date":"2025-06-20T19:51:47","date_gmt":"2025-06-20T23:51:47","guid":{"rendered":"https:\/\/www.multicasa.com.br\/inicio\/?post_type=product&#038;p=19726"},"modified":"2025-06-23T09:50:25","modified_gmt":"2025-06-23T13:50:25","slug":"autotransformador-blindado-3000va-indusat","status":"publish","type":"product","link":"https:\/\/www.multicasa.com.br\/inicio\/produto\/autotransformador-blindado-3000va-indusat\/","title":{"rendered":"Autotransformador Blindado 3000Va Indusat"},"content":{"rendered":"<p>O autotransformador BLINDADO INDUSAT \u00e9 um produto fabricado com tecnologia que garante excelente funcionamento com durabilidade e seguran\u00e7a ao usu\u00e1rio. Nessa gama de produtos temos a confiabilidade da nossa marca, a qualidade e o suporte t\u00e9cnico de f\u00e1brica com mais de 40 anos de tradi\u00e7\u00e3o no mercado.<\/p>\n","protected":false},"excerpt":{"rendered":"<h4 style=\"margin: 0px;padding: 0px 0px 16px;font-family: Lato, sans-serif;font-weight: bold;line-height: 3rem;color: var(--dark-grey3);font-size: 22px;font-style: normal;letter-spacing: normal;text-align: start;text-indent: 0px;text-transform: none\">Informa\u00e7\u00f5es t\u00e9cnicas<\/h4>\n<p><span style=\"margin: 0px;padding: 0px;font-weight: 450;font-size: 14px;line-height: 21px;color: var(--dark-grey2);font-family: Lato, sans-serif;font-style: normal;letter-spacing: normal;text-align: start;text-indent: 0px;text-transform: none\">Produto: AUTOTRANSFORMADOR BLIND.3000VA<br \/>\nMarca: Indusat<br \/>\nMaterial: Pl\u00e1stico<br \/>\nCor: Preto<br \/>\nCaracter\u00edsticas:<br \/>\n&#8211; El\u00e9trica: Sem risco de choque el\u00e9trico.<br \/>\n&#8211; Contra Umidade: Base e laterais imperme\u00e1veis.<br \/>\n&#8211; Prote\u00e7\u00e3o T\u00e9rmica: Auto Desarme, Sem risco de queimaduras acidental<br \/>\n&#8211; Sem risco de Choque.<br \/>\n&#8211; Blindagem  Ac\u00fastica: Produto sem ru\u00eddo.<br \/>\n&#8211; Cabo sertificado INMETRO.<br \/>\n-Pot\u00eancia: 3000VA \/ 1800W<br \/>\n-Entrada: 127V Ou 220V  F N T<br \/>\n-Sa\u00edda: 220V Ou 127  F N T<\/span><\/p>\n","protected":false},"featured_media":24646,"template":"","meta":{"_joinchat":[]},"product_brand":[],"product_cat":[119],"product_tag":[],"class_list":{"0":"post-19726","1":"product","2":"type-product","3":"status-publish","4":"has-post-thumbnail","6":"product_cat-materiais-eletricos","8":"first","9":"outofstock","10":"shipping-taxable","11":"product-type-simple"},"_links":{"self":[{"href":"https:\/\/www.multicasa.com.br\/inicio\/wp-json\/wp\/v2\/product\/19726","targetHints":{"allow":["GET"]}}],"collection":[{"href":"https:\/\/www.multicasa.com.br\/inicio\/wp-json\/wp\/v2\/product"}],"about":[{"href":"https:\/\/www.multicasa.com.br\/inicio\/wp-json\/wp\/v2\/types\/product"}],"wp:featuredmedia":[{"embeddable":true,"href":"https:\/\/www.multicasa.com.br\/inicio\/wp-json\/wp\/v2\/media\/24646"}],"wp:attachment":[{"href":"https:\/\/www.multicasa.com.br\/inicio\/wp-json\/wp\/v2\/media?parent=19726"}],"wp:term":[{"taxonomy":"product_brand","embeddable":true,"href":"https:\/\/www.multicasa.com.br\/inicio\/wp-json\/wp\/v2\/product_brand?post=19726"},{"taxonomy":"product_cat","embeddable":true,"href":"https:\/\/www.multicasa.com.br\/inicio\/wp-json\/wp\/v2\/product_cat?post=19726"},{"taxonomy":"product_tag","embeddable":true,"href":"https:\/\/www.multicasa.com.br\/inicio\/wp-json\/wp\/v2\/product_tag?post=19726"}],"curies":[{"name":"wp","href":"https:\/\/api.w.org\/{rel}","templated":true}]}}