{"id":19836,"date":"2025-06-20T19:53:26","date_gmt":"2025-06-20T23:53:26","guid":{"rendered":"https:\/\/www.multicasa.com.br\/inicio\/?post_type=product&#038;p=19836"},"modified":"2025-12-16T18:38:12","modified_gmt":"2025-12-16T22:38:12","slug":"espremedor-de-limao-em-plastico-com-reservatorio-uny-gift","status":"publish","type":"product","link":"https:\/\/www.multicasa.com.br\/inicio\/produto\/espremedor-de-limao-em-plastico-com-reservatorio-uny-gift\/","title":{"rendered":"Espremedor de Lim\u00e3o em Pl\u00e1stico com Reservat\u00f3rio Uny Gift"},"content":{"rendered":"<p>Espremedor de Lim\u00e3o UnyGift com reservat\u00f3rio em pl\u00e1stico, tire o m\u00e1ximo de suco do lim\u00e3o sem ter contato com a fruta. Ideal para prepara\u00e7\u00e3o de pequenas por\u00e7\u00f5es de suco de lim\u00e3o, seja para usar em coquet\u00e9is, em bolos, saladas ou refrescos.<\/p>\n","protected":false},"excerpt":{"rendered":"<h4 style=\"margin: 0px;padding: 0px 0px 16px;font-family: Lato, sans-serif;font-weight: bold;line-height: 3rem;color: var(--dark-grey3);font-size: 22px;font-style: normal;letter-spacing: normal;text-align: start;text-indent: 0px;text-transform: none\">Informa\u00e7\u00f5es t\u00e9cnicas<\/h4>\n<p><span style=\"margin: 0px;padding: 0px;font-weight: 450;font-size: 14px;line-height: 21px;color: var(--dark-grey2);font-family: Lato, sans-serif;font-style: normal;letter-spacing: normal;text-align: start;text-indent: 0px;text-transform: none\">Produto: Espremedor de fruta<br \/>\nMarca: Uny Gift<br \/>\nMaterial: Pl\u00e1stico<br \/>\nCor: sortidas<br \/>\nCaracter\u00edsticas: Com reservat\u00f3rio<br \/>\nItens Inclusos: 1 espremedor de fruta<br \/>\nDimens\u00f5es do produto (A x L): 7 x 11cm<\/span><\/p>\n","protected":false},"featured_media":19926,"template":"","meta":{"_joinchat":[]},"product_brand":[],"product_cat":[93],"product_tag":[],"class_list":{"0":"post-19836","1":"product","2":"type-product","3":"status-publish","4":"has-post-thumbnail","6":"product_cat-utensilios-para-cozinha","8":"first","9":"outofstock","10":"shipping-taxable","11":"purchasable","12":"product-type-simple"},"_links":{"self":[{"href":"https:\/\/www.multicasa.com.br\/inicio\/wp-json\/wp\/v2\/product\/19836","targetHints":{"allow":["GET"]}}],"collection":[{"href":"https:\/\/www.multicasa.com.br\/inicio\/wp-json\/wp\/v2\/product"}],"about":[{"href":"https:\/\/www.multicasa.com.br\/inicio\/wp-json\/wp\/v2\/types\/product"}],"wp:featuredmedia":[{"embeddable":true,"href":"https:\/\/www.multicasa.com.br\/inicio\/wp-json\/wp\/v2\/media\/19926"}],"wp:attachment":[{"href":"https:\/\/www.multicasa.com.br\/inicio\/wp-json\/wp\/v2\/media?parent=19836"}],"wp:term":[{"taxonomy":"product_brand","embeddable":true,"href":"https:\/\/www.multicasa.com.br\/inicio\/wp-json\/wp\/v2\/product_brand?post=19836"},{"taxonomy":"product_cat","embeddable":true,"href":"https:\/\/www.multicasa.com.br\/inicio\/wp-json\/wp\/v2\/product_cat?post=19836"},{"taxonomy":"product_tag","embeddable":true,"href":"https:\/\/www.multicasa.com.br\/inicio\/wp-json\/wp\/v2\/product_tag?post=19836"}],"curies":[{"name":"wp","href":"https:\/\/api.w.org\/{rel}","templated":true}]}}