{"id":19956,"date":"2025-06-20T19:55:26","date_gmt":"2025-06-20T23:55:26","guid":{"rendered":"https:\/\/www.multicasa.com.br\/inicio\/?post_type=product&#038;p=19956"},"modified":"2025-06-20T19:56:56","modified_gmt":"2025-06-20T23:56:56","slug":"descascador-de-alho-de-silicone-uny-home","status":"publish","type":"product","link":"https:\/\/www.multicasa.com.br\/inicio\/produto\/descascador-de-alho-de-silicone-uny-home\/","title":{"rendered":"Descascador de Alho de Silicone Uny Home"},"content":{"rendered":"<p>Compacto e com design simples, o Descascador de Alho de Silicone da Uny Home leva praticidade e facilidade a sua cozinha. Seu material resistente e leve facilita a limpeza do utens\u00edlio. Para \u00fatiliz\u00e1-lo, coloque o dentes de alho dentro do descascador e friccione entre as duas m\u00e3os ou sobre uma superf\u00edcie plana. Tem dimens\u00f5es de 3,5 x 13 cm e \u00e9 ideal para quem deseja ganhar agilidade na hora de preparar sua comida.<\/p>\n","protected":false},"excerpt":{"rendered":"<h4 style=\"margin: 0px;padding: 0px 0px 16px;font-family: Lato, sans-serif;font-weight: bold;line-height: 3rem;color: var(--dark-grey3);font-size: 22px;font-style: normal;letter-spacing: normal;text-align: start;text-indent: 0px;text-transform: none\">Informa\u00e7\u00f5es t\u00e9cnicas<\/h4>\n<p><span style=\"margin: 0px;padding: 0px;font-weight: 450;font-size: 14px;line-height: 21px;color: var(--dark-grey2);font-family: Lato, sans-serif;font-style: normal;letter-spacing: normal;text-align: start;text-indent: 0px;text-transform: none\">Produto: Descascador de Alho<br \/>\nMarca: Uny Home<br \/>\nMaterial: Silicone<br \/>\nCor: sortidas<br \/>\nItens Inclusos: 1 descascador de alho<br \/>\nDimens\u00f5es do produto (A X L): 3,5 x 13cm<\/span><\/p>\n","protected":false},"featured_media":20037,"template":"","meta":{"_joinchat":[]},"product_brand":[],"product_cat":[93],"product_tag":[],"class_list":{"0":"post-19956","1":"product","2":"type-product","3":"status-publish","4":"has-post-thumbnail","6":"product_cat-utensilios-para-cozinha","8":"first","9":"outofstock","10":"shipping-taxable","11":"product-type-simple"},"_links":{"self":[{"href":"https:\/\/www.multicasa.com.br\/inicio\/wp-json\/wp\/v2\/product\/19956","targetHints":{"allow":["GET"]}}],"collection":[{"href":"https:\/\/www.multicasa.com.br\/inicio\/wp-json\/wp\/v2\/product"}],"about":[{"href":"https:\/\/www.multicasa.com.br\/inicio\/wp-json\/wp\/v2\/types\/product"}],"wp:featuredmedia":[{"embeddable":true,"href":"https:\/\/www.multicasa.com.br\/inicio\/wp-json\/wp\/v2\/media\/20037"}],"wp:attachment":[{"href":"https:\/\/www.multicasa.com.br\/inicio\/wp-json\/wp\/v2\/media?parent=19956"}],"wp:term":[{"taxonomy":"product_brand","embeddable":true,"href":"https:\/\/www.multicasa.com.br\/inicio\/wp-json\/wp\/v2\/product_brand?post=19956"},{"taxonomy":"product_cat","embeddable":true,"href":"https:\/\/www.multicasa.com.br\/inicio\/wp-json\/wp\/v2\/product_cat?post=19956"},{"taxonomy":"product_tag","embeddable":true,"href":"https:\/\/www.multicasa.com.br\/inicio\/wp-json\/wp\/v2\/product_tag?post=19956"}],"curies":[{"name":"wp","href":"https:\/\/api.w.org\/{rel}","templated":true}]}}