{"id":20005,"date":"2025-06-20T19:56:14","date_gmt":"2025-06-20T23:56:14","guid":{"rendered":"https:\/\/www.multicasa.com.br\/inicio\/?post_type=product&#038;p=20005"},"modified":"2025-12-16T18:41:15","modified_gmt":"2025-12-16T22:41:15","slug":"abridor-de-tampas-multifuncional-uny-home","status":"publish","type":"product","link":"https:\/\/www.multicasa.com.br\/inicio\/produto\/abridor-de-tampas-multifuncional-uny-home\/","title":{"rendered":"Abridor de Tampas Multifuncional Uny Home"},"content":{"rendered":"<p>Abridor de Tampas Multifuncional Uny Home, fabricado em pl\u00e1stico super-resistente. Os problemas pra abrir tampas de rosca ou potes acabaram! Este super pr\u00e1tico abridor de tampas, por ser em silicone, adere bem \u00e0 tampa sem deixar escorregar e possui 4 tamanhos para tamanhos diferentes, das maiores at\u00e9 as menores. Um produto fundamental na cozinha.<\/p>\n","protected":false},"excerpt":{"rendered":"<h4 style=\"margin: 0px;padding: 0px 0px 16px;font-family: Lato, sans-serif;font-weight: bold;line-height: 3rem;color: var(--dark-grey3);font-size: 22px;font-style: normal;letter-spacing: normal;text-align: start;text-indent: 0px;text-transform: none\">Informa\u00e7\u00f5es t\u00e9cnicas<\/h4>\n<p><span style=\"margin: 0px;padding: 0px;font-weight: 450;font-size: 14px;line-height: 21px;color: var(--dark-grey2);font-family: Lato, sans-serif;font-style: normal;letter-spacing: normal;text-align: start;text-indent: 0px;text-transform: none\">Produto: Abridor de frascos<br \/>\nTipo: Multifuncional<br \/>\nMarca: Uny Home<br \/>\nMaterial: Pl\u00e1stico<br \/>\nCor: sortidos<br \/>\nCompat\u00edvel com tampas: 6,5cm-7,5cm \/ 2.6- 3<br \/>\n5cm-6cm \/ 2 &#8211; 2.4<br \/>\n4cm-5cm \/ 1.6 &#8211; 2<br \/>\n3cm-4cm \/ 1.2 &#8211; 1.6<br \/>\nItens Inclusos: 1 abridor de frascos<br \/>\nDimens\u00f5es do produto (A): 22cm<\/span><\/p>\n","protected":false},"featured_media":20101,"template":"","meta":{"_joinchat":[]},"product_brand":[],"product_cat":[93],"product_tag":[],"class_list":{"0":"post-20005","1":"product","2":"type-product","3":"status-publish","4":"has-post-thumbnail","6":"product_cat-utensilios-para-cozinha","8":"first","9":"outofstock","10":"shipping-taxable","11":"product-type-simple"},"_links":{"self":[{"href":"https:\/\/www.multicasa.com.br\/inicio\/wp-json\/wp\/v2\/product\/20005","targetHints":{"allow":["GET"]}}],"collection":[{"href":"https:\/\/www.multicasa.com.br\/inicio\/wp-json\/wp\/v2\/product"}],"about":[{"href":"https:\/\/www.multicasa.com.br\/inicio\/wp-json\/wp\/v2\/types\/product"}],"wp:featuredmedia":[{"embeddable":true,"href":"https:\/\/www.multicasa.com.br\/inicio\/wp-json\/wp\/v2\/media\/20101"}],"wp:attachment":[{"href":"https:\/\/www.multicasa.com.br\/inicio\/wp-json\/wp\/v2\/media?parent=20005"}],"wp:term":[{"taxonomy":"product_brand","embeddable":true,"href":"https:\/\/www.multicasa.com.br\/inicio\/wp-json\/wp\/v2\/product_brand?post=20005"},{"taxonomy":"product_cat","embeddable":true,"href":"https:\/\/www.multicasa.com.br\/inicio\/wp-json\/wp\/v2\/product_cat?post=20005"},{"taxonomy":"product_tag","embeddable":true,"href":"https:\/\/www.multicasa.com.br\/inicio\/wp-json\/wp\/v2\/product_tag?post=20005"}],"curies":[{"name":"wp","href":"https:\/\/api.w.org\/{rel}","templated":true}]}}