{"id":20052,"date":"2025-06-20T19:57:00","date_gmt":"2025-06-20T23:57:00","guid":{"rendered":"https:\/\/www.multicasa.com.br\/inicio\/?post_type=product&#038;p=20052"},"modified":"2025-06-20T19:58:53","modified_gmt":"2025-06-20T23:58:53","slug":"tabua-de-corte-retangular-multiuso-de-bambu-western-34x24cm","status":"publish","type":"product","link":"https:\/\/www.multicasa.com.br\/inicio\/produto\/tabua-de-corte-retangular-multiuso-de-bambu-western-34x24cm\/","title":{"rendered":"T\u00e1bua de Corte Retangular Multiuso de Bambu Western 34x24cm"},"content":{"rendered":"<p>A T\u00e1bua de Corte Multiuso de Bambu Western \u00e9 a op\u00e7\u00e3o ideal para manusear, preparar, cortar e servir seus alimentos. \u00d3tima para ser utilizada no churrasco, como t\u00e1bua de frios e cortar outros alimentos. Produzida em bambu, se tornando segura para manusear e preparar seu alimento, pois evita a contamina\u00e7\u00e3o do mesmo. Mede 34 x 24cm e possui argola articulada no topo (que gira e dobra), podendo ser pendurada ou guardada em uma gaveta.<\/p>\n","protected":false},"excerpt":{"rendered":"<h4 style=\"margin: 0px;padding: 0px 0px 16px;font-family: Lato, sans-serif;font-weight: bold;line-height: 3rem;color: var(--dark-grey3);font-size: 22px;font-style: normal;letter-spacing: normal;text-align: start;text-indent: 0px;text-transform: none\">Informa\u00e7\u00f5es t\u00e9cnicas<\/h4>\n<p><span style=\"margin: 0px;padding: 0px;font-weight: 450;font-size: 14px;line-height: 21px;color: var(--dark-grey2);font-family: Lato, sans-serif;font-style: normal;letter-spacing: normal;text-align: start;text-indent: 0px;text-transform: none\">Produto: T\u00e1bua de corte retangular multiuso<br \/>\nMarca: Western<br \/>\nMaterial: Bambu<br \/>\nMetal<br \/>\nCor: Marrom<br \/>\nCaracter\u00edsticas: Possui argola articulada<br \/>\nItens Inclusos: 1 t\u00e1bua de corte<br \/>\nDimens\u00f5es do produto (A x L x C): 34 x 24 x 1,4cm<br \/>\nPeso: 0,800kg<\/span><\/p>\n","protected":false},"featured_media":20154,"template":"","meta":{"_joinchat":[]},"product_brand":[],"product_cat":[93],"product_tag":[],"class_list":{"0":"post-20052","1":"product","2":"type-product","3":"status-publish","4":"has-post-thumbnail","6":"product_cat-utensilios-para-cozinha","8":"first","9":"outofstock","10":"shipping-taxable","11":"product-type-simple"},"_links":{"self":[{"href":"https:\/\/www.multicasa.com.br\/inicio\/wp-json\/wp\/v2\/product\/20052","targetHints":{"allow":["GET"]}}],"collection":[{"href":"https:\/\/www.multicasa.com.br\/inicio\/wp-json\/wp\/v2\/product"}],"about":[{"href":"https:\/\/www.multicasa.com.br\/inicio\/wp-json\/wp\/v2\/types\/product"}],"wp:featuredmedia":[{"embeddable":true,"href":"https:\/\/www.multicasa.com.br\/inicio\/wp-json\/wp\/v2\/media\/20154"}],"wp:attachment":[{"href":"https:\/\/www.multicasa.com.br\/inicio\/wp-json\/wp\/v2\/media?parent=20052"}],"wp:term":[{"taxonomy":"product_brand","embeddable":true,"href":"https:\/\/www.multicasa.com.br\/inicio\/wp-json\/wp\/v2\/product_brand?post=20052"},{"taxonomy":"product_cat","embeddable":true,"href":"https:\/\/www.multicasa.com.br\/inicio\/wp-json\/wp\/v2\/product_cat?post=20052"},{"taxonomy":"product_tag","embeddable":true,"href":"https:\/\/www.multicasa.com.br\/inicio\/wp-json\/wp\/v2\/product_tag?post=20052"}],"curies":[{"name":"wp","href":"https:\/\/api.w.org\/{rel}","templated":true}]}}