{"id":20096,"date":"2025-06-20T19:57:50","date_gmt":"2025-06-20T23:57:50","guid":{"rendered":"https:\/\/www.multicasa.com.br\/inicio\/?post_type=product&#038;p=20096"},"modified":"2025-06-20T19:59:25","modified_gmt":"2025-06-20T23:59:25","slug":"pipoqueira-eletrica-cadence-pop-movie-vermelha-127v","status":"publish","type":"product","link":"https:\/\/www.multicasa.com.br\/inicio\/produto\/pipoqueira-eletrica-cadence-pop-movie-vermelha-127v\/","title":{"rendered":"Pipoqueira El\u00e9trica Cadence Pop Movie Vermelha 127V"},"content":{"rendered":"<p>A Pipoqueira el\u00e9trica Cadence na cor vermelha oferece praticidade e agilidade com pipocas mais saud\u00e1veis e sem a necessidade do uso de \u00f3leo, sendo estouradas apenas com a for\u00e7a do vapor. Basta ligar, colocar a quantidade ideal com aux\u00edlio da tampa medidora e esperar. Com pot\u00eancia de 1200w e tens\u00e3o el\u00e9trica de 127v sua pipoca fica pronta em poucos minutos. Com capacidade para 60g de pipoca e bocal direcionador maior, para que a pipoca saia diretamente na tigela. Tenha mais sabor e conforto na hora de preparar sua pipoca com a Pipoqueira Pop movie da Cadence.<\/p>\n","protected":false},"excerpt":{"rendered":"<h4 style=\"margin: 0px;padding: 0px 0px 16px;font-family: Lato, sans-serif;font-weight: bold;line-height: 3rem;color: var(--dark-grey3);font-size: 22px;font-style: normal;letter-spacing: normal;text-align: start;text-indent: 0px;text-transform: none\">Informa\u00e7\u00f5es t\u00e9cnicas<\/h4>\n<p><span style=\"margin: 0px;padding: 0px;font-weight: 450;font-size: 14px;line-height: 21px;color: var(--dark-grey2);font-family: Lato, sans-serif;font-style: normal;letter-spacing: normal;text-align: start;text-indent: 0px;text-transform: none\">Produto: Pipoqueira<br \/>\nTipo: El\u00e9trica<br \/>\nMarca: Cadence<br \/>\nModelo: POP205<br \/>\nMaterial: Pl\u00e1stico<br \/>\nCor: Vermelho<br \/>\nPot\u00eancia: 1200w<br \/>\nTens\u00e3o el\u00e9trica: 127v<br \/>\nCapacidade: 60g de pipoca<br \/>\nItens Inclusos: 1 pipoqueira<br \/>\nDimens\u00f5es do produto (A x L x P): 29 x 15 x 18,3cm<br \/>\nGarantia: 6 meses<br \/>\nOCP: 0040<\/span><\/p>\n","protected":false},"featured_media":20182,"template":"","meta":{"_joinchat":[]},"product_brand":[],"product_cat":[93],"product_tag":[],"class_list":{"0":"post-20096","1":"product","2":"type-product","3":"status-publish","4":"has-post-thumbnail","6":"product_cat-utensilios-para-cozinha","8":"first","9":"outofstock","10":"shipping-taxable","11":"product-type-simple"},"_links":{"self":[{"href":"https:\/\/www.multicasa.com.br\/inicio\/wp-json\/wp\/v2\/product\/20096","targetHints":{"allow":["GET"]}}],"collection":[{"href":"https:\/\/www.multicasa.com.br\/inicio\/wp-json\/wp\/v2\/product"}],"about":[{"href":"https:\/\/www.multicasa.com.br\/inicio\/wp-json\/wp\/v2\/types\/product"}],"wp:featuredmedia":[{"embeddable":true,"href":"https:\/\/www.multicasa.com.br\/inicio\/wp-json\/wp\/v2\/media\/20182"}],"wp:attachment":[{"href":"https:\/\/www.multicasa.com.br\/inicio\/wp-json\/wp\/v2\/media?parent=20096"}],"wp:term":[{"taxonomy":"product_brand","embeddable":true,"href":"https:\/\/www.multicasa.com.br\/inicio\/wp-json\/wp\/v2\/product_brand?post=20096"},{"taxonomy":"product_cat","embeddable":true,"href":"https:\/\/www.multicasa.com.br\/inicio\/wp-json\/wp\/v2\/product_cat?post=20096"},{"taxonomy":"product_tag","embeddable":true,"href":"https:\/\/www.multicasa.com.br\/inicio\/wp-json\/wp\/v2\/product_tag?post=20096"}],"curies":[{"name":"wp","href":"https:\/\/api.w.org\/{rel}","templated":true}]}}