{"id":20196,"date":"2025-06-20T19:59:34","date_gmt":"2025-06-20T23:59:34","guid":{"rendered":"https:\/\/www.multicasa.com.br\/inicio\/?post_type=product&#038;p=20196"},"modified":"2025-12-16T18:44:01","modified_gmt":"2025-12-16T22:44:01","slug":"acucareiro-de-aco-inox-com-colher-uny-home","status":"publish","type":"product","link":"https:\/\/www.multicasa.com.br\/inicio\/produto\/acucareiro-de-aco-inox-com-colher-uny-home\/","title":{"rendered":"A\u00e7ucareiro de A\u00e7o Inox com Colher Uny Home"},"content":{"rendered":"<p>O A\u00e7ucareiro da Uny Home \u00e9 fabricado com a\u00e7o inox resistente e de excelente qualidade, garantindo sempre um alimento mais saud\u00e1vel. Seu design moderno, cl\u00e1ssico e pr\u00e1tico com formato redondo e acabamento cromado, traduz praticidade e requinte para o seu dia a dia. Um toque de charme em sua mesa.<\/p>\n","protected":false},"excerpt":{"rendered":"<h4 style=\"margin: 0px;padding: 0px 0px 16px;font-family: Lato, sans-serif;font-weight: bold;line-height: 3rem;color: var(--dark-grey3);font-size: 22px;font-style: normal;letter-spacing: normal;text-align: start;text-indent: 0px;text-transform: none\">Informa\u00e7\u00f5es t\u00e9cnicas<\/h4>\n<p><span style=\"margin: 0px;padding: 0px;font-weight: 450;font-size: 14px;line-height: 21px;color: var(--dark-grey2);font-family: Lato, sans-serif;font-style: normal;letter-spacing: normal;text-align: start;text-indent: 0px;text-transform: none\">Produto: A\u00e7ucareiro<br \/>\nMarca: Uny Home<br \/>\nMaterial: A\u00e7o Inox e tampa de vidro<br \/>\nCor: Cromado<br \/>\nQuantidade de pe\u00e7as: 2<br \/>\nItens Inclusos: 1 a\u00e7ucareiro e 1 colher<br \/>\nDimens\u00f5es do produto (A x L x P): 8,5 x 9,5 x 8,5cm                                                                                                           Peso: 0,152kg<\/span><\/p>\n","protected":false},"featured_media":20278,"template":"","meta":{"_joinchat":[]},"product_brand":[],"product_cat":[93],"product_tag":[],"class_list":{"0":"post-20196","1":"product","2":"type-product","3":"status-publish","4":"has-post-thumbnail","6":"product_cat-utensilios-para-cozinha","8":"first","9":"instock","10":"shipping-taxable","11":"purchasable","12":"product-type-simple"},"_links":{"self":[{"href":"https:\/\/www.multicasa.com.br\/inicio\/wp-json\/wp\/v2\/product\/20196","targetHints":{"allow":["GET"]}}],"collection":[{"href":"https:\/\/www.multicasa.com.br\/inicio\/wp-json\/wp\/v2\/product"}],"about":[{"href":"https:\/\/www.multicasa.com.br\/inicio\/wp-json\/wp\/v2\/types\/product"}],"wp:featuredmedia":[{"embeddable":true,"href":"https:\/\/www.multicasa.com.br\/inicio\/wp-json\/wp\/v2\/media\/20278"}],"wp:attachment":[{"href":"https:\/\/www.multicasa.com.br\/inicio\/wp-json\/wp\/v2\/media?parent=20196"}],"wp:term":[{"taxonomy":"product_brand","embeddable":true,"href":"https:\/\/www.multicasa.com.br\/inicio\/wp-json\/wp\/v2\/product_brand?post=20196"},{"taxonomy":"product_cat","embeddable":true,"href":"https:\/\/www.multicasa.com.br\/inicio\/wp-json\/wp\/v2\/product_cat?post=20196"},{"taxonomy":"product_tag","embeddable":true,"href":"https:\/\/www.multicasa.com.br\/inicio\/wp-json\/wp\/v2\/product_tag?post=20196"}],"curies":[{"name":"wp","href":"https:\/\/api.w.org\/{rel}","templated":true}]}}