{"id":20199,"date":"2025-06-20T19:59:35","date_gmt":"2025-06-20T23:59:35","guid":{"rendered":"https:\/\/www.multicasa.com.br\/inicio\/?post_type=product&#038;p=20199"},"modified":"2026-02-19T10:01:07","modified_gmt":"2026-02-19T14:01:07","slug":"kit-com-3-espatulas-para-confeitaria-em-inox-uny-gift","status":"publish","type":"product","link":"https:\/\/www.multicasa.com.br\/inicio\/produto\/kit-com-3-espatulas-para-confeitaria-em-inox-uny-gift\/","title":{"rendered":"Kit com 3 Esp\u00e1tulas para Confeitaria em Inox Uny Gift"},"content":{"rendered":"<p>O Kit com 3 esp\u00e1tulas Uny Gift \u00e9 ideal para o uso em confeitaria para uniformizar recheios e cobrir bolos. Seu design ergon\u00f4mico \u00e9 ideal para n\u00e3o cansar suas m\u00e3os. O jogo de esp\u00e1tulas conta com: 1 esp\u00e1tula angular com a ponta fina, 1 esp\u00e1tula angular e 1 esp\u00e1tula reta que s\u00e3o ideias para finalizar bordas e uniformizar a cobertura. Perfeitas para uso caseiro ou profissional.<\/p>\n","protected":false},"excerpt":{"rendered":"<h4 style=\"margin: 0px;padding: 0px 0px 16px;font-family: Lato, sans-serif;font-weight: bold;line-height: 3rem;color: var(--dark-grey3);font-size: 22px;font-style: normal;letter-spacing: normal;text-align: start;text-indent: 0px;text-transform: none\">Informa\u00e7\u00f5es t\u00e9cnicas<\/h4>\n<p><span style=\"margin: 0px;padding: 0px;font-weight: 450;font-size: 14px;line-height: 21px;color: var(--dark-grey2);font-family: Lato, sans-serif;font-style: normal;letter-spacing: normal;text-align: start;text-indent: 0px;text-transform: none\">Produto: Esp\u00e1tulas de confeitaria<br \/>\nMarca: Uny Gift<br \/>\nMaterial: A\u00e7o Inox<br \/>\nPl\u00e1stico<br \/>\nCor: Vermelho<br \/>\nUso indicado: Trabalhos de confeitaria<br \/>\nQuantidade de pe\u00e7as: 3<br \/>\nItens Inclusos: 1 esp\u00e1tula reta<br \/>\n1 esp\u00e1tula angular<br \/>\n1 esp\u00e1tula angular ponta fina<br \/>\nDimens\u00f5es do produto (L): Ponta fina 21,8cm<br \/>\nAngular 22,6cm<br \/>\nReta 22,7cm<\/span><\/p>\n","protected":false},"featured_media":26575,"template":"","meta":{"_joinchat":[]},"product_brand":[],"product_cat":[93],"product_tag":[],"class_list":{"0":"post-20199","1":"product","2":"type-product","3":"status-publish","4":"has-post-thumbnail","6":"product_cat-utensilios-para-cozinha","8":"first","9":"instock","10":"shipping-taxable","11":"purchasable","12":"product-type-simple"},"_links":{"self":[{"href":"https:\/\/www.multicasa.com.br\/inicio\/wp-json\/wp\/v2\/product\/20199","targetHints":{"allow":["GET"]}}],"collection":[{"href":"https:\/\/www.multicasa.com.br\/inicio\/wp-json\/wp\/v2\/product"}],"about":[{"href":"https:\/\/www.multicasa.com.br\/inicio\/wp-json\/wp\/v2\/types\/product"}],"wp:featuredmedia":[{"embeddable":true,"href":"https:\/\/www.multicasa.com.br\/inicio\/wp-json\/wp\/v2\/media\/26575"}],"wp:attachment":[{"href":"https:\/\/www.multicasa.com.br\/inicio\/wp-json\/wp\/v2\/media?parent=20199"}],"wp:term":[{"taxonomy":"product_brand","embeddable":true,"href":"https:\/\/www.multicasa.com.br\/inicio\/wp-json\/wp\/v2\/product_brand?post=20199"},{"taxonomy":"product_cat","embeddable":true,"href":"https:\/\/www.multicasa.com.br\/inicio\/wp-json\/wp\/v2\/product_cat?post=20199"},{"taxonomy":"product_tag","embeddable":true,"href":"https:\/\/www.multicasa.com.br\/inicio\/wp-json\/wp\/v2\/product_tag?post=20199"}],"curies":[{"name":"wp","href":"https:\/\/api.w.org\/{rel}","templated":true}]}}