{"id":20222,"date":"2025-06-20T20:00:02","date_gmt":"2025-06-21T00:00:02","guid":{"rendered":"https:\/\/www.multicasa.com.br\/inicio\/?post_type=product&#038;p=20222"},"modified":"2026-01-23T17:01:22","modified_gmt":"2026-01-23T21:01:22","slug":"porta-azeite-vinagre-em-inox-uny-gift-300ml","status":"publish","type":"product","link":"https:\/\/www.multicasa.com.br\/inicio\/produto\/porta-azeite-vinagre-em-inox-uny-gift-300ml\/","title":{"rendered":"Porta Azeite\/Vinagre em Inox Uny Gift 300ml"},"content":{"rendered":"<p>Use o Porta Vinagre\/Azeite em Inox da Ke Home para evitar desperd\u00edcio na hora de temperar suas refei\u00e7\u00f5es. Ecologicamente correto e econ\u00f4mico, possui bico dosador com tampa que despeja a quantidade ideal sem excessos. Com capacidade de 300ml e feito de material altamente dur\u00e1vel, possui ponteira preta em pl\u00e1stico, altura de 24, 5 cm e pode ser usado para armazenar \u00f3leo, molho de soja, shoyu e outros que voc\u00ea desejar. D\u00e1 um toque de eleg\u00e2ncia na hora de servir.<\/p>\n","protected":false},"excerpt":{"rendered":"<h4 style=\"margin: 0px;padding: 0px 0px 16px;font-family: Lato, sans-serif;font-weight: bold;line-height: 3rem;color: var(--dark-grey3);font-size: 22px;font-style: normal;letter-spacing: normal;text-align: start;text-indent: 0px;text-transform: none\">Informa\u00e7\u00f5es t\u00e9cnicas<\/h4>\n<p><span style=\"margin: 0px;padding: 0px;font-weight: 450;font-size: 14px;line-height: 21px;color: var(--dark-grey2);font-family: Lato, sans-serif;font-style: normal;letter-spacing: normal;text-align: start;text-indent: 0px;text-transform: none\">Produto: Porta Azeite\/Vinagre<br \/>\nMarca: Uny Gift<br \/>\nMaterial: Vidro<br \/>\nInox<br \/>\nCor: prata, incolor<br \/>\nCapacidade: 300ml<br \/>\nItens Inclusos: 1 Porta azeite\/vinagre<br \/>\nDimens\u00f5es do produto (A x L x P): 24,5cm<\/span><\/p>\n","protected":false},"featured_media":20286,"template":"","meta":{"_joinchat":[]},"product_brand":[],"product_cat":[93],"product_tag":[],"class_list":{"0":"post-20222","1":"product","2":"type-product","3":"status-publish","4":"has-post-thumbnail","6":"product_cat-utensilios-para-cozinha","8":"first","9":"outofstock","10":"shipping-taxable","11":"purchasable","12":"product-type-simple"},"_links":{"self":[{"href":"https:\/\/www.multicasa.com.br\/inicio\/wp-json\/wp\/v2\/product\/20222","targetHints":{"allow":["GET"]}}],"collection":[{"href":"https:\/\/www.multicasa.com.br\/inicio\/wp-json\/wp\/v2\/product"}],"about":[{"href":"https:\/\/www.multicasa.com.br\/inicio\/wp-json\/wp\/v2\/types\/product"}],"wp:featuredmedia":[{"embeddable":true,"href":"https:\/\/www.multicasa.com.br\/inicio\/wp-json\/wp\/v2\/media\/20286"}],"wp:attachment":[{"href":"https:\/\/www.multicasa.com.br\/inicio\/wp-json\/wp\/v2\/media?parent=20222"}],"wp:term":[{"taxonomy":"product_brand","embeddable":true,"href":"https:\/\/www.multicasa.com.br\/inicio\/wp-json\/wp\/v2\/product_brand?post=20222"},{"taxonomy":"product_cat","embeddable":true,"href":"https:\/\/www.multicasa.com.br\/inicio\/wp-json\/wp\/v2\/product_cat?post=20222"},{"taxonomy":"product_tag","embeddable":true,"href":"https:\/\/www.multicasa.com.br\/inicio\/wp-json\/wp\/v2\/product_tag?post=20222"}],"curies":[{"name":"wp","href":"https:\/\/api.w.org\/{rel}","templated":true}]}}