{"id":20225,"date":"2025-06-20T20:00:03","date_gmt":"2025-06-21T00:00:03","guid":{"rendered":"https:\/\/www.multicasa.com.br\/inicio\/?post_type=product&#038;p=20225"},"modified":"2025-10-31T10:32:13","modified_gmt":"2025-10-31T14:32:13","slug":"mini-panela-para-micro-ondas-e-freezer-euro-home-125l","status":"publish","type":"product","link":"https:\/\/www.multicasa.com.br\/inicio\/produto\/mini-panela-para-micro-ondas-e-freezer-euro-home-125l\/","title":{"rendered":"Mini Panela para Micro-ondas e Freezer Euro Home 1,25L"},"content":{"rendered":"<p>A Mini Panela para Micro-ondas e Freezer da Euro Home veio para trazer praticidade e agilidade \u00e0 sua vida. Com ela voc\u00ea prepara com mais rapidez as suas principais receitas como sopas. Seu design moderno conta com travas especiais para fechamento da tampa, exclusivo bot\u00e3o para sa\u00edda de vapor e voc\u00ea ainda pode lev\u00e1-la ao freezer. Agora voc\u00ea pode preparar pratos saud\u00e1veis, direto no microondas.<\/p>\n","protected":false},"excerpt":{"rendered":"<h4 style=\"margin: 0px;padding: 0px 0px 16px;font-family: Lato, sans-serif;font-weight: bold;line-height: 3rem;color: var(--dark-grey3);font-size: 22px;font-style: normal;letter-spacing: normal;text-align: start;text-indent: 0px;text-transform: none\">Informa\u00e7\u00f5es t\u00e9cnicas<\/h4>\n<p><span style=\"margin: 0px;padding: 0px;font-weight: 450;font-size: 14px;line-height: 21px;color: var(--dark-grey2);font-family: Lato, sans-serif;font-style: normal;letter-spacing: normal;text-align: start;text-indent: 0px;text-transform: none\">Produto: Mini panela<br \/>\nMarca: Euro Home<br \/>\nMaterial: Polipropileno<br \/>\nUso indicado: Preparar alimentos no micro-ondas<br \/>\nCapacidade: 1,25L<br \/>\nCaracter\u00edsticas: travas especiais, bot\u00e3o de sa\u00edda de vapor, pode ir ao freezer<br \/>\nItens Inclusos: 1 mini panela<br \/>\nDimens\u00f5es do produto (A x L x P): 10 x 20,5 x 18,5cm                                                                                                         Peso: 0,127kg<\/span><\/p>\n","protected":false},"featured_media":20302,"template":"","meta":{"_joinchat":[]},"product_brand":[],"product_cat":[93],"product_tag":[],"class_list":{"0":"post-20225","1":"product","2":"type-product","3":"status-publish","4":"has-post-thumbnail","6":"product_cat-utensilios-para-cozinha","8":"first","9":"outofstock","10":"shipping-taxable","11":"purchasable","12":"product-type-simple"},"_links":{"self":[{"href":"https:\/\/www.multicasa.com.br\/inicio\/wp-json\/wp\/v2\/product\/20225","targetHints":{"allow":["GET"]}}],"collection":[{"href":"https:\/\/www.multicasa.com.br\/inicio\/wp-json\/wp\/v2\/product"}],"about":[{"href":"https:\/\/www.multicasa.com.br\/inicio\/wp-json\/wp\/v2\/types\/product"}],"wp:featuredmedia":[{"embeddable":true,"href":"https:\/\/www.multicasa.com.br\/inicio\/wp-json\/wp\/v2\/media\/20302"}],"wp:attachment":[{"href":"https:\/\/www.multicasa.com.br\/inicio\/wp-json\/wp\/v2\/media?parent=20225"}],"wp:term":[{"taxonomy":"product_brand","embeddable":true,"href":"https:\/\/www.multicasa.com.br\/inicio\/wp-json\/wp\/v2\/product_brand?post=20225"},{"taxonomy":"product_cat","embeddable":true,"href":"https:\/\/www.multicasa.com.br\/inicio\/wp-json\/wp\/v2\/product_cat?post=20225"},{"taxonomy":"product_tag","embeddable":true,"href":"https:\/\/www.multicasa.com.br\/inicio\/wp-json\/wp\/v2\/product_tag?post=20225"}],"curies":[{"name":"wp","href":"https:\/\/api.w.org\/{rel}","templated":true}]}}