{"id":20264,"date":"2025-06-20T20:00:50","date_gmt":"2025-06-21T00:00:50","guid":{"rendered":"https:\/\/www.multicasa.com.br\/inicio\/?post_type=product&#038;p=20264"},"modified":"2025-12-16T18:44:57","modified_gmt":"2025-12-16T22:44:57","slug":"luva-de-silicone-termica-vermelha-unyhome-265cm","status":"publish","type":"product","link":"https:\/\/www.multicasa.com.br\/inicio\/produto\/luva-de-silicone-termica-vermelha-unyhome-265cm\/","title":{"rendered":"Luva de Silicone T\u00e9rmica Vermelha Unyhome 26,5cm"},"content":{"rendered":"<p>Com a Luva de Silicone T\u00e9rmica 26,5cm Vermelha Unyhome voc\u00ea consegue preparar suas receitas de forma \u00e1gil, pr\u00e1tica e segura. Suportando temperaturas que podem variar entre -40\u00b0 at\u00e9 230\u00b0C, \u00e9 a luva perfeita para quem prepara bolos e doces ou usa o forno de maneira recorrente. Al\u00e9m disso, \u00e9 totalmente antiaderente para que voc\u00ea possa pendur\u00e1-las em gancho ou suportes de cozinha ap\u00f3s o uso.<\/p>\n","protected":false},"excerpt":{"rendered":"<h4 style=\"margin: 0px;padding: 0px 0px 16px;font-family: Lato, sans-serif;font-weight: bold;line-height: 3rem;color: var(--dark-grey3);font-size: 22px;font-style: normal;letter-spacing: normal;text-align: start;text-indent: 0px;text-transform: none\">Informa\u00e7\u00f5es t\u00e9cnicas<\/h4>\n<p><span style=\"margin: 0px;padding: 0px;font-weight: 450;font-size: 14px;line-height: 21px;color: var(--dark-grey2);font-family: Lato, sans-serif;font-style: normal;letter-spacing: normal;text-align: start;text-indent: 0px;text-transform: none\">Produto: Luva T\u00e9rmica<br \/>\nMarca:<br \/>\nMaterial:Silicone<br \/>\nCor: Cinza<br \/>\nCaracter\u00edsticas: Flex\u00edvel, Material em Silicone, Antiaderente, suporta altas temperaturas.<br \/>\nUso Indicado: Pode ser utilizado na sua cozinha, para retirar os alimentos do fogo com seguran\u00e7a.<br \/>\nItens Inclusos: 1 Luva T\u00e9rmica em Silicone 28cm<br \/>\nDimens\u00f5es do produto (A x L x P): 5 X 14 X 26cm<\/span><\/p>\n","protected":false},"featured_media":20314,"template":"","meta":{"_joinchat":[]},"product_brand":[],"product_cat":[93],"product_tag":[],"class_list":{"0":"post-20264","1":"product","2":"type-product","3":"status-publish","4":"has-post-thumbnail","6":"product_cat-utensilios-para-cozinha","8":"first","9":"outofstock","10":"shipping-taxable","11":"purchasable","12":"product-type-simple"},"_links":{"self":[{"href":"https:\/\/www.multicasa.com.br\/inicio\/wp-json\/wp\/v2\/product\/20264","targetHints":{"allow":["GET"]}}],"collection":[{"href":"https:\/\/www.multicasa.com.br\/inicio\/wp-json\/wp\/v2\/product"}],"about":[{"href":"https:\/\/www.multicasa.com.br\/inicio\/wp-json\/wp\/v2\/types\/product"}],"wp:featuredmedia":[{"embeddable":true,"href":"https:\/\/www.multicasa.com.br\/inicio\/wp-json\/wp\/v2\/media\/20314"}],"wp:attachment":[{"href":"https:\/\/www.multicasa.com.br\/inicio\/wp-json\/wp\/v2\/media?parent=20264"}],"wp:term":[{"taxonomy":"product_brand","embeddable":true,"href":"https:\/\/www.multicasa.com.br\/inicio\/wp-json\/wp\/v2\/product_brand?post=20264"},{"taxonomy":"product_cat","embeddable":true,"href":"https:\/\/www.multicasa.com.br\/inicio\/wp-json\/wp\/v2\/product_cat?post=20264"},{"taxonomy":"product_tag","embeddable":true,"href":"https:\/\/www.multicasa.com.br\/inicio\/wp-json\/wp\/v2\/product_tag?post=20264"}],"curies":[{"name":"wp","href":"https:\/\/api.w.org\/{rel}","templated":true}]}}