{"id":20345,"date":"2025-06-20T20:02:05","date_gmt":"2025-06-21T00:02:05","guid":{"rendered":"https:\/\/www.multicasa.com.br\/inicio\/?post_type=product&#038;p=20345"},"modified":"2026-01-28T14:18:33","modified_gmt":"2026-01-28T18:18:33","slug":"fita-adesiva-multi-uso-vedatudo-10cmx10m-dryko","status":"publish","type":"product","link":"https:\/\/www.multicasa.com.br\/inicio\/produto\/fita-adesiva-multi-uso-vedatudo-10cmx10m-dryko\/","title":{"rendered":"Fita Adesiva Multi Uso Vedatudo 10Cmx10M Dryko"},"content":{"rendered":"<p>Fita autoadesiva multiuso \u00e0 base de asfalto protegida com filme na cor terracota que permite sua exposi\u00e7\u00e3o a intemp\u00e9ries e aos raios solares, para solucionar problemas de gotejamento e veda\u00e7\u00f5es.<\/p>\n","protected":false},"excerpt":{"rendered":"<h4 style=\"margin: 0px;padding: 0px 0px 16px;font-family: Lato, sans-serif;font-weight: bold;line-height: 3rem;color: var(--dark-grey3);font-size: 22px;font-style: normal;letter-spacing: normal;text-align: start;text-indent: 0px;text-transform: none\">Informa\u00e7\u00f5es t\u00e9cnicas<\/h4>\n<p><span style=\"margin: 0px;padding: 0px;font-weight: 450;font-size: 14px;line-height: 21px;color: var(--dark-grey2);font-family: Lato, sans-serif;font-style: normal;letter-spacing: normal;text-align: start;text-indent: 0px;text-transform: none\">Produto: FITA ADES.MULT.VEDAC.10CMX10M DRYKO<br \/>\nMarca: Dryko<br \/>\nMaterial: Asfalto<br \/>\nCor: Preta<br \/>\nCaracter\u00edsticas(onde pode ser aplicado):<br \/>\n&#8211; Telhados;<br \/>\n&#8211; Rufos e chapas met\u00e1licas;<br \/>\n&#8211; Dutos de ventila\u00e7\u00e3o e ar condicionado;<br \/>\n&#8211; Sheds e c\u00fapulas,<br \/>\n&#8211; Veda\u00e7\u00f5es de domos e claraboia;<br \/>\n&#8211; Reparos r\u00e1pidos em ba\u00fas, toldos e similares;<br \/>\n&#8211; Sistema de reflex\u00e3o t\u00e9rmica.<br \/>\nDimens\u00e3o<br \/>\n10CM X 10M <\/span><\/p>\n","protected":false},"featured_media":25197,"template":"","meta":{"_joinchat":[]},"product_brand":[],"product_cat":[162],"product_tag":[],"class_list":{"0":"post-20345","1":"product","2":"type-product","3":"status-publish","4":"has-post-thumbnail","6":"product_cat-colas-e-cia","8":"first","9":"outofstock","10":"shipping-taxable","11":"product-type-simple"},"_links":{"self":[{"href":"https:\/\/www.multicasa.com.br\/inicio\/wp-json\/wp\/v2\/product\/20345","targetHints":{"allow":["GET"]}}],"collection":[{"href":"https:\/\/www.multicasa.com.br\/inicio\/wp-json\/wp\/v2\/product"}],"about":[{"href":"https:\/\/www.multicasa.com.br\/inicio\/wp-json\/wp\/v2\/types\/product"}],"wp:featuredmedia":[{"embeddable":true,"href":"https:\/\/www.multicasa.com.br\/inicio\/wp-json\/wp\/v2\/media\/25197"}],"wp:attachment":[{"href":"https:\/\/www.multicasa.com.br\/inicio\/wp-json\/wp\/v2\/media?parent=20345"}],"wp:term":[{"taxonomy":"product_brand","embeddable":true,"href":"https:\/\/www.multicasa.com.br\/inicio\/wp-json\/wp\/v2\/product_brand?post=20345"},{"taxonomy":"product_cat","embeddable":true,"href":"https:\/\/www.multicasa.com.br\/inicio\/wp-json\/wp\/v2\/product_cat?post=20345"},{"taxonomy":"product_tag","embeddable":true,"href":"https:\/\/www.multicasa.com.br\/inicio\/wp-json\/wp\/v2\/product_tag?post=20345"}],"curies":[{"name":"wp","href":"https:\/\/api.w.org\/{rel}","templated":true}]}}